000
CXUS53 KILX 010900
CF6BMI
PRELIMINARY LOCAL CLIMATOLOGICAL DATA (WS FORM: F-6)
STATION: BLOOMINGTON IL AIRPORT
MONTH: MAY
YEAR: 2022
LATITUDE: 40 28 N
LONGITUDE: 88 56 W
TEMPERATURE IN F: :PCPN: SNOW: WIND :SUNSHINE: SKY :PK WND
================================================================================
1 2 3 4 5 6A 6B 7 8 9 10 11 12 13 14 15 16 17 18
12Z AVG MX 2MIN
DY MAX MIN AVG DEP HDD CDD WTR SNW DPTH SPD SPD DIR MIN PSBL S-S WX SPD DR
================================================================================
1 55 47 51 M 14 0 0.00 M M 14.3 23 270 M M 9 32 250
2 61 42 52 M 13 0 0.05 M M 6.2 14 110 M M 5 22 110
3 61 45 53 M 12 0 0.85 M M 13.0 18 340 M M 10 1 24 80
4 55 44 50 M 15 0 0.00 M M 8.1 14 10 M M 8 M M
5 54 47 51 M 14 0 0.60 M M 11.3 15 30 M M 9 1 M M
6 53 49 51 M 14 0 0.07 M M 16.2 28 30 M M 10 1 33 20
7 68 44 56 M 9 0 T M M 11.6 16 70 M M 1 24 70
8 69 46 58 M 7 0 0.00 M M 15.0 23 140 M M 1 32 130
9 80 59 70 M 0 5 0.00 M M 21.7 36 180 M M 4 45 170
10 88 66 77 M 0 12 0.00 M M 11.9 17 190 M M 2 23 170
11 92 69 81 M 0 16 0.00 M M 6.9 15 160 M M 2 1 M M
12 90 70 80 M 0 15 0.00 M M 10.4 16 160 M M 2 21 170
13 88 63 76 M 0 11 0.00 M M 8.1 14 320 M M 1 M M
14 87 65 76 M 0 11 T M M 7.1 14 320 M M 1 8 21 320
15 81 53 67 M 0 2 0.10 M M 10.8 23 340 M M 2 32 350
16 78 52 65 M 0 0 0.00 M M 13.2 21 300 M M 1 33 290
17 83 57 70 M 0 5 T M M 8.8 16 70 M M 1 8 23 70
18 74 59 67 M 0 2 0.05 M M 8.3 16 190 M M 7 13 22 190
19 85 55 70 M 0 5 0.00 M M 11.8 24 210 M M 1 12 33 160
20 85 61 73 M 0 8 T M M 17.8 33 210 M M 5 43 200
21 61 54 58 M 7 0 0.69 M M 10.4 20 340 M M 9 13 37 340
22 61 49 55 M 10 0 0.00 M M 10.6 18 350 M M 1 M M
23 68 43 56 M 9 0 0.00 M M 10.6 18 40 M M 2 24 40
24 74 49 62 M 3 0 0.00 M M 13.9 24 90 M M 5 28 90
25 81 62 72 M 0 7 0.17 M M 16.4 24 180 M M 8 1 40 200
26 76 56 66 M 0 1 0.09 M M 11.9 21 140 M M 7 27 130
27 63 52 58 M 7 0 0.34 M M 9.7 16 350 M M 9 1 22 340
28 74 48 61 M 4 0 0.00 M M 8.8 16 170 M M 0 12 21 160
29 85 60 73 M 0 8 0.00 M M 19.7 28 160 M M 0 36 160
30 87 67 77 M 0 12 0.00 M M 19.0 27 170 M M 0 38 170
31 86 69 78 M 0 13 0.00 M M 12.7 23 220 M M 4 31 210
================================================================================
SM 2303 1702 138 133 3.01 M 376.2 M 127
================================================================================
AV 74.3 54.9 12.1 FASTST M M 4 MAX(MPH)
MISC ----> 36 180 45 170
================================================================================
NOTES:
# LAST OF SEVERAL OCCURRENCES
COLUMN 17 PEAK WIND IN M.P.H.
PRELIMINARY LOCAL CLIMATOLOGICAL DATA (WS FORM: F-6) , PAGE 2
STATION: BLOOMINGTON IL AIRPORT
MONTH: MAY
YEAR: 2022
LATITUDE: 40 28 N
LONGITUDE: 88 56 W
[TEMPERATURE DATA] [PRECIPITATION DATA] SYMBOLS USED IN COLUMN 16
AVERAGE MONTHLY: 64.6 TOTAL FOR MONTH: 3.01 1 = FOG OR MIST
DPTR FM NORMAL: 0.0 DPTR FM NORMAL: M 2 = FOG REDUCING VISIBILITY
HIGHEST: 92 ON 11 GRTST 24HR 0.85 ON 3- 3 TO 1/4 MILE OR LESS
LOWEST: 42 ON 2 3 = THUNDER
SNOW, ICE PELLETS, HAIL 4 = ICE PELLETS
TOTAL MONTH: M 5 = HAIL
GRTST 24HR M ON M 6 = FREEZING RAIN OR DRIZZLE
GRTST DEPTH: M ON M 7 = DUSTSTORM OR SANDSTORM:
VSBY 1/2 MILE OR LESS
8 = SMOKE OR HAZE
[NO. OF DAYS WITH] [WEATHER - DAYS WITH] 9 = BLOWING SNOW
X = TORNADO
MAX 32 OR BELOW: 0 0.01 INCH OR MORE: 10
MAX 90 OR ABOVE: 2 0.10 INCH OR MORE: 6
MIN 32 OR BELOW: 0 0.50 INCH OR MORE: 3
MIN 0 OR BELOW: 0 1.00 INCH OR MORE: 0
[HDD (BASE 65) ]
TOTAL THIS MO. 138 CLEAR (SCALE 0-3) 16
DPTR FM NORMAL M PTCLDY (SCALE 4-7) 8
TOTAL FM JUL 1 5523 CLOUDY (SCALE 8-10) 7
DPTR FM NORMAL M
[CDD (BASE 65) ]
TOTAL THIS MO. 133
DPTR FM NORMAL M [PRESSURE DATA]
TOTAL FM JAN 1 141 HIGHEST SLP M ON M
DPTR FM NORMAL M LOWEST SLP M ON M
[REMARKS]
#FINAL-05-22#