000
CXUS53 KILX 010900
CF6BMI
PRELIMINARY LOCAL CLIMATOLOGICAL DATA (WS FORM: F-6)
STATION: BLOOMINGTON IL AIRPORT
MONTH: OCTOBER
YEAR: 2021
LATITUDE: 40 28 N
LONGITUDE: 88 56 W
TEMPERATURE IN F: :PCPN: SNOW: WIND :SUNSHINE: SKY :PK WND
================================================================================
1 2 3 4 5 6A 6B 7 8 9 10 11 12 13 14 15 16 17 18
12Z AVG MX 2MIN
DY MAX MIN AVG DEP HDD CDD WTR SNW DPTH SPD SPD DIR MIN PSBL S-S WX SPD DR
================================================================================
1 86 63 75 M 0 10 T M M 7.1 14 150 M M 2 20 180
2 75 64 70 M 0 5 0.34 M M 7.7 13 190 M M 9 18 M M
3 76 65 71 M 0 6 0.16 M M 7.5 14 300 M M 8 123 M M
4 71 60 66 M 0 1 0.02 M M 8.0 12 340 M M 8 M M
5 70 61 66 M 0 1 0.02 M M 10.6 16 40 M M 8 18 M M
6 70 61 66 M 0 1 0.05 M M 9.1 14 90 M M 8 18 M M
7 74 60 67 M 0 2 0.13 M M 4.8 9 120 M M 7 1 M M
8 77 58 68 M 0 3 0.00 M M 3.9 9 270 M M 5 128 M M
9 83 60 72 M 0 7 0.00 M M 9.8 17 170 M M 0 23 160
10 85 67 76 M 0 11 0.00 M M 13.9 21 180 M M 0 24 200
11 73 60 67 M 0 2 0.69 M M 14.8 24 250 M M 6 13 53 220
12 73 53 63 M 2 0 0.01 M M 10.2 18 250 M M 5 1 25 220
13 71 52 62 M 3 0 0.36 M M 11.9 23 150 M M 5 13 30 160
14 71 58 65 M 0 0 0.29 M M 5.0 17 210 M M 8 1 25 210
15 61 48 55 M 10 0 0.08 M M 8.3 16 10 M M 9 M M
16 59 41 50 M 15 0 0.00 M M 12.0 20 300 M M 0 31 300
17 67 43 55 M 10 0 0.00 M M 8.9 15 280 M M 0 18 280
18 73 45 59 M 6 0 0.00 M M 6.8 10 220 M M 0 M M
19 68 45 57 M 8 0 0.00 M M 9.7 16 210 M M 0 M M
20 76 49 63 M 2 0 T M M 11.2 18 200 M M 3 24 200
21 63 49 56 M 9 0 T M M 13.5 20 270 M M 9 1 31 260
22 56 47 52 M 13 0 0.02 M M 7.3 10 50 M M 9 1 M M
23 54 39 47 M 18 0 0.00 M M 4.8 9 30 M M 8 8 M M
24 58 46 52 M 13 0 2.85 M M 12.7 38 300 M M 10 138 58 310
25 55 40 48 M 17 0 0.13 M M 15.1 29 360 M M 7 1 39 350
26 57 36 47 M 18 0 0.00 M M 6.0 9 70 M M 1 M M
27 59 38 49 M 16 0 0.00 M M 10.8 16 100 M M 0 M M
28 52 45 49 M 16 0 0.54 M M 10.7 17 80 M M 9 1 22 80
29 53 50 52 M 13 0 0.47 M M 15.1 24 340 M M 10 1 32 350
30 57 45 51 M 14 0 T M M 13.7 22 340 M M 7 1 28 340
31 54 37 46 M 19 0 0.00 M M 11.7 22 300 M M 2 30 310
================================================================================
SM 2077 1585 222 49 6.16 M 302.6 M 163
================================================================================
AV 67.0 51.1 9.8 FASTST M M 5 MAX(MPH)
MISC ----> 38 300 58 310
================================================================================
NOTES:
# LAST OF SEVERAL OCCURRENCES
COLUMN 17 PEAK WIND IN M.P.H.
PRELIMINARY LOCAL CLIMATOLOGICAL DATA (WS FORM: F-6) , PAGE 2
STATION: BLOOMINGTON IL AIRPORT
MONTH: OCTOBER
YEAR: 2021
LATITUDE: 40 28 N
LONGITUDE: 88 56 W
[TEMPERATURE DATA] [PRECIPITATION DATA] SYMBOLS USED IN COLUMN 16
AVERAGE MONTHLY: 59.1 TOTAL FOR MONTH: 6.16 1 = FOG OR MIST
DPTR FM NORMAL: 0.0 DPTR FM NORMAL: M 2 = FOG REDUCING VISIBILITY
HIGHEST: 86 ON 1 GRTST 24HR 2.85 ON 24-24 TO 1/4 MILE OR LESS
LOWEST: 36 ON 26 3 = THUNDER
SNOW, ICE PELLETS, HAIL 4 = ICE PELLETS
TOTAL MONTH: M 5 = HAIL
GRTST 24HR M ON M 6 = FREEZING RAIN OR DRIZZLE
GRTST DEPTH: M ON M 7 = DUSTSTORM OR SANDSTORM:
VSBY 1/2 MILE OR LESS
8 = SMOKE OR HAZE
[NO. OF DAYS WITH] [WEATHER - DAYS WITH] 9 = BLOWING SNOW
X = TORNADO
MAX 32 OR BELOW: 0 0.01 INCH OR MORE: 16
MAX 90 OR ABOVE: 0 0.10 INCH OR MORE: 10
MIN 32 OR BELOW: 0 0.50 INCH OR MORE: 3
MIN 0 OR BELOW: 0 1.00 INCH OR MORE: 1
[HDD (BASE 65) ]
TOTAL THIS MO. 222 CLEAR (SCALE 0-3) 11
DPTR FM NORMAL M PTCLDY (SCALE 4-7) 12
TOTAL FM JUL 1 243 CLOUDY (SCALE 8-10) 8
DPTR FM NORMAL M
[CDD (BASE 65) ]
TOTAL THIS MO. 49
DPTR FM NORMAL M [PRESSURE DATA]
TOTAL FM JAN 1 1194 HIGHEST SLP M ON M
DPTR FM NORMAL M LOWEST SLP M ON M
[REMARKS]
#FINAL-10-21#