000
CXUS54 KEWX 011010
CF6BMQ
PRELIMINARY LOCAL CLIMATOLOGICAL DATA (WS FORM: F-6)
STATION: BURNET
MONTH: SEPTEMBER
YEAR: 2021
LATITUDE: 30 43 N
LONGITUDE: 98 14 W
TEMPERATURE IN F: :PCPN: SNOW: WIND :SUNSHINE: SKY :PK WND
================================================================================
1 2 3 4 5 6A 6B 7 8 9 10 11 12 13 14 15 16 17 18
12Z AVG MX 2MIN
DY MAX MIN AVG DEP HDD CDD WTR SNW DPTH SPD SPD DIR MIN PSBL S-S WX SPD DR
================================================================================
1 95 76 86 4 0 21 0.00 M M 6.7 14 190 M M 1 18 20 150
2 94 76 85 3 0 20 0.00 M M 6.2 14 140 M M 2 21 150
3 95 75 85 3 0 20 0.00 M M 7.1 14 150 M M 3 23 140
4 97 74 86 5 0 21 0.00 M M 6.4 14 190 M M 1 21 210
5 100 73 87 6 0 22 T M M 5.4 18 70 M M 0 3 28 80
6 94 74 84 3 0 19 0.03 M M 3.5 28 340 M M 2 3 41 340
7 92 73 83 2 0 18 0.00 M M 3.2 9 90 M M 1 13 120
8 98 69 84 4 0 19 0.00 M M 3.9 15 70 M M 0 22 40
9 93 71 82 2 0 17 0.00 M M 6.5 14 80 M M 0 21 70
10 91 65 78 -2 0 13 0.00 M M 3.6 14 90 M M 0 22 110
11 89 65 77 -3 0 12 0.00 M M 3.4 13 80 M M 0 19 70
12 90 65 78 -1 0 13 0.00 M M 4.6 13 100 M M 1 18 190
13 87 72 80 1 0 15 T M M 7.2 17 110 M M 6 27 100
14 87 69 78 -1 0 13 0.00 M M 7.7 17 30 M M 6 25 50
15 90 71 81 2 0 16 0.00 M M 7.9 16 20 M M 5 23 360
16 92 69 81 3 0 16 0.00 M M 5.4 13 70 M M 1 8 19 70
17 97 69 83 5 0 18 0.00 M M 3.2 12 100 M M 0 17 110
18 96 70 83 5 0 18 0.00 M M 3.7 14 30 M M 1 22 10
19 97 70 84 6 0 19 0.00 M M 1.7 8 80 M M 1 13 350
20 98 73 86 9 0 21 0.00 M M 6.7 17 180 M M 0 28 180
21 94 74 84 7 0 19 0.00 M M 9.2 20 340 M M 1 1 29 350
22 84 62 73 -4 0 8 0.00 M M 8.0 18 50 M M 0 25 30
23 87 52 70 -6 0 5 0.00 M M 2.5 9 70 M M 0 13 90
24 86 58 72 -4 0 7 0.00 M M 3.0 12 190 M M 0 20 190
25 88 59 74 -2 0 9 0.00 M M 2.6 12 140 M M 0 17 70
26 88 58 73 -3 0 8 0.00 M M 3.8 12 130 M M 0 21 170
27 91 64 78 3 0 13 0.00 M M 4.6 13 220 M M 1 20 220
28 92 67 80 5 0 15 1.56 M M 7.8 22 20 M M 4 138 34 10
29 89 66 78 3 0 13 0.12 M M 7.0 16 100 M M 3 13 24 160
30 89 68 79 5 0 14 0.08 M M 6.8 17 50 M M 6 13 27 30
================================================================================
SM 2760 2047 0 462 1.79 M 159.3 M 46
================================================================================
AV 92.0 68.2 5.3 FASTST M M 2 MAX(MPH)
MISC ----> 28 340 41 340
================================================================================
NOTES:
# LAST OF SEVERAL OCCURRENCES
COLUMN 17 PEAK WIND IN M.P.H.
PRELIMINARY LOCAL CLIMATOLOGICAL DATA (WS FORM: F-6) , PAGE 2
STATION: BURNET
MONTH: SEPTEMBER
YEAR: 2021
LATITUDE: 30 43 N
LONGITUDE: 98 14 W
[TEMPERATURE DATA] [PRECIPITATION DATA] SYMBOLS USED IN COLUMN 16
AVERAGE MONTHLY: 80.1 TOTAL FOR MONTH: 1.79 1 = FOG OR MIST
DPTR FM NORMAL: 1.7 DPTR FM NORMAL: -1.10 2 = FOG REDUCING VISIBILITY
HIGHEST: 100 ON 5 GRTST 24HR 1.68 ON 28-29 TO 1/4 MILE OR LESS
LOWEST: 52 ON 23 3 = THUNDER
SNOW, ICE PELLETS, HAIL 4 = ICE PELLETS
TOTAL MONTH: M 5 = HAIL
GRTST 24HR M ON M 6 = FREEZING RAIN OR DRIZZLE
GRTST DEPTH: M ON M 7 = DUSTSTORM OR SANDSTORM:
VSBY 1/2 MILE OR LESS
8 = SMOKE OR HAZE
[NO. OF DAYS WITH] [WEATHER - DAYS WITH] 9 = BLOWING SNOW
X = TORNADO
MAX 32 OR BELOW: 0 0.01 INCH OR MORE: 4
MAX 90 OR ABOVE: 20 0.10 INCH OR MORE: 2
MIN 32 OR BELOW: 0 0.50 INCH OR MORE: 1
MIN 0 OR BELOW: 0 1.00 INCH OR MORE: 1
[HDD (BASE 65) ]
TOTAL THIS MO. 0 CLEAR (SCALE 0-3) 25
DPTR FM NORMAL -2 PTCLDY (SCALE 4-7) 5
TOTAL FM JUL 1 0 CLOUDY (SCALE 8-10) 0
DPTR FM NORMAL 0
[CDD (BASE 65) ]
TOTAL THIS MO. 462
DPTR FM NORMAL 58 [PRESSURE DATA]
TOTAL FM JAN 1 2388 HIGHEST SLP 30.34 ON 22
DPTR FM NORMAL -185 LOWEST SLP 29.72 ON 28
[REMARKS]
#FINAL-09-21#