263
CXUS54 KEWX 011010
CF6BMQ
PRELIMINARY LOCAL CLIMATOLOGICAL DATA (WS FORM: F-6)
STATION: BURNET
MONTH: MARCH
YEAR: 2021
LATITUDE: 30 43 N
LONGITUDE: 98 14 W
TEMPERATURE IN F: :PCPN: SNOW: WIND :SUNSHINE: SKY :PK WND
================================================================================
1 2 3 4 5 6A 6B 7 8 9 10 11 12 13 14 15 16 17 18
12Z AVG MX 2MIN
DY MAX MIN AVG DEP HDD CDD WTR SNW DPTH SPD SPD DIR MIN PSBL S-S WX SPD DR
================================================================================
1 54 44 49 -6 16 0 0.05 M M 10.5 24 30 M M 10 1 38 10
2 64 38 51 -4 14 0 0.00 M M 4.0 13 50 M M 1 18 20
3 72 36 54 -2 11 0 0.00 M M 3.5 14 190 M M 0 21 170
4 75 48 62 6 3 0 0.00 M M 8.3 21 140 M M 2 30 120
5 75 53 64 8 1 0 0.00 M M 11.3 24 320 M M 3 36 320
6 65 49 57 1 8 0 0.00 M M 7.6 17 10 M M 3 26 10
7 67 41 54 -2 11 0 0.00 M M 4.5 14 100 M M 0 21 90
8 67 46 57 0 8 0 0.00 M M 5.3 14 190 M M 3 22 140
9 73 51 62 5 3 0 0.00 M M 10.2 21 190 M M 7 35 170
10 77 61 69 12 0 4 0.00 M M 14.4 24 190 M M 6 40 170
11 78 66 72 14 0 7 0.00 M M 12.6 24 190 M M 5 35 180
12 79 66 73 15 0 8 T M M 9.6 22 180 M M 4 1 34 180
13 73 65 69 11 0 4 0.05 M M 12.7 23 170 M M 10 1 48 170
14 75 50 63 5 2 0 0.05 M M 7.9 24 280 M M 5 1 30 280
15 84 41 63 4 2 0 0.00 M M 4.4 16 230 M M 0 24 240
16 82 60 71 12 0 6 0.00 M M 8.0 17 130 M M 5 18 30 140
17 70 50 60 1 5 0 0.11 M M 16.8 32 290 M M 5 138 53 290
18 71 41 56 -3 9 0 0.00 M M 10.2 22 330 M M 0 32 340
19 68 41 55 -5 10 0 0.00 M M 7.7 16 40 M M 0 25 50
20 71 39 55 -5 10 0 0.00 M M 3.9 12 220 M M 0 8 20 200
21 71 48 60 0 5 0 0.00 M M 9.1 18 140 M M 3 27 150
22 67 55 61 1 4 0 0.55 M M 9.4 23 290 M M 8 138 36 170
23 76 48 62 1 3 0 0.00 M M 3.9 12 230 M M 1 18 16 290
24 75 50 63 2 2 0 T M M 7.5 17 120 M M 5 1 25 120
25 71 50 61 0 4 0 0.63 M M 8.1 28 310 M M 4 13 37 310
26 82 48 65 4 0 0 0.00 M M 6.2 17 180 M M 0 28 170
27 81 63 72 10 0 7 0.00 M M 5.6 17 10 M M 7 1 27 30
28 74 51 63 1 2 0 0.00 M M 12.6 23 30 M M 1 38 20
29 76 42 59 -3 6 0 M M M 7.0 15 180 M M 1 24 180
30 79 60 70 8 0 5 0.00 M M 9.3 23 190 M M 7 32 210
31 70 50 60 -2 5 0 T M M 11.5 22 20 M M 5 1 35 20
================================================================================
SM 2262 1551 144 41 1.44 M 263.6 M 111
================================================================================
AV 73.0 50.0 8.5 FASTST M M 4 MAX(MPH)
MISC ----> 32 290 53 290
================================================================================
NOTES:
# LAST OF SEVERAL OCCURRENCES
COLUMN 17 PEAK WIND IN M.P.H.
PRELIMINARY LOCAL CLIMATOLOGICAL DATA (WS FORM: F-6) , PAGE 2
STATION: BURNET
MONTH: MARCH
YEAR: 2021
LATITUDE: 30 43 N
LONGITUDE: 98 14 W
[TEMPERATURE DATA] [PRECIPITATION DATA] SYMBOLS USED IN COLUMN 16
AVERAGE MONTHLY: 61.5 TOTAL FOR MONTH: 1.44 1 = FOG OR MIST
DPTR FM NORMAL: 2.7 DPTR FM NORMAL: -1.54 2 = FOG REDUCING VISIBILITY
HIGHEST: 84 ON 15 GRTST 24HR 0.63 ON 24-25 TO 1/4 MILE OR LESS
LOWEST: 36 ON 3 3 = THUNDER
SNOW, ICE PELLETS, HAIL 4 = ICE PELLETS
TOTAL MONTH: M 5 = HAIL
GRTST 24HR M ON M 6 = FREEZING RAIN OR DRIZZLE
GRTST DEPTH: M ON M 7 = DUSTSTORM OR SANDSTORM:
VSBY 1/2 MILE OR LESS
8 = SMOKE OR HAZE
[NO. OF DAYS WITH] [WEATHER - DAYS WITH] 9 = BLOWING SNOW
X = TORNADO
MAX 32 OR BELOW: 0 0.01 INCH OR MORE: 6
MAX 90 OR ABOVE: 0 0.10 INCH OR MORE: 3
MIN 32 OR BELOW: 0 0.50 INCH OR MORE: 2
MIN 0 OR BELOW: 0 1.00 INCH OR MORE: 0
[HDD (BASE 65) ]
TOTAL THIS MO. 144 CLEAR (SCALE 0-3) 14
DPTR FM NORMAL -78 PTCLDY (SCALE 4-7) 15
TOTAL FM JUL 1 1725 CLOUDY (SCALE 8-10) 2
DPTR FM NORMAL -220
[CDD (BASE 65) ]
TOTAL THIS MO. 41
DPTR FM NORMAL 11 [PRESSURE DATA]
TOTAL FM JAN 1 46 HIGHEST SLP 30.45 ON 31
DPTR FM NORMAL 6 LOWEST SLP 29.58 ON 24
[REMARKS]
#FINAL-03-21#