000
CXUS54 KLCH 190830
CF6BPT
PRELIMINARY LOCAL CLIMATOLOGICAL DATA (WS FORM: F-6)
STATION: BEAUMONT PORT ARTHUR
MONTH: APRIL
YEAR: 2024
LATITUDE: 29 57 N
LONGITUDE: 94 1 W
TEMPERATURE IN F: :PCPN: SNOW: WIND :SUNSHINE: SKY :PK WND
================================================================================
1 2 3 4 5 6A 6B 7 8 9 10 11 12 13 14 15 16 17 18
12Z AVG MX 2MIN
DY MAX MIN AVG DEP HDD CDD WTR SNW DPTH SPD SPD DIR MIN PSBL S-S WX SPD DR
================================================================================
1 77 71 74 8 0 9 0.00 0.0 M 14.4 21 150 M M 10 18 29 170
2 84 60 72 5 0 7 0.08 0.0 M 9.7 28 320 M M 5 1 38 320
3 76 49 63 -4 2 0 0.00 0.0 M 9.5 20 280 M M 0 29 320
4 81 46 64 -3 1 0 0.00 0.0 M 5.4 13 190 M M 0 18 250
5 85 52 69 2 0 4 0.00 0.0 M 6.4 15 190 M M 1 12 22 180
6 78 58 68 1 0 3 0.00 0.0 M 12.3 24 150 M M 4 12 34 140
7 81 69 75 7 0 10 0.00 0.0 M 10.5 18 160 M M 7 23 170
8 80 73 77 9 0 12 0.17 0.0 M 14.5 25 140 M M 10 13 33 140
9 79 72 76 8 0 11 0.01 0.0 M 18.7 39 150 M M 7 138 55 170
10 78 61 70 2 0 5 1.44 0.0 M 13.1 30 340 M M 6 13 46 280
11 81 55 68 0 0 3 0.00 0.0 M 11.8 23 310 M M 1 34 300
12 81 48 65 -3 0 0 0.00 0.0 M 4.3 13 180 M M 0 16 170
13 81 51 66 -3 0 1 0.00 0.0 M 9.2 17 160 M M 0 24 170
14 81 64 73 4 0 8 0.00 0.0 M 11.2 20 160 M M 5 27 190
15 79 66 73 4 0 8 0.00 0.0 M 11.6 22 160 M M 9 30 140
16 82 72 77 8 0 12 0.00 0.0 M 16.4 30 140 M M 8 42 130
17 80 72 76 6 0 11 0.00 0.0 M 10.6 18 150 M M 8 1 25 150
18 83 73 78 8 0 13 T 0.0 M 12.1 22 150 M M 7 1 29 150
================================================================================
SM 1447 1112 3 117 1.70 0.0 201.7 M 88
================================================================================
AV 80.4 61.8 11.2 FASTST M M 5 MAX(MPH)
MISC ----> 39 150 55 170
================================================================================
NOTES:
# LAST OF SEVERAL OCCURRENCES
COLUMN 17 PEAK WIND IN M.P.H.
PRELIMINARY LOCAL CLIMATOLOGICAL DATA (WS FORM: F-6) , PAGE 2
STATION: BEAUMONT PORT ARTHUR
MONTH: APRIL
YEAR: 2024
LATITUDE: 29 57 N
LONGITUDE: 94 1 W
[TEMPERATURE DATA] [PRECIPITATION DATA] SYMBOLS USED IN COLUMN 16
AVERAGE MONTHLY: 71.1 TOTAL FOR MONTH: 1.70 1 = FOG OR MIST
DPTR FM NORMAL: 3.0 DPTR FM NORMAL: -0.63 2 = FOG REDUCING VISIBILITY
HIGHEST: 85 ON 5 GRTST 24HR 1.45 ON 9-10 TO 1/4 MILE OR LESS
LOWEST: 46 ON 4 3 = THUNDER
SNOW, ICE PELLETS, HAIL 4 = ICE PELLETS
TOTAL MONTH: 0.0 INCH 5 = HAIL
GRTST 24HR 0.0 6 = FREEZING RAIN OR DRIZZLE
GRTST DEPTH: M ON M 7 = DUSTSTORM OR SANDSTORM:
VSBY 1/2 MILE OR LESS
8 = SMOKE OR HAZE
[NO. OF DAYS WITH] [WEATHER - DAYS WITH] 9 = BLOWING SNOW
X = TORNADO
MAX 32 OR BELOW: 0 0.01 INCH OR MORE: 4
MAX 90 OR ABOVE: 0 0.10 INCH OR MORE: 2
MIN 32 OR BELOW: 0 0.50 INCH OR MORE: 1
MIN 0 OR BELOW: 0 1.00 INCH OR MORE: 1
[HDD (BASE 65) ]
TOTAL THIS MO. 3 CLEAR (SCALE 0-3) 6
DPTR FM NORMAL -25 PTCLDY (SCALE 4-7) 8
TOTAL FM JUL 1 1053 CLOUDY (SCALE 8-10) 4
DPTR FM NORMAL -203
[CDD (BASE 65) ]
TOTAL THIS MO. 117
DPTR FM NORMAL 35 [PRESSURE DATA]
TOTAL FM JAN 1 245 HIGHEST SLP M ON M
DPTR FM NORMAL 50 LOWEST SLP 29.55 ON 10
[REMARKS]