000
CXUS54 KLCH 031646
CF6BPT
PRELIMINARY LOCAL CLIMATOLOGICAL DATA (WS FORM: F-6)
STATION: BEAUMONT PORT ARTHUR
MONTH: JANUARY
YEAR: 2021
LATITUDE: 29 57 N
LONGITUDE: 94 1 W
TEMPERATURE IN F: :PCPN: SNOW: WIND :SUNSHINE: SKY :PK WND
================================================================================
1 2 3 4 5 6A 6B 7 8 9 10 11 12 13 14 15 16 17 18
12Z AVG MX 2MIN
DY MAX MIN AVG DEP HDD CDD WTR SNW DPTH SPD SPD DIR MIN PSBL S-S WX SPD DR
================================================================================
1 54 39 47 -5 18 0 0.00 0.0 M 9.5 20 230 M M 2 27 230
2 56 38 47 -5 18 0 0.00 0.0 M 5.3 17 330 M M 4 18 21 330
3 65 34 50 -2 15 0 0.00 0.0 M 6.4 16 180 M M 0 1 22 180
4 75 47 61 9 4 0 0.00 0.0 M 5.5 17 240 M M 0 12 22 250
5 68 45 57 5 8 0 0.00 0.0 M 6.4 14 100 M M 0 12 18 100
6 66 50 58 6 7 0 1.28 0.0 M 13.4 25 250 M M 9 13 35 130
7 54 45 50 -2 15 0 0.00 0.0 M 12.2 21 320 M M 6 27 320
8 53 40 47 -5 18 0 0.00 0.0 M 11.0 21 350 M M 5 25 350
9 54 34 44 -8 21 0 0.00 0.0 M 5.8 16 50 M M 0 20 40
10 44 36 40 -12 25 0 0.81 0.0 M 14.2 24 20 M M 9 14 35 10
11 45 32 39 -13 26 0 0.04 0.0 M 13.0 20 350 M M 8 1 28 350
12 53 28 41 -11 24 0 0.00 0.0 M 3.9 9 350 M M 3 18 12 340
13 58 34 46 -6 19 0 0.00 0.0 M 5.5 13 230 M M 2 1 18 220
14 70 35 53 1 12 0 0.00 0.0 M 10.3 24 210 M M 0 1 34 220
15 60 36 48 -4 17 0 0.00 0.0 M 10.9 24 330 M M 0 35 320
16 59 33 46 -6 19 0 0.00 0.0 M 6.9 17 320 M M 0 22 290
17 67 34 51 -1 14 0 0.00 0.0 M 3.8 13 300 M M 0 18 250
18 65 36 51 -1 14 0 0.00 0.0 M 10.4 21 120 M M 4 25 130
19 74 54 64 11 1 0 0.00 0.0 M 10.8 24 140 M M 5 1 31 150
20 65 57 61 8 4 0 0.00 0.0 M 8.6 15 50 M M 9 18 19 60
21 72 59 66 13 0 1 0.12 0.0 M 8.7 16 210 M M 9 1 24 230
22 68 62 65 12 0 0 0.04 0.0 M 4.9 10 70 M M 10 1 13 120
23 63 56 60 7 5 0 T 0.0 M 10.0 15 100 M M 10 1 20 70
24 75 60 68 15 0 3 0.04 0.0 M 12.1 21 160 M M 9 12 30 170
25 74 58 66 13 0 1 0.03 0.0 M 10.5 22 160 M M 9 1 30 160
26 77 57 67 14 0 2 0.00 0.0 M 5.9 15 100 M M 9 20 100
27 69 48 59 6 6 0 0.00 0.0 M 14.5 26 340 M M 2 37 340
28 60 39 50 -3 15 0 0.00 0.0 M 8.5 17 40 M M 0 24 10
29 62 39 51 -2 14 0 0.00 0.0 M 7.7 15 120 M M 2 21 120
30 70 53 62 8 3 0 0.00 0.0 M 12.3 28 170 M M 8 35 180
31 66 49 58 4 7 0 0.00 0.0 M 13.0 23 310 M M 2 1 30 330
================================================================================
SM 1961 1367 349 7 2.36 0.0 281.9 M 136
================================================================================
AV 63.3 44.1 9.1 FASTST M M 4 MAX(MPH)
MISC ----> 28 170 37 340
================================================================================
NOTES:
# LAST OF SEVERAL OCCURRENCES
COLUMN 17 PEAK WIND IN M.P.H.
PRELIMINARY LOCAL CLIMATOLOGICAL DATA (WS FORM: F-6) , PAGE 2
STATION: BEAUMONT PORT ARTHUR
MONTH: JANUARY
YEAR: 2021
LATITUDE: 29 57 N
LONGITUDE: 94 1 W
[TEMPERATURE DATA] [PRECIPITATION DATA] SYMBOLS USED IN COLUMN 16
AVERAGE MONTHLY: 53.7 TOTAL FOR MONTH: 2.36 1 = FOG OR MIST
DPTR FM NORMAL: 1.0 DPTR FM NORMAL: -2.90 2 = FOG REDUCING VISIBILITY
HIGHEST: 77 ON 26 GRTST 24HR 1.28 ON 6- 6 TO 1/4 MILE OR LESS
LOWEST: 28 ON 12 3 = THUNDER
SNOW, ICE PELLETS, HAIL 4 = ICE PELLETS
TOTAL MONTH: 0.0 INCH 5 = HAIL
GRTST 24HR 0.0 6 = FREEZING RAIN OR DRIZZLE
GRTST DEPTH: M ON M 7 = DUSTSTORM OR SANDSTORM:
VSBY 1/2 MILE OR LESS
8 = SMOKE OR HAZE
[NO. OF DAYS WITH] [WEATHER - DAYS WITH] 9 = BLOWING SNOW
X = TORNADO
MAX 32 OR BELOW: 0 0.01 INCH OR MORE: 7
MAX 90 OR ABOVE: 0 0.10 INCH OR MORE: 3
MIN 32 OR BELOW: 2 0.50 INCH OR MORE: 2
MIN 0 OR BELOW: 0 1.00 INCH OR MORE: 1
[HDD (BASE 65) ]
TOTAL THIS MO. 349 CLEAR (SCALE 0-3) 14
DPTR FM NORMAL -44 PTCLDY (SCALE 4-7) 6
TOTAL FM JUL 1 775 CLOUDY (SCALE 8-10) 11
DPTR FM NORMAL -169
[CDD (BASE 65) ]
TOTAL THIS MO. 7
DPTR FM NORMAL -4 [PRESSURE DATA]
TOTAL FM JAN 1 7 HIGHEST SLP 30.57 ON 28
DPTR FM NORMAL -4 LOWEST SLP 29.69 ON 25
[REMARKS]
#FINAL-01-21#