000
CXUS55 KDVN 011000
CF6BRL
PRELIMINARY LOCAL CLIMATOLOGICAL DATA (WS FORM: F-6)
STATION: BURLINGTON IA
MONTH: JUNE
YEAR: 2021
LATITUDE: 40 46 N
LONGITUDE: 91 7 W
TEMPERATURE IN F: :PCPN: SNOW: WIND :SUNSHINE: SKY :PK WND
================================================================================
1 2 3 4 5 6A 6B 7 8 9 10 11 12 13 14 15 16 17 18
12Z AVG MX 2MIN
DY MAX MIN AVG DEP HDD CDD WTR SNW DPTH SPD SPD DIR MIN PSBL S-S WX SPD DR
================================================================================
1 74 51 63 -5 2 0 0.00 M M 2.1 12 130 M M 5 12 15 140
2 78 56 67 -2 0 2 0.00 M M 3.7 10 30 M M 5 1 15 100
3 84 58 71 2 0 6 0.00 M M 5.8 12 240 M M 0 20 270
4 86 60 73 3 0 8 0.00 M M 7.9 16 230 M M 0 26 200
5 88 67 78 8 0 13 0.00 M M 9.2 20 210 M M 1 26 210
6 86 64 75 5 0 10 0.00 M M 9.0 20 190 M M 2 27 190
7 85 70 78 8 0 13 0.00 M M 5.8 13 170 M M 2 3 16 200
8 88 66 77 6 0 12 0.02 M M 3.2 16 20 M M 2 3 24 50
9 91 66 79 8 0 14 0.00 M M 3.6 14 10 M M 1 18 19 10
10 93 69 81 10 0 16 0.00 M M 2.4 18 140 M M 1 13 25 130
11 92 72 82 10 0 17 0.04 M M 2.6 31 20 M M 0 13 46 360
12 90 66 78 6 0 13 0.00 M M 7.6 17 350 M M 2 24 10
13 90 62 76 4 0 11 0.00 M M 5.5 12 10 M M 0 20 330
14 86 63 75 3 0 10 0.00 M M 7.0 16 20 M M 0 8 22 350
15 89 60 75 2 0 10 0.00 M M 4.9 14 70 M M 0 22 50
16 85 63 74 1 0 9 0.00 M M 6.5 13 130 M M 0 20 90
17 93 69 81 8 0 16 T M M 8.6 26 170 M M 1 3 36 180
18 87 70 79 6 0 14 0.10 M M 8.2 21 40 M M 2 13 30 40
19 88 67 78 4 0 13 1.38 M M 6.9 30 310 M M 4 13 47 300
20 81 69 75 1 0 10 1.02 M M 6.4 18 330 M M 4 13 27 330
21 71 51 61 -13 4 0 0.00 M M 10.4 21 330 M M 2 31 310
22 77 49 63 -11 2 0 0.60 M M 7.9 18 180 M M 3 13 25 190
23 81 61 71 -3 0 6 0.11 M M 12.0 23 180 M M 4 1 33 190
24 76 66 71 -3 0 6 0.23 M M 10.3 20 180 M M 7 13 26 180
25 81 69 75 0 0 10 0.65 M M 9.0 21 240 M M 8 13 33 130
26 80 69 75 0 0 10 0.01 M M 8.5 18 230 M M 6 1 26 240
27 79 67 73 -2 0 8 0.00 M M 4.1 13 270 M M 6 19 280
28 78 69 74 -1 0 9 0.38 M M 4.4 12 140 M M 7 13 17 130
29 80 70 75 0 0 10 0.64 M M 4.3 14 230 M M 6 1 20 230
30 80 68 74 -1 0 9 T M M 3.2 12 190 M M 7 13 15 210
================================================================================
SM 2517 1927 8 285 5.18 M 191.0 M 88
================================================================================
AV 83.9 64.2 6.4 FASTST M M 3 MAX(MPH)
MISC ----> 31 20 47 300
================================================================================
NOTES:
# LAST OF SEVERAL OCCURRENCES
COLUMN 17 PEAK WIND IN M.P.H.
PRELIMINARY LOCAL CLIMATOLOGICAL DATA (WS FORM: F-6) , PAGE 2
STATION: BURLINGTON IA
MONTH: JUNE
YEAR: 2021
LATITUDE: 40 46 N
LONGITUDE: 91 7 W
[TEMPERATURE DATA] [PRECIPITATION DATA] SYMBOLS USED IN COLUMN 16
AVERAGE MONTHLY: 74.1 TOTAL FOR MONTH: 5.18 1 = FOG OR MIST
DPTR FM NORMAL: 1.6 DPTR FM NORMAL: 0.31 2 = FOG REDUCING VISIBILITY
HIGHEST: 93 ON 17,10 GRTST 24HR 1.48 ON 18-19 TO 1/4 MILE OR LESS
LOWEST: 49 ON 22 3 = THUNDER
SNOW, ICE PELLETS, HAIL 4 = ICE PELLETS
TOTAL MONTH: M 5 = HAIL
GRTST 24HR M ON M 6 = FREEZING RAIN OR DRIZZLE
GRTST DEPTH: M ON M 7 = DUSTSTORM OR SANDSTORM:
VSBY 1/2 MILE OR LESS
8 = SMOKE OR HAZE
[NO. OF DAYS WITH] [WEATHER - DAYS WITH] 9 = BLOWING SNOW
X = TORNADO
MAX 32 OR BELOW: 0 0.01 INCH OR MORE: 12
MAX 90 OR ABOVE: 6 0.10 INCH OR MORE: 9
MIN 32 OR BELOW: 0 0.50 INCH OR MORE: 5
MIN 0 OR BELOW: 0 1.00 INCH OR MORE: 2
[HDD (BASE 65) ]
TOTAL THIS MO. 8 CLEAR (SCALE 0-3) 18
DPTR FM NORMAL -6 PTCLDY (SCALE 4-7) 12
TOTAL FM JUL 1 5843 CLOUDY (SCALE 8-10) 0
DPTR FM NORMAL 25
[CDD (BASE 65) ]
TOTAL THIS MO. 285
DPTR FM NORMAL 47 [PRESSURE DATA]
TOTAL FM JAN 1 367 HIGHEST SLP 30.23 ON 1
DPTR FM NORMAL 36 LOWEST SLP 29.50 ON 20
[REMARKS]
#FINAL-06-21#