000
CXUS53 KGRR 011540
CLMBTL
CLIMATE REPORT
NATIONAL WEATHER SERVICE GRAND RAPIDS, MICHIGAN
1140 AM EDT TUE AUG 01 2023
...................................
...THE BATTLE CREEK CLIMATE SUMMARY FOR THE MONTH OF JULY 2023...
CLIMATE NORMAL PERIOD: 1991 TO 2020
CLIMATE RECORD PERIOD: 1895 TO 2023
WEATHER OBSERVED NORMAL DEPART LAST YEAR`S
VALUE DATE(S) VALUE FROM VALUE DATE(S)
NORMAL
................................................................
TEMPERATURE (F)
RECORD
HIGH 104 07/14/1936
LOW 42 07/02/2001
07/06/2001
07/31/1993
HIGHEST 92 07/05 MM MM 91 07/04
LOWEST 55 07/09 MM MM 54 07/10
07/18
07/31
AVG. MAXIMUM 83.5 83.0 0.5 83.2
AVG. MINIMUM 62.1 62.0 0.1 63.4
MEAN 72.8 72.5 0.3 73.3
DAYS MAX >= 90 2 4.5 -2.5 3
DAYS MAX <= 32 0 0.0 0.0 0
DAYS MIN <= 32 0 0.0 0.0 0
DAYS MIN <= 0 0 0.0 0.0 0
PRECIPITATION (INCHES)
RECORD
MAXIMUM 10.36 2010
MINIMUM 0.05 1916
TOTALS 6.19 3.35 2.84 4.29
DAILY AVG. 0.21 0.11 0.10 0.14
DAYS >= .01 11 10.0 1.0 11
DAYS >= .10 8 5.7 2.3 9
DAYS >= .50 6 2.2 3.8 2
DAYS >= 1.00 2 1.0 1.0 1
GREATEST
24 HR. TOTAL 1.77 07/28 TO 07/29
DEGREE DAYS
HEATING TOTAL 0 6 -6 0
SINCE 7/1 0 0 0 MM
COOLING TOTAL 248 238 10 262
SINCE 1/1 443 442 1 MM
................................................................
WIND (MPH)
AVERAGE WIND SPEED 6.0
RESULTANT WIND SPEED/DIRECTION 3/250
HIGHEST WIND SPEED/DIRECTION 32/230 DATE 07/29
HIGHEST GUST SPEED/DIRECTION 41/230 DATE 07/29
SKY COVER
POSSIBLE SUNSHINE (PERCENT) MM
AVERAGE SKY COVER 0.30
NUMBER OF DAYS FAIR 20
NUMBER OF DAYS PC 10
NUMBER OF DAYS CLOUDY 1
AVERAGE RH (PERCENT) 69
WEATHER CONDITIONS. NUMBER OF DAYS WITH
THUNDERSTORM 13 MIXED PRECIP 0
HEAVY RAIN 7 RAIN 6
LIGHT RAIN 12 FREEZING RAIN 0
LT FREEZING RAIN 0 HAIL 0
HEAVY SNOW 0 SNOW 0
LIGHT SNOW 0 SLEET 0
FOG 18 FOG W/VIS <= 1/4 MILE 3
HAZE 11
- INDICATES NEGATIVE NUMBERS.
R INDICATES RECORD WAS SET OR TIED.
MM INDICATES DATA IS MISSING.
T INDICATES TRACE AMOUNT.
$$