000
CXAK56 PAFG 010940
CF6BTT
PRELIMINARY LOCAL CLIMATOLOGICAL DATA (WS FORM: F-6)
STATION: BETTLES AK
MONTH: JULY
YEAR: 2020
LATITUDE: 66 55 N
LONGITUDE: 151 31 W
TEMPERATURE IN F: :PCPN: SNOW: WIND :SUNSHINE: SKY :PK WND
================================================================================
1 2 3 4 5 6A 6B 7 8 9 10 11 12 13 14 15 16 17 18
12Z AVG MX 2MIN
DY MAX MIN AVG DEP HDD CDD WTR SNW DPTH SPD SPD DIR MIN PSBL S-S WX SPD DR
================================================================================
1 64 37 51 -10 14 0 M M M 1.2 12 270 M M 5 17 290
2 70 34 52 -9 13 0 0.00 0.0 0 1.6 9 240 M M 2 14 240
3 75 40 58 -3 7 0 T M M 4.8 12 230 M M 3 17 230
4 78 51 65 4 0 0 0.00 M M 4.6 12 210 M M 2 14 210
5 79 52 66 5 0 1 0.00 M M 3.8 10 270 M M 6 M M
6 81 49 65 4 0 0 0.00 M M 4.5 8 130 M M 5 M M
7 75 58 67 6 0 2 T M M 7.2 15 240 M M 5 3 21 220
8 74 50 62 1 3 0 T 0.0 0 2.5 12 30 M M 7 13 18 20
9 77 45 61 0 4 0 T 0.0 0 2.7 16 130 M M 5 13 27 130
10 68 45 57 -4 8 0 T 0.0 0 2.9 7 170 M M 6 M M
11 71 39 55 -6 10 0 T 0.0 0 1.5 9 290 M M 6 13 300
12 65 45 55 -6 10 0 0.50 0.0 0 3.6 14 290 M M 9 13 21 310
13 66 49 58 -2 7 0 0.26 M 0 3.5 10 180 M M 8 1 16 170
14 75 45 60 0 5 0 T M M 3.1 13 250 M M 4 12 17 240
15 72 44 58 -2 7 0 T M 0 4.2 13 240 M M 7 1 19 290
16 65 52 59 -1 6 0 0.23 0.0 0 2.7 6 290 M M 8 M M
17 68 53 61 1 4 0 0.41 M M 2.9 9 30 M M 9 1 14 30
18 71 53 62 2 3 0 0.09 0.0 0 3.0 12 40 M M 7 13 17 20
19 69 49 59 -1 6 0 0.06 M M 1.8 8 180 M M 7 1 14 170
20 71 45 58 -1 7 0 T M 0 2.7 9 240 M M 5 3 M M
21 67 50 59 0 6 0 T 0.0 0 4.6 14 20 M M 6 22 30
22 68 45 57 -2 8 0 T 0.0 0 4.0 10 240 M M 7 17 230
23 60 47 54 -5 11 0 0.01 M 0 6.9 16 250 M M 9 23 240
24 53 48 51 -7 14 0 0.34 M 0 3.1 9 210 M M 10 1 13 220
25 61 46 54 -4 11 0 0.03 M M 2.4 9 230 M M 8 1 12 230
26 66 48 57 -1 8 0 T M 0 5.4 16 240 M M 8 23 210
27 63 50 57 -1 8 0 0.19 M M 5.8 14 220 M M 10 1 22 250
28 55 52 54 -4 11 0 0.10 M M 7.3 14 230 M M 9 1 20 200
29 55 51 53 -4 12 0 T M M 4.1 9 200 M M 10 18 15 210
30 66 47 57 0 8 0 0.03 M 0 2.1 13 250 M M 9 1 17 250
31 69 51 60 3 5 0 T 0.0 0 2.3 6 250 M M 7 1 M M
================================================================================
SM 2117 1470 216 3 2.25 0.0 112.8 M 209
================================================================================
AV 68.3 47.4 3.6 FASTST M M 7 MAX(MPH)
MISC ----> # 16 130 # 27 130
================================================================================
NOTES:
# LAST OF SEVERAL OCCURRENCES
COLUMN 17 PEAK WIND IN M.P.H.
PRELIMINARY LOCAL CLIMATOLOGICAL DATA (WS FORM: F-6) , PAGE 2
STATION: BETTLES AK
MONTH: JULY
YEAR: 2020
LATITUDE: 66 55 N
LONGITUDE: 151 31 W
[TEMPERATURE DATA] [PRECIPITATION DATA] SYMBOLS USED IN COLUMN 16
AVERAGE MONTHLY: 57.9 TOTAL FOR MONTH: 2.25 1 = FOG OR MIST
DPTR FM NORMAL: -1.8 DPTR FM NORMAL: -0.11 2 = FOG REDUCING VISIBILITY
HIGHEST: 81 ON 6 GRTST 24HR 0.50 ON 12-12 TO 1/4 MILE OR LESS
LOWEST: 34 ON 2 3 = THUNDER
SNOW, ICE PELLETS, HAIL 4 = ICE PELLETS
TOTAL MONTH: 0.0 INCH 5 = HAIL
GRTST 24HR 0.0 6 = FREEZING RAIN OR DRIZZLE
GRTST DEPTH: 0 7 = DUSTSTORM OR SANDSTORM:
VSBY 1/2 MILE OR LESS
8 = SMOKE OR HAZE
[NO. OF DAYS WITH] [WEATHER - DAYS WITH] 9 = BLOWING SNOW
X = TORNADO
MAX 32 OR BELOW: 0 0.01 INCH OR MORE: 12
MAX 90 OR ABOVE: 0 0.10 INCH OR MORE: 7
MIN 32 OR BELOW: 0 0.50 INCH OR MORE: 1
MIN 0 OR BELOW: 0 1.00 INCH OR MORE: 0
[HDD (BASE 65) ]
TOTAL THIS MO. 216 CLEAR (SCALE 0-3) 3
DPTR FM NORMAL 34 PTCLDY (SCALE 4-7) 19
TOTAL FM JUL 1 216 CLOUDY (SCALE 8-10) 9
DPTR FM NORMAL 34
[CDD (BASE 65) ]
TOTAL THIS MO. 3
DPTR FM NORMAL -15 [PRESSURE DATA]
TOTAL FM JAN 1 6 HIGHEST SLP M ON M
DPTR FM NORMAL -28 LOWEST SLP 29.13 ON 26
[REMARKS]
#FINAL-07-20#