000
CXAK56 PAFG 021611
CF6BTT
PRELIMINARY LOCAL CLIMATOLOGICAL DATA (WS FORM: F-6)
STATION: BETTLES AK
MONTH: APRIL
YEAR: 2020
LATITUDE: 66 55 N
LONGITUDE: 151 31 W
TEMPERATURE IN F: :PCPN: SNOW: WIND :SUNSHINE: SKY :PK WND
================================================================================
1 2 3 4 5 6A 6B 7 8 9 10 11 12 13 14 15 16 17 18
12Z AVG MX 2MIN
DY MAX MIN AVG DEP HDD CDD WTR SNW DPTH SPD SPD DIR MIN PSBL S-S WX SPD DR
================================================================================
1 28 -11 9 -3 56 0 0.00 0.0 36 6.1 14 30 M M 2 20 20
2 27 9 18 5 47 0 0.08 0.9 35 2.3 7 20 M M 9 1 9 20
3 33 23 28 14 37 0 T T 35 4.3 9 20 M M 9 12 20
4 34 23 29 15 36 0 0.29 3.7 39 5.4 12 120 M M 10 12 17 120
5 34 11 23 8 42 0 0.10 2.0 39 9.4 23 240 M M 9 19 33 210
6 14 2 8 -8 57 0 0.07 1.6 39 8.1 17 240 M M 10 19 23 250
7 12 -7 3 -14 62 0 T T 39 4.2 9 130 M M 6 1 13 200
8 22 -1 11 -7 54 0 0.00 0.0 39 7.1 14 210 M M 8 1 20 220
9 15 -6 5 -13 60 0 0.00 0.0 38 8.1 15 210 M M 4 21 210
10 28 8 18 -1 47 0 0.10 2.4 39 7.0 13 30 M M 9 12 M M
11 37 14 26 6 39 0 T T 38 6.4 9 350 M M 9 1 M M
12 42 24 33 12 32 0 0.03 0.9 37 4.5 7 20 M M 10 1 M M
13 41 27 34 13 31 0 0.19 1.2 35 4.1 17 240 M M 8 14 23 250
14 44 14 29 7 36 0 0.04 0.0 34 4.1 10 50 M M 7 1 14 50
15 39 34 37 14 28 0 0.56 0.0 32 3.7 8 20 M M 10 1 11 20
16 44 31 38 14 27 0 0.07 0.0 30 5.6 12 210 M M 8 1 16 190
17 42 30 36 12 29 0 0.00 0.0 30 1.2 6 330 M M 10 1 7 330
18 43 35 39 14 26 0 0.20 0.0 26 4.2 7 190 M M 10 12 10 180
19 42 34 38 12 27 0 0.31 0.0 23 0.6 6 160 M M 10 12 8 160
20 38 31 35 8 30 0 0.00 0.0 22 3.9 8 260 M M 9 1 11 150
21 39 22 31 3 34 0 0.00 0.0 22 5.8 10 20 M M 8 16 20
22 42 17 30 2 35 0 0.00 0.0 21 5.6 13 10 M M 2 17 330
23 37 22 30 1 35 0 0.00 0.0 21 7.9 13 30 M M 2 17 40
24 35 19 27 -3 38 0 0.00 0.0 21 6.4 15 20 M M 1 19 20
25 30 14 22 -9 43 0 0.00 0.0 20 4.0 8 130 M M 1 14 200
26 37 9 23 -8 42 0 0.00 0.0 20 5.0 14 30 M M 3 17 30
27 36 13 25 -7 40 0 0.00 0.0 20 4.7 9 240 M M 3 14 350
28 35 19 27 -6 38 0 0.00 0.0 20 7.3 15 20 M M 5 22 30
29 34 17 26 -8 39 0 0.00 0.0 20 6.1 14 360 M M 1 19 50
30 37 14 26 -8 39 0 0.00 0.0 20 5.2 13 30 M M 0 17 40
================================================================================
SM 1021 491 1186 0 2.04 12.7 158.3 M 193
================================================================================
AV 34.0 16.4 5.3 FASTST M M 6 MAX(MPH)
MISC ----> # 23 240 # 33 210
================================================================================
NOTES:
# LAST OF SEVERAL OCCURRENCES
COLUMN 17 PEAK WIND IN M.P.H.
PRELIMINARY LOCAL CLIMATOLOGICAL DATA (WS FORM: F-6) , PAGE 2
STATION: BETTLES AK
MONTH: APRIL
YEAR: 2020
LATITUDE: 66 55 N
LONGITUDE: 151 31 W
[TEMPERATURE DATA] [PRECIPITATION DATA] SYMBOLS USED IN COLUMN 16
AVERAGE MONTHLY: 25.2 TOTAL FOR MONTH: 2.04 1 = FOG OR MIST
DPTR FM NORMAL: 1.9 DPTR FM NORMAL: 1.44 2 = FOG REDUCING VISIBILITY
HIGHEST: 44 ON 16,14 GRTST 24HR 0.56 ON 15-15 TO 1/4 MILE OR LESS
LOWEST: -11 ON 1 3 = THUNDER
SNOW, ICE PELLETS, HAIL 4 = ICE PELLETS
TOTAL MONTH: 12.7 INCHES 5 = HAIL
GRTST 24HR 3.7 ON 4- 4 6 = FREEZING RAIN OR DRIZZLE
GRTST DEPTH: 39 ON 10, 8 7 = DUSTSTORM OR SANDSTORM:
VSBY 1/2 MILE OR LESS
8 = SMOKE OR HAZE
[NO. OF DAYS WITH] [WEATHER - DAYS WITH] 9 = BLOWING SNOW
X = TORNADO
MAX 32 OR BELOW: 8 0.01 INCH OR MORE: 12
MAX 90 OR ABOVE: 0 0.10 INCH OR MORE: 7
MIN 32 OR BELOW: 27 0.50 INCH OR MORE: 1
MIN 0 OR BELOW: 4 1.00 INCH OR MORE: 0
[HDD (BASE 65) ]
TOTAL THIS MO. 1186 CLEAR (SCALE 0-3) 8
DPTR FM NORMAL -65 PTCLDY (SCALE 4-7) 9
TOTAL FM JUL 1 14691 CLOUDY (SCALE 8-10) 13
DPTR FM NORMAL 365
[CDD (BASE 65) ]
TOTAL THIS MO. 0
DPTR FM NORMAL 0 [PRESSURE DATA]
TOTAL FM JAN 1 0 HIGHEST SLP M ON M
DPTR FM NORMAL 0 LOWEST SLP 29.40 ON 5
[REMARKS]
#FINAL-04-20#