000
CXUS56 KLOX 011155
CF6BUR
PRELIMINARY LOCAL CLIMATOLOGICAL DATA (WS FORM: F-6)
STATION: HOLLYWOOD/BURBANK AIRPORT CA
MONTH: OCTOBER
YEAR: 2022
LATITUDE: 34 12 N
LONGITUDE: 118 22 W
TEMPERATURE IN F: :PCPN: SNOW: WIND :SUNSHINE: SKY :PK WND
================================================================================
1 2 3 4 5 6A 6B 7 8 9 10 11 12 13 14 15 16 17 18
12Z AVG MX 2MIN
DY MAX MIN AVG DEP HDD CDD WTR SNW DPTH SPD SPD DIR MIN PSBL S-S WX SPD DR
================================================================================
1 79 65 72 0 0 7 0.00 M M 5.8 13 180 M M 5 17 210
2 84 66 75 4 0 10 0.00 M M 4.9 13 180 M M 4 15 180
3 86 63 75 4 0 10 0.00 M M 3.6 10 170 M M 0 15 120
4 88 64 76 5 0 11 0.00 M M 4.3 12 180 M M 0 17 90
5 87 65 76 5 0 11 0.00 M M 5.1 13 120 M M 1 8 19 110
6 84 66 75 5 0 10 0.00 M M 5.4 13 200 M M 5 8 16 190
7 89 66 78 8 0 13 0.00 M M 4.9 14 180 M M 2 8 17 140
8 89 65 77 7 0 12 0.00 M M 4.2 12 110 M M 0 8 17 210
9 85 65 75 5 0 10 0.00 M M 5.7 13 130 M M 1 18 18 170
10 82 64 73 3 0 8 0.00 M M 5.1 12 180 M M 3 18 21 350
11 80 66 73 3 0 8 0.01 M M 5.3 20 110 M M 6 38 25 110
12 87 66 77 8 0 12 0.00 M M 6.8 15 160 M M 4 38 23 90
13 80 65 73 4 0 8 0.00 M M 5.5 12 140 M M 6 8 16 180
14 74 66 70 1 0 5 0.00 M M 5.1 13 180 M M 8 8 19 130
15 71 61 66 -3 0 1 0.06 M M 5.8 13 100 M M 9 18 18 130
16 73 61 67 -1 0 2 0.00 M M 3.3 9 190 M M 3 15 90
17 84 59 72 4 0 7 0.00 M M 3.5 12 180 M M 0 14 90
18 93 62 78 10 0 13 0.00 M M 3.4 14 200 M M 0 16 200
19 95 66 81 13 0 16 0.00 M M 3.0 13 230 M M 0 16 240
20 91 68 80 12 0 15 0.00 M M 4.6 14 200 M M 0 19 120
21 82 63 73 6 0 8 0.00 M M 6.2 12 140 M M 1 18 15 190
22 71 63 67 0 0 2 0.00 M M 8.5 17 200 M M 9 22 180
23 76 58 67 0 0 2 0.00 M M 6.3 18 190 M M 2 22 200
24 78 55 67 0 0 2 0.00 M M 4.4 14 200 M M 0 19 220
25 79 53 66 -1 0 1 0.00 M M 2.5 12 170 M M 0 14 130
26 75 53 64 -2 1 0 0.00 M M 4.1 12 160 M M 0 8 18 170
27 79 53 66 0 0 1 0.00 M M 3.3 9 140 M M 1 14 240
28 80 54 67 1 0 2 0.00 M M 2.7 13 190 M M 0 16 170
29 82 52 67 1 0 2 0.00 M M 3.0 12 170 M M 0 16 80
30 84 53 69 3 0 4 0.00 M M 2.9 10 160 M M 0 8 14 100
31 83 55 69 4 0 4 0.00 M M 3.2 10 170 M M 0 12 230
================================================================================
SM 2550 1901 1 217 0.07 M 142.4 M 70
================================================================================
AV 82.3 61.3 4.6 FASTST M M 2 MAX(MPH)
MISC ----> 20 110 25 110
================================================================================
NOTES:
# LAST OF SEVERAL OCCURRENCES
COLUMN 17 PEAK WIND IN M.P.H.
PRELIMINARY LOCAL CLIMATOLOGICAL DATA (WS FORM: F-6) , PAGE 2
STATION: HOLLYWOOD/BURBANK AIRPORT CA
MONTH: OCTOBER
YEAR: 2022
LATITUDE: 34 12 N
LONGITUDE: 118 22 W
[TEMPERATURE DATA] [PRECIPITATION DATA] SYMBOLS USED IN COLUMN 16
AVERAGE MONTHLY: 71.8 TOTAL FOR MONTH: 0.07 1 = FOG OR MIST
DPTR FM NORMAL: 3.4 DPTR FM NORMAL: -0.53 2 = FOG REDUCING VISIBILITY
HIGHEST: 95 ON 19 GRTST 24HR 0.06 ON 15-15 TO 1/4 MILE OR LESS
LOWEST: 52 ON 29 3 = THUNDER
SNOW, ICE PELLETS, HAIL 4 = ICE PELLETS
TOTAL MONTH: M 5 = HAIL
GRTST 24HR M ON M 6 = FREEZING RAIN OR DRIZZLE
GRTST DEPTH: M ON M 7 = DUSTSTORM OR SANDSTORM:
VSBY 1/2 MILE OR LESS
8 = SMOKE OR HAZE
[NO. OF DAYS WITH] [WEATHER - DAYS WITH] 9 = BLOWING SNOW
X = TORNADO
MAX 32 OR BELOW: 0 0.01 INCH OR MORE: 2
MAX 90 OR ABOVE: 3 0.10 INCH OR MORE: 0
MIN 32 OR BELOW: 0 0.50 INCH OR MORE: 0
MIN 0 OR BELOW: 0 1.00 INCH OR MORE: 0
[HDD (BASE 65) ]
TOTAL THIS MO. 1 CLEAR (SCALE 0-3) 22
DPTR FM NORMAL -33 PTCLDY (SCALE 4-7) 6
TOTAL FM JUL 1 1 CLOUDY (SCALE 8-10) 3
DPTR FM NORMAL -34
[CDD (BASE 65) ]
TOTAL THIS MO. 217
DPTR FM NORMAL 76 [PRESSURE DATA]
TOTAL FM JAN 1 2370 HIGHEST SLP 30.14 ON 28
DPTR FM NORMAL 920 LOWEST SLP 29.69 ON 22
[REMARKS]
#FINAL-10-22#