000
CXUS53 KLMK 020931
CLMBWG
CLIMATE REPORT
NATIONAL WEATHER SERVICE LOUISVILLE KY
431 AM EST SAT DEC 02 2023
...................................
...THE BOWLING GREEN KY CLIMATE SUMMARY FOR THE MONTH OF NOVEMBER 2023...
CLIMATE NORMAL PERIOD 1991 TO 2020
CLIMATE RECORD PERIOD 1870 TO 2023
WEATHER OBSERVED NORMAL DEPART LAST YEAR`S
VALUE DATE(S) VALUE FROM VALUE DATE(S)
NORMAL
................................................................
TEMPERATURE (F)
RECORD
HIGH 88 11/12/1909
LOW -7 11/25/1950
HIGHEST 83 11/08 MM MM 80 11/04
11/09
LOWEST 20 11/29 MM MM 19 11/20
11/21
AVG. MAXIMUM 62.9 59.2 3.7 61.2
AVG. MINIMUM 37.4 37.6 -0.2 37.4
MEAN 50.2 48.4 1.8 49.3
DAYS MAX >= 90 0 0.0 0.0 0
DAYS MAX <= 32 0 0.1 -0.1 0
DAYS MIN <= 32 9 11.1 -2.1 14
DAYS MIN <= 0 0 0.0 0.0 0
PRECIPITATION (INCHES)
RECORD
MAXIMUM 10.53 1900
MINIMUM 0.32 1912
TOTALS 1.75 3.73 -1.98 2.88
DAILY AVG. 0.06 0.12 -0.06 0.10
DAYS >= .01 7 9.5 -2.5 8
DAYS >= .10 2 6.0 -4.0 6
DAYS >= .50 2 2.5 -0.5 2
DAYS >= 1.00 0 1.0 -1.0 1
GREATEST
24 HR. TOTAL 1.52 11/20 TO 11/21
SNOWFALL (INCHES)
RECORDS
TOTAL 3.0 5
TOTALS 0.0 0.1 -0.1 T
SINCE 7/1 0.0 0.1 -0.1 MM
SNOWDEPTH AVG. 0 0
DAYS >= 1.0 0 0.1 -0.1 0
GREATEST
SNOW DEPTH 0 0 MM
DEGREE DAYS
HEATING TOTAL 444 502 -58 471
SINCE 7/1 610 727 -117 MM
COOLING TOTAL 4 4 0 10
SINCE 1/1 1590 1676 -86 MM
................................................................
WIND (MPH)
AVERAGE WIND SPEED 4.6
HIGHEST WIND SPEED/DIRECTION 23/200 DATE 11/08
HIGHEST GUST SPEED/DIRECTION 33/230 DATE 11/08
SKY COVER
POSSIBLE SUNSHINE (PERCENT) MM
AVERAGE SKY COVER 0.24
NUMBER OF DAYS FAIR 21
NUMBER OF DAYS PC 6
NUMBER OF DAYS CLOUDY 3
AVERAGE RH (PERCENT) 62
WEATHER CONDITIONS. NUMBER OF DAYS WITH
THUNDERSTORM 0 MIXED PRECIP 0
HEAVY RAIN 2 RAIN 2
LIGHT RAIN 8 FREEZING RAIN 0
LT FREEZING RAIN 0 HAIL 0
HEAVY SNOW 0 SNOW 0
LIGHT SNOW 0 SLEET 0
FOG 7 FOG W/VIS <= 1/4 MILE 2
HAZE 4
- INDICATES NEGATIVE NUMBERS.
R INDICATES RECORD WAS SET OR TIED.
MM INDICATES DATA IS MISSING.
T INDICATES TRACE AMOUNT.
$$