000
CXUS55 KPIH 011200
CF6BYI
PRELIMINARY LOCAL CLIMATOLOGICAL DATA (WS FORM: F-6)
STATION: BURLEY
MONTH: FEBRUARY
YEAR: 2022
LATITUDE: 42 32 N
LONGITUDE: 113 46 W
TEMPERATURE IN F: :PCPN: SNOW: WIND :SUNSHINE: SKY :PK WND
================================================================================
1 2 3 4 5 6A 6B 7 8 9 10 11 12 13 14 15 16 17 18
12Z AVG MX 2MIN
DY MAX MIN AVG DEP HDD CDD WTR SNW DPTH SPD SPD DIR MIN PSBL S-S WX SPD DR
================================================================================
1 28 8 18 -12 47 0 0.00 M M 7.9 17 260 M M 4 26 260
2 23 9 16 -15 49 0 0.00 M M 5.3 15 250 M M 7 1 19 240
3 27 8 18 -13 47 0 T M M 5.0 14 230 M M 7 8 17 230
4 37 10 24 -7 41 0 0.00 M M 3.6 9 340 M M 4 12 360
5 34 12 23 -8 42 0 0.00 M M 5.7 15 260 M M 0 24 260
6 34 15 25 -6 40 0 0.00 M M 3.9 13 60 M M 4 128 14 50
7 35 17 26 -5 39 0 0.00 M M 7.7 16 70 M M 5 1 23 60
8 37 9 23 -9 42 0 0.00 M M 2.2 12 30 M M 1 18 15 30
9 41 19 30 -2 35 0 0.00 M M 5.8 17 250 M M 1 18 24 260
10 44 17 31 -1 34 0 0.00 M M 5.0 20 260 M M 1 128 28 260
11 41 20 31 -1 34 0 0.00 M M 3.5 13 70 M M 2 128 17 60
12 36 20 28 -4 37 0 0.00 M M 7.8 14 50 M M 5 12 17 80
13 41 18 30 -3 35 0 0.00 M M 5.6 9 70 M M 0 14 60
14 51 20 36 3 29 0 T M M 6.0 26 260 M M 2 42 270
15 36 29 33 0 32 0 T M M 12.9 24 270 M M 10 1 37 260
16 36 29 33 0 32 0 T M M 12.9 22 270 M M 7 1 36 270
17 39 24 32 -2 33 0 0.00 M M 12.0 22 250 M M 2 32 250
18 44 24 34 0 31 0 0.00 M M 5.4 13 250 M M 0 18 240
19 54 20 37 3 28 0 0.00 M M 6.0 18 200 M M 0 26 200
20 46 29 38 4 27 0 0.05 M M 10.3 17 200 M M 4 1 25 270
21 33 20 27 -8 38 0 0.00 M M 11.5 21 240 M M 3 27 250
22 23 12 18 -17 47 0 T M M 18.2 31 70 M M 4 43 60
23 19 7 13 -22 52 0 T M M 10.5 23 290 M M 7 8 32 280
24 23 12 18 -18 47 0 0.01 M M 10.0 18 250 M M 7 128 23 250
25 24 9 17 -19 48 0 0.00 M M 4.5 15 260 M M 5 21 290
26 28 2 15 -21 50 0 0.00 M M 9.1 17 50 M M 1 22 50
27 34 9 22 -15 43 0 0.00 M M 11.2 21 60 M M 1 29 50
28 53 16 35 -2 30 0 0.00 M M 4.5 22 200 M M 2 27 200
================================================================================
SM 1001 444 1089 0 0.06 M 214.0 M 96
================================================================================
AV 35.8 15.9 7.6 FASTST M M 3 MAX(MPH)
MISC ----> 31 70 43 60
================================================================================
NOTES:
# LAST OF SEVERAL OCCURRENCES
COLUMN 17 PEAK WIND IN M.P.H.
PRELIMINARY LOCAL CLIMATOLOGICAL DATA (WS FORM: F-6) , PAGE 2
STATION: BURLEY
MONTH: FEBRUARY
YEAR: 2022
LATITUDE: 42 32 N
LONGITUDE: 113 46 W
[TEMPERATURE DATA] [PRECIPITATION DATA] SYMBOLS USED IN COLUMN 16
AVERAGE MONTHLY: 25.8 TOTAL FOR MONTH: 0.06 1 = FOG OR MIST
DPTR FM NORMAL: -7.5 DPTR FM NORMAL: -0.63 2 = FOG REDUCING VISIBILITY
HIGHEST: 54 ON 19 GRTST 24HR 0.05 ON 20-20 TO 1/4 MILE OR LESS
LOWEST: 2 ON 26 3 = THUNDER
SNOW, ICE PELLETS, HAIL 4 = ICE PELLETS
TOTAL MONTH: M 5 = HAIL
GRTST 24HR M ON M 6 = FREEZING RAIN OR DRIZZLE
GRTST DEPTH: M ON M 7 = DUSTSTORM OR SANDSTORM:
VSBY 1/2 MILE OR LESS
8 = SMOKE OR HAZE
[NO. OF DAYS WITH] [WEATHER - DAYS WITH] 9 = BLOWING SNOW
X = TORNADO
MAX 32 OR BELOW: 8 0.01 INCH OR MORE: 2
MAX 90 OR ABOVE: 0 0.10 INCH OR MORE: 0
MIN 32 OR BELOW: 28 0.50 INCH OR MORE: 0
MIN 0 OR BELOW: 0 1.00 INCH OR MORE: 0
[HDD (BASE 65) ]
TOTAL THIS MO. 1089 CLEAR (SCALE 0-3) 14
DPTR FM NORMAL 201 PTCLDY (SCALE 4-7) 13
TOTAL FM JUL 1 4564 CLOUDY (SCALE 8-10) 1
DPTR FM NORMAL -52
[CDD (BASE 65) ]
TOTAL THIS MO. 0
DPTR FM NORMAL 0 [PRESSURE DATA]
TOTAL FM JAN 1 0 HIGHEST SLP 30.73 ON 4
DPTR FM NORMAL 0 LOWEST SLP 29.67 ON 20
[REMARKS]
#FINAL-02-22#