000
CXUS56 KTFX 220800
CF6BZN
PRELIMINARY LOCAL CLIMATOLOGICAL DATA (WS FORM: F-6)
STATION: BOZEMAN/GALLATIN FIELD MT
MONTH: OCTOBER
YEAR: 2022
LATITUDE: 45 46 N
LONGITUDE: 111 9 W
TEMPERATURE IN F: :PCPN: SNOW: WIND :SUNSHINE: SKY :PK WND
================================================================================
1 2 3 4 5 6A 6B 7 8 9 10 11 12 13 14 15 16 17 18
12Z AVG MX 2MIN
DY MAX MIN AVG DEP HDD CDD WTR SNW DPTH SPD SPD DIR MIN PSBL S-S WX SPD DR
================================================================================
1 55 48 52 2 13 0 0.17 0.0 0 1.6 9 210 M M 10 1 12 210
2 60 46 53 3 12 0 0.28 0.0 0 4.4 20 300 M M 9 18 28 280
3 63 45 54 4 11 0 0.06 0.0 0 3.7 13 160 M M 7 1 15 160
4 71 38 55 6 10 0 0.00 0.0 0 4.0 12 130 M M 0 14 140
5 74 35 55 6 10 0 0.00 0.0 0 4.3 13 180 M M 0 16 170
6 66 37 52 4 13 0 0.00 0.0 0 5.0 17 150 M M 1 21 140
7 60 34 47 -1 18 0 0.00 0.0 0 2.8 9 290 M M 2 1 12 280
8 68 31 50 3 15 0 0.00 0.0 0 4.0 10 160 M M 0 12 150
9 70 31 51 4 14 0 0.00 0.0 0 3.6 10 180 M M 0 12 180
10 72 33 53 7 12 0 0.00 0.0 0 4.6 13 270 M M 0 16 270
11 65 37 51 5 14 0 0.01 0.0 0 6.8 24 320 M M 3 33 320
12 68 36 52 7 13 0 0.00 0.0 0 7.0 15 270 M M 2 21 300
13 68 32 50 5 15 0 0.00 0.0 0 4.1 10 150 M M 0 8 13 150
14 69 29 49 5 16 0 0.00 0.0 0 3.2 9 160 M M 0 10 350
15 62 34 48 4 17 0 0.00 0.0 0 6.6 26 330 M M 3 36 330
16 64 27 46 3 19 0 0.00 0.0 0 2.4 10 140 M M 0 11 170
17 71 28 50 7 15 0 0.00 0.0 0 2.3 10 170 M M 0 12 170
18 73 29 51 9 14 0 0.00 0.0 0 3.2 12 160 M M 0 13 160
19 72 26 49 7 16 0 0.00 0.0 0 3.2 13 140 M M 0 13 140
20 74 26 50 8 15 0 0.00 0.0 0 5.1 23 250 M M 1 34 240
21 67 40 54 13 11 0 0.03 0.0 0 7.1 23 230 M M 7 8 38 60
22 48 33 41 0 24 0 0.91 1.5 0 6.9 13 340 M M 10 1 17 250
23 33 31 32 -8 33 0 0.28 2.6 4 7.4 13 280 M M 10 1 18 310
24 44 25 35 -5 30 0 0.00 0.0 1 5.5 16 230 M M 7 23 220
25 49 29 39 0 26 0 0.00 0.0 0 8.2 23 210 M M 7 32 210
26 48 27 38 -1 27 0 0.00 0.0 0 4.2 10 250 M M 6 15 250
27 49 23 36 -2 29 0 0.00 0.0 0 3.7 10 150 M M 2 12 30
28 49 19 34 -4 31 0 0.00 0.0 0 3.8 10 150 M M 0 13 10
29 55 22 39 2 26 0 0.00 0.0 0 3.9 13 160 M M 1 15 130
30 53 21 37 0 28 0 0.00 0.0 0 2.7 9 90 M M 1 11 200
31 64 32 48 12 17 0 0.00 0.0 0 9.4 25 230 M M 3 35 250
================================================================================
SM 1904 984 564 0 1.74 4.1 144.7 M 92
================================================================================
AV 61.4 31.7 4.7 FASTST M M 3 MAX(MPH)
MISC ----> 26 330 38 60
================================================================================
NOTES:
# LAST OF SEVERAL OCCURRENCES
COLUMN 17 PEAK WIND IN M.P.H.
PRELIMINARY LOCAL CLIMATOLOGICAL DATA (WS FORM: F-6) , PAGE 2
STATION: BOZEMAN/GALLATIN FIELD MT
MONTH: OCTOBER
YEAR: 2022
LATITUDE: 45 46 N
LONGITUDE: 111 9 W
[TEMPERATURE DATA] [PRECIPITATION DATA] SYMBOLS USED IN COLUMN 16
AVERAGE MONTHLY: 46.6 TOTAL FOR MONTH: 1.74 1 = FOG OR MIST
DPTR FM NORMAL: 3.2 DPTR FM NORMAL: 0.64 2 = FOG REDUCING VISIBILITY
HIGHEST: 74 ON 20, 5 GRTST 24HR 0.91 ON 22-22 TO 1/4 MILE OR LESS
LOWEST: 19 ON 28 3 = THUNDER
SNOW, ICE PELLETS, HAIL 4 = ICE PELLETS
TOTAL MONTH: 4.1 INCHES 5 = HAIL
GRTST 24HR 2.6 ON 23-23 6 = FREEZING RAIN OR DRIZZLE
GRTST DEPTH: 4 ON 23 7 = DUSTSTORM OR SANDSTORM:
VSBY 1/2 MILE OR LESS
8 = SMOKE OR HAZE
[NO. OF DAYS WITH] [WEATHER - DAYS WITH] 9 = BLOWING SNOW
X = TORNADO
MAX 32 OR BELOW: 0 0.01 INCH OR MORE: 7
MAX 90 OR ABOVE: 0 0.10 INCH OR MORE: 4
MIN 32 OR BELOW: 18 0.50 INCH OR MORE: 1
MIN 0 OR BELOW: 0 1.00 INCH OR MORE: 0
[HDD (BASE 65) ]
TOTAL THIS MO. 564 CLEAR (SCALE 0-3) 20
DPTR FM NORMAL -106 PTCLDY (SCALE 4-7) 7
TOTAL FM JUL 1 749 CLOUDY (SCALE 8-10) 4
DPTR FM NORMAL -301
[CDD (BASE 65) ]
TOTAL THIS MO. 0
DPTR FM NORMAL 0 [PRESSURE DATA]
TOTAL FM JAN 1 451 HIGHEST SLP 30.50 ON 19
DPTR FM NORMAL 218 LOWEST SLP 29.31 ON 22
[REMARKS]
#FINAL-10-22#