000
CXUS52 KCAE 011500
CF6CAE
PRELIMINARY LOCAL CLIMATOLOGICAL DATA (WS FORM: F-6)
STATION: COLUMBIA METRO AIRPORT SC
MONTH: NOVEMBER
YEAR: 2021
LATITUDE: 33 57 N
LONGITUDE: 81 7 W
TEMPERATURE IN F: :PCPN: SNOW: WIND :SUNSHINE: SKY :PK WND
================================================================================
1 2 3 4 5 6A 6B 7 8 9 10 11 12 13 14 15 16 17 18
12Z AVG MX 2MIN
DY MAX MIN AVG DEP HDD CDD WTR SNW DPTH SPD SPD DIR MIN PSBL S-S WX SPD DR
================================================================================
1 73 44 59 1 6 0 0.00 0.0 0 2.0 10 90 M M 2 1 13 60
2 75 44 60 2 5 0 0.00 0.0 M 2.7 14 60 M M 2 18 18 40
3 59 50 55 -3 10 0 0.00 0.0 M 8.3 16 50 M M 7 24 60
4 52 42 47 -10 18 0 T M M 6.8 13 20 M M 9 18 30
5 52 39 46 -11 19 0 0.00 0.0 0 6.7 15 50 M M 9 1 23 40
6 56 46 51 -6 14 0 0.00 0.0 0 10.2 18 20 M M 9 28 10
7 68 38 53 -3 12 0 0.03 0.0 0 6.8 16 320 M M 5 23 310
8 73 32 53 -3 12 0 0.00 0.0 0 2.9 12 20 M M 0 1 16 20
9 80 36 58 2 7 0 0.00 0.0 0 1.1 7 200 M M 0 1 9 180
10 78 44 61 6 4 0 0.00 0.0 0 1.9 12 200 M M 3 1 13 210
11 78 44 61 6 4 0 0.11 0.0 0 4.5 16 170 M M 6 18 21 160
12 73 42 58 3 7 0 T 0.0 0 6.3 16 310 M M 4 22 310
13 70 40 55 1 10 0 0.00 0.0 0 6.1 18 260 M M 1 22 280
14 64 32 48 -6 17 0 0.00 0.0 0 4.5 15 270 M M 0 1 18 280
15 67 37 52 -2 13 0 0.00 0.0 0 6.0 16 270 M M 0 24 290
16 74 34 54 0 11 0 0.00 0.0 M 2.8 14 250 M M 0 20 250
17 76 43 60 7 5 0 0.00 0.0 0 3.6 15 190 M M 0 20 200
18 79 48 64 11 1 0 0.00 0.0 M 4.2 16 230 M M 4 12 23 230
19 64 45 55 2 10 0 0.00 0.0 M 7.7 15 60 M M 3 21 60
20 59 36 48 -5 17 0 0.00 0.0 0 5.4 16 70 M M 2 19 60
21 70 35 53 1 12 0 0.00 0.0 0 1.8 7 100 M M 4 18 9 90
22 62 50 56 4 9 0 0.12 0.0 0 4.8 17 300 M M 8 21 310
23 53 29 41 -11 24 0 0.00 0.0 0 4.6 13 310 M M 1 20 320
24 57 25 41 -11 24 0 0.00 0.0 0 1.2 9 100 M M 0 1 14 130
25 67 27 47 -4 18 0 0.00 0.0 0 4.6 16 240 M M 4 1 22 250
26 61 33 47 -4 18 0 0.02 0.0 0 8.1 21 310 M M 5 1 26 280
27 60 28 44 -7 21 0 0.00 0.0 0 2.2 9 210 M M 0 11 210
28 64 37 51 0 14 0 0.00 0.0 0 3.9 10 270 M M 5 13 310
29 56 29 43 -7 22 0 0.00 0.0 0 3.9 14 30 M M 2 20 30
30 64 26 45 -5 20 0 0.00 0.0 0 4.6 16 240 M M 0 21 240
================================================================================
SM 1984 1135 384 0 0.28 0.0 140.2 M 95
================================================================================
AV 66.1 37.8 4.7 FASTST M M 3 MAX(MPH)
MISC ----> 21 310 28 10
================================================================================
NOTES:
# LAST OF SEVERAL OCCURRENCES
COLUMN 17 PEAK WIND IN M.P.H.
PRELIMINARY LOCAL CLIMATOLOGICAL DATA (WS FORM: F-6) , PAGE 2
STATION: COLUMBIA METRO AIRPORT SC
MONTH: NOVEMBER
YEAR: 2021
LATITUDE: 33 57 N
LONGITUDE: 81 7 W
[TEMPERATURE DATA] [PRECIPITATION DATA] SYMBOLS USED IN COLUMN 16
AVERAGE MONTHLY: 52.0 TOTAL FOR MONTH: 0.28 1 = FOG OR MIST
DPTR FM NORMAL: -2.0 DPTR FM NORMAL: -2.48 2 = FOG REDUCING VISIBILITY
HIGHEST: 80 ON 9 GRTST 24HR 0.12 ON 22-22 TO 1/4 MILE OR LESS
LOWEST: 25 ON 24 3 = THUNDER
SNOW, ICE PELLETS, HAIL 4 = ICE PELLETS
TOTAL MONTH: 0.0 INCH 5 = HAIL
GRTST 24HR 0.0 6 = FREEZING RAIN OR DRIZZLE
GRTST DEPTH: 0 7 = DUSTSTORM OR SANDSTORM:
VSBY 1/2 MILE OR LESS
8 = SMOKE OR HAZE
[NO. OF DAYS WITH] [WEATHER - DAYS WITH] 9 = BLOWING SNOW
X = TORNADO
MAX 32 OR BELOW: 0 0.01 INCH OR MORE: 4
MAX 90 OR ABOVE: 0 0.10 INCH OR MORE: 2
MIN 32 OR BELOW: 8 0.50 INCH OR MORE: 0
MIN 0 OR BELOW: 0 1.00 INCH OR MORE: 0
[HDD (BASE 65) ]
TOTAL THIS MO. 384 CLEAR (SCALE 0-3) 17
DPTR FM NORMAL 41 PTCLDY (SCALE 4-7) 9
TOTAL FM JUL 1 446 CLOUDY (SCALE 8-10) 4
DPTR FM NORMAL -8
[CDD (BASE 65) ]
TOTAL THIS MO. 0
DPTR FM NORMAL -13 [PRESSURE DATA]
TOTAL FM JAN 1 2190 HIGHEST SLP 30.52 ON 20
DPTR FM NORMAL -43 LOWEST SLP 29.86 ON 22
[REMARKS]
#FINAL-11-21#