000
CXUS55 KGJT 011711
CLMCAG
CLIMATE REPORT
NATIONAL WEATHER SERVICE GRAND JUNCTION CO
1011 AM MST MON JAN 01 2024
...................................
...THE CRAIG CO CLIMATE SUMMARY FOR THE MONTH OF DECEMBER 2023...
CLIMATE NORMAL PERIOD 1991 TO 2020
CLIMATE RECORD PERIOD 9999 TO 9999
WEATHER OBSERVED NORMAL DEPART LAST YEAR`S
VALUE DATE(S) VALUE FROM VALUE DATE(S)
NORMAL
................................................................
TEMPERATURE (F)
HIGHEST 51 12/20 MM MM 47 12/01
LOWEST -12 12/26 MM MM -21 12/19
12/27
AVG. MAXIMUM 36.2 32.2 4.0 28.0
AVG. MINIMUM 9.3 5.3 4.0 1.0
MEAN 22.8 18.7 4.1 14.5
DAYS MAX >= 90 0 0.0 0.0 0
DAYS MAX <= 32 10 16.9 -6.9 20
DAYS MIN <= 32 31 30.9 0.1 31
DAYS MIN <= 0 9 11.9 -2.9 14
PRECIPITATION (INCHES)
TOTALS 0.62 0.90 -0.28 2.33
DAILY AVG. 0.02 0.03 -0.01 0.08
DAYS >= .01 9 9.9 -0.9 13
DAYS >= .10 2 3.1 -1.1 7
DAYS >= .50 0 0.3 -0.3 1
DAYS >= 1.00 0 0.0 0.0 0
GREATEST
24 HR. TOTAL 0.29 12/23 TO 12/23 0.81
12/23 TO 12/24
SNOWFALL (INCHES)
TOTALS MM MM MM MM
SINCE 7/1 MM MM MM MM
SNOWDEPTH AVG. MM MM
DAYS >= 1.0 MM MM MM MM
GREATEST
SNOW DEPTH MM MM MM
24 HR TOTAL MM MM
DEGREE DAYS
HEATING TOTAL 1302 1434 -132 1557
SINCE 7/1 3095 3364 -269 3494
COOLING TOTAL 0 0 0 0
SINCE 1/1 292 217 75 375
................................................................
WIND (MPH)
AVERAGE WIND SPEED 3.2
HIGHEST WIND SPEED/DIRECTION 30/260 DATE 12/03
30/250 12/07
HIGHEST GUST SPEED/DIRECTION 47/240 DATE 12/07
SKY COVER
POSSIBLE SUNSHINE (PERCENT) MM
AVERAGE SKY COVER 0.46
NUMBER OF DAYS FAIR 12
NUMBER OF DAYS PC 11
NUMBER OF DAYS CLOUDY 8
AVERAGE RH (PERCENT) 76
WEATHER CONDITIONS. NUMBER OF DAYS WITH
THUNDERSTORM 0 MIXED PRECIP 0
HEAVY RAIN 0 RAIN 0
LIGHT RAIN 2 FREEZING RAIN 0
LT FREEZING RAIN 0 HAIL 0
HEAVY SNOW 1 SNOW 2
LIGHT SNOW 11 SLEET 0
FOG 16 FOG W/VIS <= 1/4 MILE 8
HAZE 5
- INDICATES NEGATIVE NUMBERS.
R INDICATES RECORD WAS SET OR TIED.
MM INDICATES DATA IS MISSING.
T INDICATES TRACE AMOUNT.
$$