173
CXUS55 KBOU 010900
CF6CCU
PRELIMINARY LOCAL CLIMATOLOGICAL DATA (WS FORM: F-6)
STATION: COPPER MTN/RED CLIFF
MONTH: MARCH
YEAR: 2021
LATITUDE: 39 28 N
LONGITUDE: 106 9 W
TEMPERATURE IN F: :PCPN: SNOW: WIND :SUNSHINE: SKY :PK WND
================================================================================
1 2 3 4 5 6A 6B 7 8 9 10 11 12 13 14 15 16 17 18
12Z AVG MX 2MIN
DY MAX MIN AVG DEP HDD CDD WTR SNW DPTH SPD SPD DIR MIN PSBL S-S WX SPD DR
================================================================================
1 39 5 22 M 43 0 0.00 M M 4.3 10 170 M M 0 M M
2 36 19 28 M 37 0 0.00 M M 7.4 13 240 M M 0 16 240
3 39 23 31 M 34 0 0.00 M M 9.6 21 150 M M 0 20 120
4 32 21 27 M 38 0 0.00 M M 15.0 28 300 M M 9 35 290
5 36 19 28 M 37 0 0.00 M M 3.4 10 160 M M 0 8 16 320
6 39 27 33 M 32 0 0.00 M M 9.8 25 250 M M 0 36 250
7 41 28 35 M 30 0 0.00 M M 10.2 20 160 M M 0 23 240
8 37 30 34 M 31 0 0.00 M M 12.4 25 180 M M 3 35 180
9 37 25 31 M 34 0 0.00 M M 13.6 24 160 M M 2 8 32 190
10 25 12 19 M 46 0 0.00 M M 16.0 30 270 M M 9 36 250
11 27 14 21 M 44 0 0.00 M M 13.7 21 170 M M 4 26 170
12 34 19 27 M 38 0 0.00 M M 15.7 29 120 M M 4 38 110
13 28 18 23 M 42 0 0.00 M M 21.0 48 120 M M 8 8 60 120
14 19 12 16 M 49 0 0.00 M M 8.4 15 300 M M 10 21 300
15 25 10 18 M 47 0 0.00 M M 11.8 23 290 M M 8 8 32 290
16 32 18 25 M 40 0 0.06 M M 6.8 21 250 M M 7 8 26 240
17 23 18 21 M 44 0 0.00 M M 11.9 22 290 M M 9 8 28 290
18 34 14 24 M 41 0 0.16 M M 6.3 12 270 M M 5 8 22 200
19 41 25 33 M 32 0 0.00 M M 12.9 20 260 M M 1 31 260
20 41 28 35 M 30 0 0.00 M M 17.5 28 180 M M 2 8 38 180
21 30 19 25 M 40 0 0.06 M M 10.1 27 170 M M 10 8 31 170
22 28 18 23 M 42 0 0.02 M M 8.6 16 290 M M 9 8 21 290
23 25 14 20 M 45 0 0.02 M M 6.1 15 50 M M 10 8 24 60
24 25 12 19 M 46 0 0.00 M M 11.7 24 260 M M 10 8 32 110
25 25 14 20 M 45 0 0.00 M M 11.2 22 260 M M 8 8 25 240
26 25 18 22 M 43 0 0.00 M M 9.7 21 270 M M 9 28 270
27 23 14 19 M 46 0 0.00 M M 14.7 18 290 M M 10 28 270
28 37 19 28 M 37 0 0.04 M M 15.2 26 260 M M 3 8 37 240
29 37 25 31 M 34 0 0.00 M M 19.9 33 250 M M 5 8 47 250
30 23 9 16 M 49 0 0.00 M M 11.0 22 280 M M 9 8 28 280
31 30 5 18 M 47 0 0.01 M M 10.0 17 280 M M 1 26 290
================================================================================
SM 973 552 1243 0 0.37 M 355.8 M 165
================================================================================
AV 31.4 17.8 11.5 FASTST M M 5 MAX(MPH)
MISC ----> 48 120 60 120
================================================================================
NOTES:
# LAST OF SEVERAL OCCURRENCES
COLUMN 17 PEAK WIND IN M.P.H.
PRELIMINARY LOCAL CLIMATOLOGICAL DATA (WS FORM: F-6) , PAGE 2
STATION: COPPER MTN/RED CLIFF
MONTH: MARCH
YEAR: 2021
LATITUDE: 39 28 N
LONGITUDE: 106 9 W
[TEMPERATURE DATA] [PRECIPITATION DATA] SYMBOLS USED IN COLUMN 16
AVERAGE MONTHLY: 24.6 TOTAL FOR MONTH: 0.37 1 = FOG OR MIST
DPTR FM NORMAL: 0.0 DPTR FM NORMAL: M 2 = FOG REDUCING VISIBILITY
HIGHEST: 41 ON 20,19 GRTST 24HR 0.16 ON 18-18 TO 1/4 MILE OR LESS
LOWEST: 5 ON 31, 1 3 = THUNDER
SNOW, ICE PELLETS, HAIL 4 = ICE PELLETS
TOTAL MONTH: M 5 = HAIL
GRTST 24HR M ON M 6 = FREEZING RAIN OR DRIZZLE
GRTST DEPTH: M ON M 7 = DUSTSTORM OR SANDSTORM:
VSBY 1/2 MILE OR LESS
8 = SMOKE OR HAZE
[NO. OF DAYS WITH] [WEATHER - DAYS WITH] 9 = BLOWING SNOW
X = TORNADO
MAX 32 OR BELOW: 17 0.01 INCH OR MORE: 7
MAX 90 OR ABOVE: 0 0.10 INCH OR MORE: 1
MIN 32 OR BELOW: 31 0.50 INCH OR MORE: 0
MIN 0 OR BELOW: 0 1.00 INCH OR MORE: 0
[HDD (BASE 65) ]
TOTAL THIS MO. 1243 CLEAR (SCALE 0-3) 12
DPTR FM NORMAL M PTCLDY (SCALE 4-7) 6
TOTAL FM JUL 1 8024 CLOUDY (SCALE 8-10) 13
DPTR FM NORMAL M
[CDD (BASE 65) ]
TOTAL THIS MO. 0
DPTR FM NORMAL M [PRESSURE DATA]
TOTAL FM JAN 1 0 HIGHEST SLP M ON M
DPTR FM NORMAL M LOWEST SLP M ON M
[REMARKS]
#FINAL-03-21#