367
CXUS55 KCYS 011014
CF6CDR
PRELIMINARY LOCAL CLIMATOLOGICAL DATA (WS FORM: F-6) ...CORRECTED...
STATION: CHADRON NEBRASKA AIRPORT
MONTH: OCTOBER
YEAR: 2020
LATITUDE: 42 50 N
LONGITUDE: 103 6 W
TEMPERATURE IN F: :PCPN: SNOW: WIND :SUNSHINE: SKY :PK WND
================================================================================
1 2 3 4 5 6A 6B 7 8 9 10 11 12 13 14 15 16 17 18
12Z AVG MX 2MIN
DY MAX MIN AVG DEP HDD CDD WTR SNW DPTH SPD SPD DIR MIN PSBL S-S WX SPD DR
================================================================================
1 65 26 46 -8 19 0 0.00 M M 5.1 15 300 M M 0 21 340
2 78 29 54 1 11 0 0.00 M M 9.4 37 40 M M 1 50 30
3 71 36 54 1 11 0 0.00 M M 7.0 16 310 M M 1 26 300
4 84 31 58 6 7 0 0.00 M M 5.3 16 190 M M 0 21 190
5 80 39 60 8 5 0 0.00 M M 8.1 22 40 M M 0 29 30
6 86 35 61 9 4 0 0.00 M M 6.2 17 260 M M 0 23 260
7 80 38 59 8 6 0 0.00 M M 6.7 14 140 M M 0 22 160
8 92 49 71 20 0 6 0.00 M M 8.7 22 280 M M 0 8 29 250
9 83 40 62 12 3 0 0.00 M M 6.3 17 320 M M 0 8 23 320
10 84 32 58 8 7 0 0.00 M M 19.5 39 180 M M 0 8 51 190
11 73 33 53 3 12 0 T M M 15.5 41 300 M M 2 59 310
12 76 27 52 3 13 0 0.00 M M 13.8 35 280 M M 1 46 270
13 70 36 53 4 12 0 0.00 M M 9.6 30 170 M M 1 40 180
14 73 38 56 8 9 0 0.02 M M 14.5 30 300 M M 5 43 300
15 49 25 37 -11 28 0 0.01 M M 10.2 33 330 M M 2 1 48 340
16 62 24 43 -5 22 0 0.00 M M 7.1 18 250 M M 4 26 220
17 50 29 40 -7 25 0 0.03 M M 10.5 25 30 M M 9 1 32 20
18 37 27 32 -15 33 0 T M M 6.1 15 140 M M 10 1 19 140
19 42 35 39 -7 26 0 0.11 M M 6.7 18 200 M M 10 1 23 210
20 54 34 44 -2 21 0 T M M 10.4 22 310 M M 6 12 32 310
21 54 29 42 -4 23 0 T M M 10.9 22 350 M M 7 1268 27 10
22 31 24 28 -17 37 0 T M M 11.5 20 20 M M 10 1 27 10
23 32 21 27 -18 38 0 T M M 8.2 28 170 M M 8 1 37 170
24 34 18 26 -18 39 0 T M M 13.5 23 20 M M 8 18 32 10
25 18 9 14 -30 51 0 T M M 10.7 23 40 M M 10 189 28 30
26 20 -10 5 -39 60 0 0.00 M M 7.6 18 240 M M 1 18 22 240
27 34 1 18 -25 47 0 0.00 M M 6.2 15 240 M M 0 20 240
28 48 22 35 -8 30 0 0.00 M M 6.1 14 230 M M 4 17 220
29 66 33 50 8 15 0 0.00 M M 7.4 16 260 M M 3 18 22 280
30 70 28 49 7 16 0 0.00 M M 11.4 24 200 M M 0 32 230
31 58 26 42 1 23 0 0.00 M M 11.3 29 300 M M 1 38 310
================================================================================
SM 1854 864 653 6 0.17 M 291.5 M 104
================================================================================
AV 59.8 27.9 9.4 FASTST M M 3 MAX(MPH)
MISC ----> # 41 300 # 59 310
================================================================================
NOTES:
# LAST OF SEVERAL OCCURRENCES
COLUMN 17 PEAK WIND IN M.P.H.
PRELIMINARY LOCAL CLIMATOLOGICAL DATA (WS FORM: F-6) , PAGE 2
STATION: CHADRON NEBRASKA AIRPORT
MONTH: OCTOBER
YEAR: 2020
LATITUDE: 42 50 N
LONGITUDE: 103 6 W
[TEMPERATURE DATA] [PRECIPITATION DATA] SYMBOLS USED IN COLUMN 16
AVERAGE MONTHLY: 43.8 TOTAL FOR MONTH: 0.17 1 = FOG OR MIST
DPTR FM NORMAL: -3.8 DPTR FM NORMAL: -1.14 2 = FOG REDUCING VISIBILITY
HIGHEST: 92 ON 8 GRTST 24HR 0.11 ON 19-19 TO 1/4 MILE OR LESS
LOWEST: -10 ON 26 3 = THUNDER
SNOW, ICE PELLETS, HAIL 4 = ICE PELLETS
TOTAL MONTH: M 5 = HAIL
GRTST 24HR M ON M 6 = FREEZING RAIN OR DRIZZLE
GRTST DEPTH: M ON M 7 = DUSTSTORM OR SANDSTORM:
VSBY 1/2 MILE OR LESS
8 = SMOKE OR HAZE
[NO. OF DAYS WITH] [WEATHER - DAYS WITH] 9 = BLOWING SNOW
X = TORNADO
MAX 32 OR BELOW: 4 0.01 INCH OR MORE: 4
MAX 90 OR ABOVE: 1 0.10 INCH OR MORE: 1
MIN 32 OR BELOW: 19 0.50 INCH OR MORE: 0
MIN 0 OR BELOW: 1 1.00 INCH OR MORE: 0
[HDD (BASE 65) ]
TOTAL THIS MO. 653 CLEAR (SCALE 0-3) 19
DPTR FM NORMAL 111 PTCLDY (SCALE 4-7) 7
TOTAL FM JUL 1 820 CLOUDY (SCALE 8-10) 5
DPTR FM NORMAL 67
[CDD (BASE 65) ]
TOTAL THIS MO. 6
DPTR FM NORMAL 4 [PRESSURE DATA]
TOTAL FM JAN 1 1028 HIGHEST SLP 30.67 ON 25
DPTR FM NORMAL 316 LOWEST SLP 29.44 ON 11
[REMARKS]
OCTOBER 8TH...RECORD HIGH 92 DEGREES (PREVIOUS 88 DEGREES IN 1960).
OCTOBER 25TH...RECORD LOW 9 DEGREES (PREVIOUS 14 DEGREES IN 1962).
OCTOBER 25TH...RECORD LOW HIGH 18 DEGREES (PREVIOUS 29 DEGREES IN
1919).
OCTOBER 26TH...RECORD LOW -10 DEGREES (PREVIOUS 7 DEGREES IN 1997).
OCTOBER 27TH...RECORD LOW 1 DEGREE (PREVIOUS 11 DEGREES IN 1925).
MONTHLY PRECIPITATION 0.17 INCH TIED 1956 FOR 9TH DRIEST OCTOBER.
MEAN TEMPERATURE 43.8 DEGREES WAS 5TH COLDEST FOR OCTOBER.
#FINAL-10-20#