000
CXUS55 KCYS 011530
CLMCDR
CLIMATE REPORT
NATIONAL WEATHER SERVICE CHEYENNE WY
930 AM MDT MON MAY 01 2023
...................................
...THE CHADRON NEBRASKA AIRPORT CLIMATE SUMMARY FOR THE MONTH OF APRIL 2023...
CLIMATE NORMAL PERIOD 1991 TO 2020
CLIMATE RECORD PERIOD 1895 TO 2023
WEATHER OBSERVED NORMAL DEPART LAST YEAR`S
VALUE DATE(S) VALUE FROM VALUE DATE(S)
NORMAL
................................................................
TEMPERATURE (F)
RECORD
HIGH 93 04/20/1989
LOW -11 04/02/1975
HIGHEST 87 04/11 MM MM 83
LOWEST 4 04/06 MM MM 14
AVG. MAXIMUM 58.8 59.8 -1.0 58.1
AVG. MINIMUM 27.7 31.8 -4.1 28.1
MEAN 43.3 45.8 -2.5 43.1
DAYS MAX >= 90 0 0.1 -0.1 0
DAYS MAX <= 32 2 0.8 1.2 1
DAYS MIN <= 32 19 15.6 3.4 22
DAYS MIN <= 0 0 0.2 -0.2 0
PRECIPITATION (INCHES)
RECORD
MAXIMUM 4.78 2000
TOTALS 0.38 1.96 -1.58 2.14
DAYS >= .01 3 9.3 -6.3 8
DAYS >= .10 2 5.3 -3.3 5
DAYS >= .50 0 1.1 -1.1 2
DAYS >= 1.00 0 0.1 -0.1 0
GREATEST
24 HR. TOTAL 0.23 04/03 TO 04/04 0.82 04/22 TO 04/23
DEGREE DAYS
HEATING TOTAL 647 577 70 648
SINCE 7/1 6886 6477 409 MM
COOLING TOTAL 0 1 -1 0
SINCE 1/1 0 1 -1 MM
................................................................
WIND (MPH)
AVERAGE WIND SPEED 9.6
HIGHEST WIND SPEED/DIRECTION 39/300 DATE 04/18
HIGHEST GUST SPEED/DIRECTION 53/300 DATE 04/18
SKY COVER
POSSIBLE SUNSHINE (PERCENT) MM
AVERAGE SKY COVER 0.33
NUMBER OF DAYS FAIR 20
NUMBER OF DAYS PC 5
NUMBER OF DAYS CLOUDY 5
AVERAGE RH (PERCENT) 58
WEATHER CONDITIONS. NUMBER OF DAYS WITH
THUNDERSTORM 1 MIXED PRECIP 0
HEAVY RAIN 0 RAIN 1
LIGHT RAIN 4 FREEZING RAIN 0
LT FREEZING RAIN 1 HAIL 0
HEAVY SNOW 1 SNOW 2
LIGHT SNOW 4 SLEET 0
FOG 5 FOG W/VIS <= 1/4 MILE 1
HAZE 2
- INDICATES NEGATIVE NUMBERS.
R INDICATES RECORD WAS SET OR TIED.
MM INDICATES DATA IS MISSING.
T INDICATES TRACE AMOUNT.
$$