000
CXUS54 KLUB 010730
CF6CDS
PRELIMINARY LOCAL CLIMATOLOGICAL DATA (WS FORM: F-6)
STATION: CHILDRESS
MONTH: AUGUST
YEAR: 2023
LATITUDE: 34 25 N
LONGITUDE: 100 17 W
TEMPERATURE IN F: :PCPN: SNOW: WIND :SUNSHINE: SKY :PK WND
================================================================================
1 2 3 4 5 6A 6B 7 8 9 10 11 12 13 14 15 16 17 18
12Z AVG MX 2MIN
DY MAX MIN AVG DEP HDD CDD WTR SNW DPTH SPD SPD DIR MIN PSBL S-S WX SPD DR
================================================================================
1 103 78 91 7 0 26 0.00 0.0 0 10.2 21 200 M M 0 31 200
2 105 76 91 7 0 26 0.00 0.0 0 10.4 20 230 M M 0 27 220
3 105 76 91 7 0 26 0.00 0.0 0 10.9 22 220 M M 0 28 220
4 106 77 92 8 0 27 0.00 0.0 0 8.6 16 240 M M 1 3 26 210
5 104 78 91 7 0 26 0.00 0.0 0 8.4 17 110 M M 0 28 130
6 103 76 90 6 0 25 0.03 0.0 0 8.1 24 140 M M 0 3 33 20
7 95 74 85 1 0 20 0.00 0.0 0 8.6 20 60 M M 0 29 60
8 100 72 86 2 0 21 0.20 0.0 0 10.4 40 330 M M 1 3 55 340
9 99 71 85 1 0 20 0.00 0.0 0 10.6 22 320 M M 1 26 320
10 99 67 83 0 0 18 0.00 0.0 0 5.9 12 130 M M 0 19 160
11 110 75 93 10 0 28 T 0.0 0 9.3 30 210 M M 0 3 43 210
12 109 74 92 9 0 27 0.55 0.0 0 11.8 32 340 M M 2 3 45 360
13 103 74 89 6 0 24 0.05 0.0 0 11.1 30 10 M M 2 3 43 20
14 87 71 79 -4 0 14 0.00 0.0 0 9.5 21 20 M M 2 31 50
15 94 67 81 -2 0 16 0.00 0.0 0 4.3 13 130 M M 0 17 130
16 102 67 85 3 0 20 0.00 0.0 0 9.9 17 200 M M 0 28 180
17 110 72 91 9 0 26 0.00 0.0 0 8.0 17 320 M M 0 28 80
18 109 70 90 8 0 25 0.00 0.0 0 6.7 16 180 M M 0 23 180
19 106 74 90 8 0 25 0.00 0.0 0 8.8 17 200 M M 0 25 200
20 104 75 90 8 0 25 0.00 0.0 0 7.9 20 150 M M 0 32 140
21 104 77 91 9 0 26 0.00 0.0 0 8.7 20 130 M M 0 29 140
22 103 77 90 9 0 25 0.00 0.0 0 6.6 16 110 M M 0 27 160
23 98 77 88 7 0 23 0.00 0.0 0 7.0 16 150 M M 1 24 160
24 100 74 87 6 0 22 0.00 0.0 0 9.2 18 210 M M 1 27 220
25 103 74 89 8 0 24 0.00 0.0 0 6.8 16 190 M M 0 24 200
26 101 72 87 7 0 22 0.00 0.0 0 12.7 22 360 M M 0 31 40
27 95 73 84 4 0 19 0.00 0.0 0 8.6 16 10 M M 1 24 20
28 95 71 83 3 0 18 0.00 0.0 0 5.5 14 10 M M 0 21 50
29 93 65 79 -1 0 14 T 0.0 0 5.9 21 20 M M 2 27 20
30 97 65 81 1 0 16 0.00 0.0 0 4.8 12 340 M M 0 16 40
31 98 68 83 4 0 18 0.00 0.0 0 6.9 16 140 M M 0 22 140
================================================================================
SM 3140 2257 0 692 0.83 0.0 262.1 M 14
================================================================================
AV101.3 72.8 8.5 FASTST M M 0 MAX(MPH)
MISC ----> 40 330 55 340
================================================================================
NOTES:
# LAST OF SEVERAL OCCURRENCES
COLUMN 17 PEAK WIND IN M.P.H.
PRELIMINARY LOCAL CLIMATOLOGICAL DATA (WS FORM: F-6) , PAGE 2
STATION: CHILDRESS
MONTH: AUGUST
YEAR: 2023
LATITUDE: 34 25 N
LONGITUDE: 100 17 W
[TEMPERATURE DATA] [PRECIPITATION DATA] SYMBOLS USED IN COLUMN 16
AVERAGE MONTHLY: 87.0 TOTAL FOR MONTH: 0.83 1 = FOG OR MIST
DPTR FM NORMAL: 4.8 DPTR FM NORMAL: -1.97 2 = FOG REDUCING VISIBILITY
HIGHEST: 110 ON 17,11 GRTST 24HR 0.60 ON 12-13 TO 1/4 MILE OR LESS
LOWEST: 65 ON 30,29 3 = THUNDER
SNOW, ICE PELLETS, HAIL 4 = ICE PELLETS
TOTAL MONTH: 0.0 INCH 5 = HAIL
GRTST 24HR 0.0 6 = FREEZING RAIN OR DRIZZLE
GRTST DEPTH: 0 7 = DUSTSTORM OR SANDSTORM:
VSBY 1/2 MILE OR LESS
8 = SMOKE OR HAZE
[NO. OF DAYS WITH] [WEATHER - DAYS WITH] 9 = BLOWING SNOW
X = TORNADO
MAX 32 OR BELOW: 0 0.01 INCH OR MORE: 4
MAX 90 OR ABOVE: 30 0.10 INCH OR MORE: 2
MIN 32 OR BELOW: 0 0.50 INCH OR MORE: 1
MIN 0 OR BELOW: 0 1.00 INCH OR MORE: 0
[HDD (BASE 65) ]
TOTAL THIS MO. 0 CLEAR (SCALE 0-3) 31
DPTR FM NORMAL 0 PTCLDY (SCALE 4-7) 0
TOTAL FM JUL 1 0 CLOUDY (SCALE 8-10) 0
DPTR FM NORMAL 0
[CDD (BASE 65) ]
TOTAL THIS MO. 692
DPTR FM NORMAL 159 [PRESSURE DATA]
TOTAL FM JAN 1 2003 HIGHEST SLP M ON M
DPTR FM NORMAL 121 LOWEST SLP 29.61 ON 11
[REMARKS]
#FINAL-08-23#