000
CXUS53 KPAH 010730
CF6CGI
PRELIMINARY LOCAL CLIMATOLOGICAL DATA (WS FORM: F-6)
STATION: CAPE GIRARDEAU MO
MONTH: AUGUST
YEAR: 2023
LATITUDE: 37 13 N
LONGITUDE: 89 35 W
TEMPERATURE IN F: :PCPN: SNOW: WIND :SUNSHINE: SKY :PK WND
================================================================================
1 2 3 4 5 6A 6B 7 8 9 10 11 12 13 14 15 16 17 18
12Z AVG MX 2MIN
DY MAX MIN AVG DEP HDD CDD WTR SNW DPTH SPD SPD DIR MIN PSBL S-S WX SPD DR
================================================================================
1 84 71 78 -1 0 13 T M M 4.2 8 100 M M 6 11 140
2 85 68 77 -2 0 12 1.33 M M 7.2 35 300 M M 6 138 47 300
3 85 71 78 -1 0 13 3.21 M M 4.9 29 330 M M 5 13 42 300
4 85 73 79 0 0 14 1.07 M M 4.0 15 250 M M 6 13 24 110
5 89 72 81 2 0 16 0.48 M M 6.9 31 360 M M 6 138 41 350
6 88 71 80 1 0 15 0.00 M M 6.5 16 210 M M 4 12 27 210
7 83 65 74 -5 0 9 0.00 M M 7.9 18 290 M M 4 25 280
8 83 63 73 -5 0 8 0.00 M M 3.8 12 200 M M 0 1 18 230
9 75 70 73 -5 0 8 0.52 M M 4.2 17 180 M M 5 13 27 170
10 86 70 78 0 0 13 T M M 2.4 7 210 M M 5 1 10 160
11 88 68 78 0 0 13 0.00 M M 3.3 12 230 M M 4 128 16 180
12 85 70 78 0 0 13 1.15 M M 4.6 32 30 M M 2 13 44 50
13 85 71 78 0 0 13 0.30 M M 2.1 10 250 M M 5 13 15 260
14 85 66 76 -2 0 11 3.09 M M 7.3 21 310 M M 5 13 28 300
15 78 62 70 -8 0 5 0.00 M M 6.0 13 360 M M 5 20 350
16 82 60 71 -7 0 6 0.00 M M 3.3 10 70 M M 2 1 13 50
17 85 59 72 -6 0 7 0.00 M M 5.2 16 240 M M 1 1 26 250
18 84 59 72 -5 0 7 0.00 M M 3.1 10 80 M M 0 1 14 70
19 86 61 74 -3 0 9 0.00 M M 4.0 12 120 M M 0 15 120
20 93 67 80 3 0 15 0.00 M M 4.2 10 190 M M 0 14 180
21 95 76 86 9 0 21 0.00 M M 3.5 9 140 M M 0 1 15 140
22 96 76 86 9 0 21 0.00 M M 2.4 9 100 M M 4 128 13 70
23 95 74 85 9 0 20 0.00 M M 1.0 7 290 M M 5 128 10 280
24 96 71 84 8 0 19 0.00 M M 3.6 10 240 M M 3 128 15 220
25 98 74 86 10 0 21 0.00 M M 3.0 8 230 M M 1 18 M M
26 M M M M M M M M M M M M M M 0 M M
27 82 69 76 0 0 11 M M M 6.1 16 350 M M 4 18 22 350
28 84 61 73 -2 0 8 0.00 M M 6.2 15 40 M M 1 22 20
29 86 58 72 -3 0 7 0.00 M M 3.2 14 340 M M 0 1 18 340
30 83 61 72 -3 0 7 0.00 M M 7.7 17 10 M M 2 1 29 20
31 80 55 68 -7 0 3 0.00 M M 6.7 16 70 M M 0 23 80
================================================================================
SM 2589 2012 0 358 11.15 M 138.5 M 91
================================================================================
AV 86.3 67.1 4.6 FASTST M M 3 MAX(MPH)
MISC ----> 35 300 47 300
================================================================================
NOTES:
# LAST OF SEVERAL OCCURRENCES
COLUMN 17 PEAK WIND IN M.P.H.
PRELIMINARY LOCAL CLIMATOLOGICAL DATA (WS FORM: F-6) , PAGE 2
STATION: CAPE GIRARDEAU MO
MONTH: AUGUST
YEAR: 2023
LATITUDE: 37 13 N
LONGITUDE: 89 35 W
[TEMPERATURE DATA] [PRECIPITATION DATA] SYMBOLS USED IN COLUMN 16
AVERAGE MONTHLY: 76.7 TOTAL FOR MONTH: 11.15 1 = FOG OR MIST
DPTR FM NORMAL: -0.7 DPTR FM NORMAL: 7.92 2 = FOG REDUCING VISIBILITY
HIGHEST: 98 ON 25 GRTST 24HR 3.39 ON 13-14 TO 1/4 MILE OR LESS
LOWEST: 55 ON 31 3 = THUNDER
SNOW, ICE PELLETS, HAIL 4 = ICE PELLETS
TOTAL MONTH: M 5 = HAIL
GRTST 24HR M ON M 6 = FREEZING RAIN OR DRIZZLE
GRTST DEPTH: M ON M 7 = DUSTSTORM OR SANDSTORM:
VSBY 1/2 MILE OR LESS
8 = SMOKE OR HAZE
[NO. OF DAYS WITH] [WEATHER - DAYS WITH] 9 = BLOWING SNOW
X = TORNADO
MAX 32 OR BELOW: 0 0.01 INCH OR MORE: 8
MAX 90 OR ABOVE: 6 0.10 INCH OR MORE: 8
MIN 32 OR BELOW: 0 0.50 INCH OR MORE: 6
MIN 0 OR BELOW: 0 1.00 INCH OR MORE: 5
[HDD (BASE 65) ]
TOTAL THIS MO. 0 CLEAR (SCALE 0-3) 15
DPTR FM NORMAL -1 PTCLDY (SCALE 4-7) 16
TOTAL FM JUL 1 0 CLOUDY (SCALE 8-10) 0
DPTR FM NORMAL 0
[CDD (BASE 65) ]
TOTAL THIS MO. 358
DPTR FM NORMAL -25 [PRESSURE DATA]
TOTAL FM JAN 1 1287 HIGHEST SLP M ON M
DPTR FM NORMAL -58 LOWEST SLP 29.71 ON 9
[REMARKS]
#FINAL-08-23#