000
CXUS54 KMRX 011130
CF6CHA
PRELIMINARY LOCAL CLIMATOLOGICAL DATA (WS FORM: F-6)
STATION: CHATTANOOGA AIRPORT
MONTH: FEBRUARY
YEAR: 2022
LATITUDE: 35 1 N
LONGITUDE: 85 12 W
TEMPERATURE IN F: :PCPN: SNOW: WIND :SUNSHINE: SKY :PK WND
================================================================================
1 2 3 4 5 6A 6B 7 8 9 10 11 12 13 14 15 16 17 18
12Z AVG MX 2MIN
DY MAX MIN AVG DEP HDD CDD WTR SNW DPTH SPD SPD DIR MIN PSBL S-S WX SPD DR
================================================================================
1 62 26 44 1 21 0 0.00 0.0 0 4.0 17 130 M M 2 26 140
2 56 44 50 7 15 0 0.66 0.0 0 7.6 21 150 M M 7 1 29 180
3 65 49 57 14 8 0 2.20 0.0 0 3.7 16 140 M M 10 1 22 140
4 56 32 44 1 21 0 0.10 0.0 0 8.9 17 260 M M 10 24 260
5 41 25 33 -10 32 0 0.00 0.0 0 8.5 20 10 M M 2 24 360
6 51 24 38 -6 27 0 0.00 0.0 0 2.3 12 120 M M 0 17 150
7 56 27 42 -2 23 0 0.00 0.0 0 3.2 13 320 M M 3 19 310
8 56 27 42 -2 23 0 0.00 0.0 0 1.2 9 330 M M 0 12 330
9 63 28 46 2 19 0 0.00 0.0 0 5.2 23 230 M M 1 34 260
10 66 30 48 4 17 0 0.00 0.0 0 3.2 18 280 M M 1 26 290
11 70 33 52 7 13 0 0.00 0.0 0 5.8 24 190 M M 2 34 200
12 62 39 51 6 14 0 0.00 0.0 0 6.9 17 340 M M 6 23 330
13 47 28 38 -7 27 0 0.00 0.0 0 8.1 17 350 M M 3 24 300
14 56 26 41 -4 24 0 0.00 0.0 0 2.9 13 240 M M 0 18 260
15 64 28 46 0 19 0 0.00 0.0 0 4.6 15 150 M M 1 28 150
16 68 41 55 9 10 0 0.00 0.0 0 8.2 21 180 M M 5 29 180
17 69 59 64 18 1 0 1.62 0.0 0 12.1 26 270 M M 9 1 42 290
18 62 30 46 0 19 0 T 0.0 0 10.0 24 280 M M 7 32 300
19 56 26 41 -6 24 0 0.00 0.0 0 3.4 16 360 M M 0 23 360
20 61 27 44 -3 21 0 0.00 0.0 0 3.3 15 150 M M 2 21 160
21 58 37 48 1 17 0 0.45 0.0 0 4.6 16 170 M M 7 1 28 170
22 67 53 60 13 5 0 0.51 0.0 0 5.9 18 170 M M 10 138 27 180
23 70 50 60 12 5 0 2.72 0.0 0 5.2 15 20 M M 9 13 21 350
24 69 49 59 11 6 0 T 0.0 0 4.8 15 180 M M 9 1 24 180
25 66 36 51 3 14 0 0.41 0.0 0 9.8 20 280 M M 6 13 29 270
26 47 36 42 -6 23 0 0.16 0.0 0 9.4 17 350 M M 9 1 23 10
27 50 39 45 -4 20 0 0.73 0.0 0 7.1 16 10 M M 9 1 22 10
28 62 31 47 -2 18 0 0.00 0.0 0 1.9 14 30 M M 2 12 18 20
================================================================================
SM 1676 980 486 0 9.56 0.0 161.8 M 132
================================================================================
AV 59.9 35.0 5.8 FASTST M M 5 MAX(MPH)
MISC ----> 26 270 42 290
================================================================================
NOTES:
# LAST OF SEVERAL OCCURRENCES
COLUMN 17 PEAK WIND IN M.P.H.
PRELIMINARY LOCAL CLIMATOLOGICAL DATA (WS FORM: F-6) , PAGE 2
STATION: CHATTANOOGA AIRPORT
MONTH: FEBRUARY
YEAR: 2022
LATITUDE: 35 1 N
LONGITUDE: 85 12 W
[TEMPERATURE DATA] [PRECIPITATION DATA] SYMBOLS USED IN COLUMN 16
AVERAGE MONTHLY: 47.4 TOTAL FOR MONTH: 9.56 1 = FOG OR MIST
DPTR FM NORMAL: 1.8 DPTR FM NORMAL: 4.53 2 = FOG REDUCING VISIBILITY
HIGHEST: 70 ON 23,11 GRTST 24HR 3.04 ON 22-23 TO 1/4 MILE OR LESS
LOWEST: 24 ON 6 3 = THUNDER
SNOW, ICE PELLETS, HAIL 4 = ICE PELLETS
TOTAL MONTH: 0.0 INCH 5 = HAIL
GRTST 24HR 0.0 6 = FREEZING RAIN OR DRIZZLE
GRTST DEPTH: 0 7 = DUSTSTORM OR SANDSTORM:
VSBY 1/2 MILE OR LESS
8 = SMOKE OR HAZE
[NO. OF DAYS WITH] [WEATHER - DAYS WITH] 9 = BLOWING SNOW
X = TORNADO
MAX 32 OR BELOW: 0 0.01 INCH OR MORE: 10
MAX 90 OR ABOVE: 0 0.10 INCH OR MORE: 10
MIN 32 OR BELOW: 15 0.50 INCH OR MORE: 6
MIN 0 OR BELOW: 0 1.00 INCH OR MORE: 3
[HDD (BASE 65) ]
TOTAL THIS MO. 486 CLEAR (SCALE 0-3) 12
DPTR FM NORMAL -58 PTCLDY (SCALE 4-7) 8
TOTAL FM JUL 1 2199 CLOUDY (SCALE 8-10) 8
DPTR FM NORMAL -272
[CDD (BASE 65) ]
TOTAL THIS MO. 0
DPTR FM NORMAL -1 [PRESSURE DATA]
TOTAL FM JAN 1 5 HIGHEST SLP 30.55 ON 15
DPTR FM NORMAL 5 LOWEST SLP 29.67 ON 17
[REMARKS]
#FINAL-02-22#