000
CXUS51 KLWX 010737
CF6CHO
PRELIMINARY LOCAL CLIMATOLOGICAL DATA (WS FORM: F-6)
STATION: CHARLOTTESVILLE VA
MONTH: APRIL
YEAR: 2022
LATITUDE: 38 7 N
LONGITUDE: 78 27 W
TEMPERATURE IN F: :PCPN: SNOW: WIND :SUNSHINE: SKY :PK WND
================================================================================
1 2 3 4 5 6A 6B 7 8 9 10 11 12 13 14 15 16 17 18
12Z AVG MX 2MIN
DY MAX MIN AVG DEP HDD CDD WTR SNW DPTH SPD SPD DIR MIN PSBL S-S WX SPD DR
================================================================================
1 66 43 55 1 10 0 T M M 9.0 21 300 M M 7 38 310
2 62 32 47 -7 18 0 0.00 M M 4.8 14 170 M M 0 20 170
3 61 44 53 -1 12 0 0.00 M M 7.2 18 290 M M 3 30 290
4 60 33 47 -8 18 0 0.00 M M 2.7 15 190 M M 4 18 200
5 61 45 53 -2 12 0 0.58 M M 4.6 16 40 M M 8 1 19 40
6 72 54 63 7 2 0 0.04 M M 4.6 14 60 M M 6 1 17 60
7 57 47 52 -4 13 0 0.45 M M 4.8 12 60 M M 9 138 15 310
8 65 39 52 -4 13 0 0.02 M M 5.3 24 200 M M 4 1 31 190
9 57 41 49 -7 16 0 T M M 4.9 13 300 M M 7 18 280
10 62 39 51 -6 14 0 0.00 M M 4.7 16 310 M M 3 27 320
11 76 35 56 -1 9 0 0.00 M M 4.4 15 190 M M 1 21 170
12 82 59 71 13 0 6 T M M 4.6 15 200 M M 7 19 200
13 87 61 74 16 0 9 0.00 M M 9.9 24 190 M M 1 35 210
14 82 57 70 12 0 5 0.00 M M 10.8 24 190 M M 2 32 190
15 75 45 60 2 5 0 0.00 M M 7.7 23 190 M M 0 28 160
16 83 56 70 11 0 5 0.00 M M 8.1 18 210 M M 3 25 200
17 69 44 57 -2 8 0 0.00 M M 7.3 17 50 M M 1 24 60
18 47 36 42 -17 23 0 0.92 M M 5.7 16 30 M M 8 1 23 40
19 54 38 46 -14 19 0 0.00 M M 6.6 23 300 M M 4 35 300
20 65 34 50 -10 15 0 0.00 M M 3.0 13 180 M M 1 19 180
21 70 47 59 -1 6 0 0.00 M M 8.4 20 200 M M 2 23 190
22 80 46 63 3 2 0 0.00 M M 3.1 10 90 M M 0 13 30
23 85 54 70 9 0 5 0.00 M M 5.8 16 180 M M 2 20 180
24 92 58 75 14 0 10 0.00 M M 6.3 18 190 M M 0 25 210
25 81 57 69 8 0 4 0.00 M M 5.8 12 40 M M 2 1 14 40
26 75 51 63 1 2 0 1.04 M M 4.1 20 300 M M 5 1238 33 300
27 67 42 55 -7 10 0 0.00 M M 5.7 18 310 M M 0 28 300
28 67 35 51 -11 14 0 0.00 M M 5.2 16 350 M M 0 23 350
29 71 37 54 -8 11 0 0.00 M M 2.6 10 200 M M 0 16 190
30 68 45 57 -6 8 0 0.00 M M 4.6 15 40 M M 3 21 40
================================================================================
SM 2099 1354 260 44 3.05 M 172.3 M 93
================================================================================
AV 70.0 45.1 5.7 FASTST M M 3 MAX(MPH)
MISC ----> # 24 200 38 310
================================================================================
NOTES:
# LAST OF SEVERAL OCCURRENCES
COLUMN 17 PEAK WIND IN M.P.H.
PRELIMINARY LOCAL CLIMATOLOGICAL DATA (WS FORM: F-6) , PAGE 2
STATION: CHARLOTTESVILLE VA
MONTH: APRIL
YEAR: 2022
LATITUDE: 38 7 N
LONGITUDE: 78 27 W
[TEMPERATURE DATA] [PRECIPITATION DATA] SYMBOLS USED IN COLUMN 16
AVERAGE MONTHLY: 57.6 TOTAL FOR MONTH: 3.05 1 = FOG OR MIST
DPTR FM NORMAL: -0.9 DPTR FM NORMAL: -0.12 2 = FOG REDUCING VISIBILITY
HIGHEST: 92 ON 24 GRTST 24HR 1.04 ON 26-26 TO 1/4 MILE OR LESS
LOWEST: 32 ON 2 3 = THUNDER
SNOW, ICE PELLETS, HAIL 4 = ICE PELLETS
TOTAL MONTH: M 5 = HAIL
GRTST 24HR M ON M 6 = FREEZING RAIN OR DRIZZLE
GRTST DEPTH: M ON M 7 = DUSTSTORM OR SANDSTORM:
VSBY 1/2 MILE OR LESS
8 = SMOKE OR HAZE
[NO. OF DAYS WITH] [WEATHER - DAYS WITH] 9 = BLOWING SNOW
X = TORNADO
MAX 32 OR BELOW: 0 0.01 INCH OR MORE: 6
MAX 90 OR ABOVE: 1 0.10 INCH OR MORE: 4
MIN 32 OR BELOW: 1 0.50 INCH OR MORE: 3
MIN 0 OR BELOW: 0 1.00 INCH OR MORE: 1
[HDD (BASE 65) ]
TOTAL THIS MO. 260 CLEAR (SCALE 0-3) 19
DPTR FM NORMAL 26 PTCLDY (SCALE 4-7) 9
TOTAL FM JUL 1 3332 CLOUDY (SCALE 8-10) 2
DPTR FM NORMAL -355
[CDD (BASE 65) ]
TOTAL THIS MO. 44
DPTR FM NORMAL 6 [PRESSURE DATA]
TOTAL FM JAN 1 56 HIGHEST SLP 30.44 ON 21
DPTR FM NORMAL 12 LOWEST SLP 29.51 ON 1
[REMARKS]
#FINAL-04-22#