000
CXUS53 KDVN 011320
CLMCID
CLIMATE REPORT
NATIONAL WEATHER SERVICE QUAD CITIES IA IL
720 AM CST MON JAN 01 2024
...................................
...THE CEDAR RAPIDS IA CLIMATE SUMMARY FOR THE MONTH OF DECEMBER 2023...
CLIMATE NORMAL PERIOD 1991 TO 2020
CLIMATE RECORD PERIOD 1891 TO 2023
WEATHER OBSERVED NORMAL DEPART LAST YEAR`S
VALUE DATE(S) VALUE FROM VALUE
NORMAL
..............................................................
TEMPERATURE (F)
RECORD
HIGH 73 12/15/2021
LOW -28 12/28/1924
HIGHEST 58 12/24 38 20
LOWEST 9 12/19 12 -3
AVG. MAXIMUM 42.6 33.3 9.3
AVG. MINIMUM 28.0 17.1 10.9
MEAN 35.3 25.2 10.1
DAYS MAX >= 90 0
DAYS MAX <= 32 2
DAYS MIN <= 32 22
DAYS MIN <= 0 0
PRECIPITATION (INCHES)
TOTALS 1.50 1.59 -0.09
DAILY AVG. 0.05 0.05 -0.00
DAYS >= .01 12
DAYS >= .10 6
DAYS >= .50 0
DAYS >= 1.00 0
GREATEST
24 HR. TOTAL 0.56 12/24 TO 12/25
DEGREE DAYS
HEATING TOTAL 913 1234 -321
SINCE 7/1 2086 2674 -588
COOLING TOTAL 0 0 0
SINCE 1/1 974 756 218
..............................................................
WIND (MPH)
AVERAGE WIND SPEED 9.7
HIGHEST WIND SPEED/DIRECTION 32/330 DATE 12/18
HIGHEST GUST SPEED/DIRECTION 42/330 DATE 12/18
SKY COVER
POSSIBLE SUNSHINE (PERCENT) MM
AVERAGE SKY COVER 0.58
NUMBER OF DAYS FAIR 12
NUMBER OF DAYS PC 4
NUMBER OF DAYS CLOUDY 15
AVERAGE RH (PERCENT) 79
WEATHER CONDITIONS. NUMBER OF DAYS WITH
THUNDERSTORM 0 HAIL 0
SLEET 0 FOG 18
FOG W/VIS <= 1/4 MILE 6 HAZE 6
- INDICATES NEGATIVE NUMBERS.
R INDICATES RECORD WAS SET OR TIED.
MM INDICATES DATA IS MISSING.
T INDICATES TRACE AMOUNT.
$$
===================================================================
NOTE: SUPPLEMENTAL CLIMATE DATA WAS USED FROM A NEARBY
CLIMATOLOGICALLY REPRESENTATIVE STATION.
===================================================================
PARAMETER DATE
--------- ----
PCPN 12/28