000
CXUS51 KRLX 011454
CF6CKB
PRELIMINARY LOCAL CLIMATOLOGICAL DATA (WS FORM: F-6)
STATION: CLARKSBURG WV
MONTH: FEBRUARY
YEAR: 2022
LATITUDE: 39 16 N
LONGITUDE: 80 14 W
TEMPERATURE IN F: :PCPN: SNOW: WIND :SUNSHINE: SKY :PK WND
================================================================================
1 2 3 4 5 6A 6B 7 8 9 10 11 12 13 14 15 16 17 18
12Z AVG MX 2MIN
DY MAX MIN AVG DEP HDD CDD WTR SNW DPTH SPD SPD DIR MIN PSBL S-S WX SPD DR
================================================================================
1 53 15 34 0 31 0 0.00 M M 1.4 10 130 M M 1 14 110
2 51 25 38 4 27 0 0.14 M M 1.8 9 190 M M 3 1 13 180
3 46 33 40 6 25 0 1.28 M M 5.6 17 330 M M 10 12 20 330
4 33 23 28 -6 37 0 0.56 M M 6.1 14 280 M M 10 168 18 270
5 23 12 18 -16 47 0 0.01 M M 4.9 21 280 M M 8 18 29 290
6 41 7 24 -11 41 0 0.00 M M 0.8 3 350 M M 0 1 4 30
7 49 19 34 -1 31 0 0.00 M M 5.3 14 260 M M 0 18 230
8 40 23 32 -3 33 0 0.00 M M 6.6 15 250 M M 2 22 250
9 58 27 43 8 22 0 0.01 M M 9.0 22 210 M M 3 32 180
10 50 28 39 4 26 0 0.01 M M 8.6 24 240 M M 5 33 230
11 63 28 46 11 19 0 0.00 M M 10.4 29 210 M M 3 40 230
12 54 30 42 6 23 0 0.02 M M 8.8 18 240 M M 9 1 31 270
13 31 21 26 -10 39 0 T M M 7.1 15 290 M M 10 18 20 310
14 25 14 20 -16 45 0 T M M 6.2 15 310 M M 6 18 18 230
15 43 11 27 -9 38 0 0.00 M M 1.6 7 190 M M 0 18 10 300
16 63 25 44 8 21 0 0.00 M M 7.8 22 210 M M 0 30 210
17 66 55 61 25 4 0 0.70 M M 12.2 35 220 M M 7 1 44 220
18 65 23 44 7 21 0 0.05 M M 11.3 37 220 M M 8 18 52 210
19 35 17 26 -11 39 0 T M M 12.5 32 290 M M 4 42 290
20 52 15 34 -3 31 0 0.00 M M 4.7 17 210 M M 0 21 200
21 66 37 52 15 13 0 0.00 M M 5.6 20 210 M M 1 24 210
22 66 48 57 20 8 0 0.09 M M 10.4 32 200 M M 7 44 190
23 60 32 46 8 19 0 T M M 10.3 22 220 M M 9 29 230
24 38 30 34 -4 31 0 0.44 M M 6.1 12 10 M M 10 18 16 30
25 57 29 43 5 22 0 0.36 M M 11.5 28 290 M M 10 1 40 280
26 36 24 30 -8 35 0 0.00 M M 6.4 16 290 M M 6 21 290
27 48 22 35 -4 30 0 0.00 M M 7.0 21 290 M M 0 28 270
28 49 25 37 -2 28 0 0.00 M M 1.6 10 260 M M 1 15 240
================================================================================
SM 1361 698 786 0 3.67 M 191.6 M 133
================================================================================
AV 48.6 24.9 6.8 FASTST M M 5 MAX(MPH)
MISC ----> 37 220 52 210
================================================================================
NOTES:
# LAST OF SEVERAL OCCURRENCES
COLUMN 17 PEAK WIND IN M.P.H.
PRELIMINARY LOCAL CLIMATOLOGICAL DATA (WS FORM: F-6) , PAGE 2
STATION: CLARKSBURG WV
MONTH: FEBRUARY
YEAR: 2022
LATITUDE: 39 16 N
LONGITUDE: 80 14 W
[TEMPERATURE DATA] [PRECIPITATION DATA] SYMBOLS USED IN COLUMN 16
AVERAGE MONTHLY: 36.8 TOTAL FOR MONTH: 3.67 1 = FOG OR MIST
DPTR FM NORMAL: 0.7 DPTR FM NORMAL: 0.53 2 = FOG REDUCING VISIBILITY
HIGHEST: 66 ON 22,21 GRTST 24HR 1.46 ON 3- 4 TO 1/4 MILE OR LESS
LOWEST: 7 ON 6 3 = THUNDER
SNOW, ICE PELLETS, HAIL 4 = ICE PELLETS
TOTAL MONTH: M 5 = HAIL
GRTST 24HR M ON M 6 = FREEZING RAIN OR DRIZZLE
GRTST DEPTH: M ON M 7 = DUSTSTORM OR SANDSTORM:
VSBY 1/2 MILE OR LESS
8 = SMOKE OR HAZE
[NO. OF DAYS WITH] [WEATHER - DAYS WITH] 9 = BLOWING SNOW
X = TORNADO
MAX 32 OR BELOW: 3 0.01 INCH OR MORE: 12
MAX 90 OR ABOVE: 0 0.10 INCH OR MORE: 6
MIN 32 OR BELOW: 24 0.50 INCH OR MORE: 3
MIN 0 OR BELOW: 0 1.00 INCH OR MORE: 1
[HDD (BASE 65) ]
TOTAL THIS MO. 786 CLEAR (SCALE 0-3) 12
DPTR FM NORMAL -23 PTCLDY (SCALE 4-7) 9
TOTAL FM JUL 1 3517 CLOUDY (SCALE 8-10) 7
DPTR FM NORMAL -52
[CDD (BASE 65) ]
TOTAL THIS MO. 0
DPTR FM NORMAL 0 [PRESSURE DATA]
TOTAL FM JAN 1 0 HIGHEST SLP 30.60 ON 15
DPTR FM NORMAL 0 LOWEST SLP 29.39 ON 18
[REMARKS]
#FINAL-02-22#