000
CXUS51 KRLX 011240
CF6CKB
PRELIMINARY LOCAL CLIMATOLOGICAL DATA (WS FORM: F-6)
STATION: CLARKSBURG WV
MONTH: DECEMBER
YEAR: 2021
LATITUDE: 39 16 N
LONGITUDE: 80 14 W
TEMPERATURE IN F: :PCPN: SNOW: WIND :SUNSHINE: SKY :PK WND
================================================================================
1 2 3 4 5 6A 6B 7 8 9 10 11 12 13 14 15 16 17 18
12Z AVG MX 2MIN
DY MAX MIN AVG DEP HDD CDD WTR SNW DPTH SPD SPD DIR MIN PSBL S-S WX SPD DR
================================================================================
1 53 28 41 0 24 0 0.08 M M 4.0 22 210 M M 5 1 30 220
2 60 50 55 14 10 0 T M M 13.8 24 300 M M 7 32 310
3 50 35 43 2 22 0 0.00 M M 3.5 16 290 M M 6 24 290
4 54 30 42 1 23 0 0.00 M M 2.7 14 310 M M 1 18 320
5 60 25 43 3 22 0 0.00 M M 4.5 15 160 M M 4 22 150
6 64 30 47 7 18 0 0.32 M M 12.3 30 210 M M 8 1 38 200
7 32 23 28 -12 37 0 0.00 M M 4.5 14 270 M M 2 17 230
8 33 21 27 -13 38 0 0.07 M M 3.7 12 250 M M 7 1 17 240
9 44 19 32 -7 33 0 0.00 M M 1.3 9 120 M M 1 1 15 120
10 59 43 51 12 14 0 0.14 M M 3.6 12 220 M M 9 1 15 230
11 70 37 54 15 11 0 0.45 M M 15.1 35 280 M M 8 1 46 290
12 44 28 36 -3 29 0 0.00 M M 6.3 18 270 M M 2 24 270
13 51 22 37 -1 28 0 0.00 M M 3.0 15 210 M M 0 18 21 210
14 56 25 41 3 24 0 0.00 M M 0.9 7 350 M M 0 18 11 330
15 64 31 48 10 17 0 0.00 M M 1.4 10 210 M M 4 8 13 210
16 70 42 56 18 9 0 0.08 M M 8.9 23 220 M M 5 18 28 220
17 56 39 48 11 17 0 0.12 M M 4.5 14 310 M M 7 1 17 300
18 63 39 51 14 14 0 0.22 M M 8.2 24 300 M M 10 1 31 310
19 41 32 37 0 28 0 0.01 M M 6.8 16 350 M M 10 1 21 300
20 44 21 33 -4 32 0 0.00 M M 1.5 7 270 M M 1 18 10 230
21 41 23 32 -4 33 0 0.00 M M 1.0 7 180 M M 0 18 8 180
22 38 23 31 -5 34 0 0.00 M M 9.7 21 310 M M 5 26 310
23 52 18 35 -1 30 0 0.00 M M 3.7 16 210 M M 2 23 240
24 62 50 56 20 9 0 0.00 M M 9.0 17 200 M M 7 26 230
25 63 51 57 21 8 0 0.51 M M 13.1 36 250 M M 10 1 49 260
26 52 36 44 8 21 0 0.00 M M 3.1 10 260 M M 6 14 300
27 63 35 49 14 16 0 0.29 M M 7.8 20 220 M M 8 1 26 220
28 63 44 54 19 11 0 0.08 M M 5.4 21 210 M M 7 1 28 210
29 60 49 55 20 10 0 0.70 M M 4.6 15 270 M M 9 1 22 280
30 60 45 53 18 12 0 0.01 M M 3.0 14 270 M M 8 1 25 320
31 61 41 51 16 14 0 0.09 M M 4.2 20 240 M M 8 12 24 230
================================================================================
SM 1683 1035 648 0 3.17 M 175.1 M 167
================================================================================
AV 54.3 33.4 5.6 FASTST M M 5 MAX(MPH)
MISC ----> 36 250 49 260
================================================================================
NOTES:
# LAST OF SEVERAL OCCURRENCES
COLUMN 17 PEAK WIND IN M.P.H.
PRELIMINARY LOCAL CLIMATOLOGICAL DATA (WS FORM: F-6) , PAGE 2
STATION: CLARKSBURG WV
MONTH: DECEMBER
YEAR: 2021
LATITUDE: 39 16 N
LONGITUDE: 80 14 W
[TEMPERATURE DATA] [PRECIPITATION DATA] SYMBOLS USED IN COLUMN 16
AVERAGE MONTHLY: 43.8 TOTAL FOR MONTH: 3.17 1 = FOG OR MIST
DPTR FM NORMAL: 6.0 DPTR FM NORMAL: -0.21 2 = FOG REDUCING VISIBILITY
HIGHEST: 70 ON 16,11 GRTST 24HR 0.71 ON 28-29 TO 1/4 MILE OR LESS
LOWEST: 18 ON 23 3 = THUNDER
SNOW, ICE PELLETS, HAIL 4 = ICE PELLETS
TOTAL MONTH: M 5 = HAIL
GRTST 24HR M ON M 6 = FREEZING RAIN OR DRIZZLE
GRTST DEPTH: M ON M 7 = DUSTSTORM OR SANDSTORM:
VSBY 1/2 MILE OR LESS
8 = SMOKE OR HAZE
[NO. OF DAYS WITH] [WEATHER - DAYS WITH] 9 = BLOWING SNOW
X = TORNADO
MAX 32 OR BELOW: 1 0.01 INCH OR MORE: 15
MAX 90 OR ABOVE: 0 0.10 INCH OR MORE: 8
MIN 32 OR BELOW: 16 0.50 INCH OR MORE: 2
MIN 0 OR BELOW: 0 1.00 INCH OR MORE: 0
[HDD (BASE 65) ]
TOTAL THIS MO. 648 CLEAR (SCALE 0-3) 9
DPTR FM NORMAL -196 PTCLDY (SCALE 4-7) 14
TOTAL FM JUL 1 1565 CLOUDY (SCALE 8-10) 8
DPTR FM NORMAL -222
[CDD (BASE 65) ]
TOTAL THIS MO. 0
DPTR FM NORMAL 0 [PRESSURE DATA]
TOTAL FM JAN 1 1037 HIGHEST SLP 30.53 ON 14
DPTR FM NORMAL 10 LOWEST SLP 29.53 ON 11
[REMARKS]
#FINAL-12-21#