000
CXUS51 KRLX 022148
CF6CKB
PRELIMINARY LOCAL CLIMATOLOGICAL DATA (WS FORM: F-6)
STATION: CLARKSBURG WV
MONTH: MAY
YEAR: 2021
LATITUDE: 39 16 N
LONGITUDE: 80 14 W
TEMPERATURE IN F: :PCPN: SNOW: WIND :SUNSHINE: SKY :PK WND
================================================================================
1 2 3 4 5 6A 6B 7 8 9 10 11 12 13 14 15 16 17 18
12Z AVG MX 2MIN
DY MAX MIN AVG DEP HDD CDD WTR SNW DPTH SPD SPD DIR MIN PSBL S-S WX SPD DR
================================================================================
1 65 31 48 -12 17 0 0.00 M M 5.2 16 230 M M 0 23 230
2 80 55 68 8 0 3 0.00 M M 7.4 17 220 M M 0 24 230
3 77 56 67 6 0 2 0.50 M M 6.5 18 230 M M 10 1 26 230
4 76 63 70 9 0 5 0.23 M M 6.4 17 250 M M 6 138 24 260
5 66 45 56 -5 9 0 1.11 M M 6.7 20 330 M M 9 1 25 330
6 61 35 48 -13 17 0 0.00 M M 3.1 12 280 M M 2 1 17 40
7 54 41 48 -14 17 0 0.18 M M 4.0 17 310 M M 7 1 26 310
8 55 41 48 -14 17 0 0.01 M M 6.8 18 250 M M 6 1 25 250
9 67 41 54 -8 11 0 0.01 M M 7.4 23 300 M M 9 1 30 220
10 61 41 51 -11 14 0 0.00 M M 5.1 15 320 M M 7 20 300
11 59 38 49 -14 16 0 0.00 M M 6.0 15 290 M M 5 1 20 290
12 63 33 48 -15 17 0 0.00 M M 4.1 15 20 M M 2 20 360
13 65 34 50 -13 15 0 0.00 M M 3.1 14 30 M M 0 18 40
14 69 36 53 -10 12 0 0.00 M M 2.2 12 360 M M 3 14 10
15 72 36 54 -10 11 0 0.00 M M 1.0 9 320 M M 2 13 350
16 67 44 56 -8 9 0 T M M 1.2 8 150 M M 5 11 140
17 73 40 57 -7 8 0 0.00 M M 3.4 15 240 M M 0 1 18 240
18 81 45 63 -1 2 0 0.00 M M 1.2 10 270 M M 1 18 14 260
19 87 50 69 5 0 4 0.00 M M 2.9 12 30 M M 0 1 15 40
20 88 53 71 6 0 6 0.00 M M 2.0 6 340 M M 0 M M
21 88 53 71 6 0 6 0.00 M M 2.1 12 250 M M 0 16 240
22 84 58 71 6 0 6 T M M 2.9 16 300 M M 2 20 290
23 88 61 75 9 0 10 0.00 M M 4.8 15 310 M M 6 23 300
24 79 67 73 7 0 8 0.18 M M 3.3 10 210 M M 7 13 17 230
25 89 63 76 10 0 11 0.00 M M 3.9 14 220 M M 2 12 20 200
26 88 65 77 11 0 12 T M M 7.5 29 300 M M 4 3 41 300
27 80 60 70 3 0 5 0.12 M M 4.1 13 350 M M 3 128 19 330
28 69 56 63 -4 2 0 1.98 M M 3.1 16 340 M M 7 1 21 340
29 57 49 53 -14 12 0 0.08 M M 4.6 14 300 M M 10 18 20 180
30 59 49 54 -13 11 0 0.03 M M 4.9 12 350 M M 10 1 15 40
31 71 50 61 -7 4 0 0.00 M M 1.7 8 250 M M 5 11 280
================================================================================
SM 2238 1489 221 78 4.43 M 128.6 M 130
================================================================================
AV 72.2 48.0 4.1 FASTST M M 4 MAX(MPH)
MISC ----> 29 300 41 300
================================================================================
NOTES:
# LAST OF SEVERAL OCCURRENCES
COLUMN 17 PEAK WIND IN M.P.H.
PRELIMINARY LOCAL CLIMATOLOGICAL DATA (WS FORM: F-6) , PAGE 2
STATION: CLARKSBURG WV
MONTH: MAY
YEAR: 2021
LATITUDE: 39 16 N
LONGITUDE: 80 14 W
[TEMPERATURE DATA] [PRECIPITATION DATA] SYMBOLS USED IN COLUMN 16
AVERAGE MONTHLY: 60.1 TOTAL FOR MONTH: 4.43 1 = FOG OR MIST
DPTR FM NORMAL: -3.8 DPTR FM NORMAL: 0.18 2 = FOG REDUCING VISIBILITY
HIGHEST: 89 ON 25 GRTST 24HR 2.03 ON 28-29 TO 1/4 MILE OR LESS
LOWEST: 31 ON 1 3 = THUNDER
SNOW, ICE PELLETS, HAIL 4 = ICE PELLETS
TOTAL MONTH: M 5 = HAIL
GRTST 24HR M ON M 6 = FREEZING RAIN OR DRIZZLE
GRTST DEPTH: M ON M 7 = DUSTSTORM OR SANDSTORM:
VSBY 1/2 MILE OR LESS
8 = SMOKE OR HAZE
[NO. OF DAYS WITH] [WEATHER - DAYS WITH] 9 = BLOWING SNOW
X = TORNADO
MAX 32 OR BELOW: 0 0.01 INCH OR MORE: 11
MAX 90 OR ABOVE: 0 0.10 INCH OR MORE: 7
MIN 32 OR BELOW: 1 0.50 INCH OR MORE: 3
MIN 0 OR BELOW: 0 1.00 INCH OR MORE: 2
[HDD (BASE 65) ]
TOTAL THIS MO. 221 CLEAR (SCALE 0-3) 13
DPTR FM NORMAL 103 PTCLDY (SCALE 4-7) 13
TOTAL FM JUL 1 4851 CLOUDY (SCALE 8-10) 5
DPTR FM NORMAL 203
[CDD (BASE 65) ]
TOTAL THIS MO. 78
DPTR FM NORMAL -4 [PRESSURE DATA]
TOTAL FM JAN 1 85 HIGHEST SLP 30.48 ON 21
DPTR FM NORMAL -19 LOWEST SLP 29.61 ON 9
[REMARKS]
#FINAL-05-21#