000
CXUS55 KOHX 011110
CF6CKV
PRELIMINARY LOCAL CLIMATOLOGICAL DATA (WS FORM: F-6)
STATION: CLARKSVILLE
MONTH: AUGUST
YEAR: 2022
LATITUDE: 36 37 N
LONGITUDE: 87 25 W
TEMPERATURE IN F: :PCPN: SNOW: WIND :SUNSHINE: SKY :PK WND
================================================================================
1 2 3 4 5 6A 6B 7 8 9 10 11 12 13 14 15 16 17 18
12Z AVG MX 2MIN
DY MAX MIN AVG DEP HDD CDD WTR SNW DPTH SPD SPD DIR MIN PSBL S-S WX SPD DR
================================================================================
1 90 73 82 4 0 17 0.00 M M 8.4 18 200 M M 5 24 220
2 92 70 81 3 0 16 0.03 M M 5.7 29 350 M M 2 3 42 340
3 94 74 84 6 0 19 0.00 M M 5.7 15 210 M M 2 21 200
4 90 73 82 4 0 17 0.18 M M 6.0 20 210 M M 1 38 30 210
5 86 73 80 2 0 15 1.35 M M 4.4 17 310 M M 4 1 23 310
6 92 73 83 5 0 18 0.00 M M 4.3 14 210 M M 1 1 21 200
7 91 72 82 4 0 17 T M M 5.2 13 140 M M 1 3 21 160
8 93 72 83 5 0 18 T M M 6.1 21 270 M M 1 3 32 290
9 91 71 81 3 0 16 0.70 M M 7.1 20 360 M M 4 13 24 350
10 86 72 79 1 0 14 0.81 M M 3.9 17 290 M M 5 123 25 290
11 88 71 80 2 0 15 0.01 M M 4.6 15 10 M M 5 18 19 10
12 85 65 75 -3 0 10 0.00 M M 6.2 16 40 M M 1 18 22 10
13 86 61 74 -4 0 9 0.00 M M 2.6 10 90 M M 0 14 30
14 87 62 75 -3 0 10 0.00 M M 6.1 17 220 M M 1 128 24 230
15 86 70 78 0 0 13 0.00 M M 6.9 13 350 M M 4 18 17 320
16 76 66 71 -7 0 6 0.08 M M 4.0 8 340 M M 5 1 17 320
17 86 63 75 -3 0 10 0.00 M M 3.7 13 350 M M 0 18 15 350
18 87 63 75 -3 0 10 0.00 M M 3.4 9 30 M M 1 1 14 30
19 92 65 79 2 0 14 0.00 M M 2.3 10 340 M M 4 18 13 350
20 87 68 78 1 0 13 0.02 M M 4.1 20 210 M M 2 13 27 200
21 85 70 78 1 0 13 0.49 M M 7.4 21 320 M M 5 1238 28 330
22 88 67 78 1 0 13 0.00 M M 2.9 10 50 M M 3 128 16 20
23 88 63 76 -1 0 11 0.00 M M 2.5 12 50 M M 1 1 16 10
24 90 66 78 1 0 13 0.00 M M 4.2 10 50 M M 1 18 14 50
25 93 67 80 4 0 15 T M M 2.3 8 50 M M 3 18 13 150
26 94 69 82 6 0 17 T M M 2.1 20 10 M M 2 13 31 20
27 94 68 81 5 0 16 0.00 M M 2.8 8 90 M M 1 128 11 200
28 94 72 83 7 0 18 0.02 M M 5.7 23 190 M M 2 3 32 190
29 90 73 82 6 0 17 0.40 M M 5.1 18 140 M M 3 138 25 120
30 88 68 78 2 0 13 0.12 M M 4.7 14 300 M M 5 18 17 280
31 87 62 75 0 0 10 0.00 M M 2.5 12 350 M M 0 1 17 350
================================================================================
SM 2756 2122 0 433 4.21 M 142.9 M 75
================================================================================
AV 88.9 68.5 4.6 FASTST M M 2 MAX(MPH)
MISC ----> 29 350 42 340
================================================================================
NOTES:
# LAST OF SEVERAL OCCURRENCES
COLUMN 17 PEAK WIND IN M.P.H.
PRELIMINARY LOCAL CLIMATOLOGICAL DATA (WS FORM: F-6) , PAGE 2
STATION: CLARKSVILLE
MONTH: AUGUST
YEAR: 2022
LATITUDE: 36 37 N
LONGITUDE: 87 25 W
[TEMPERATURE DATA] [PRECIPITATION DATA] SYMBOLS USED IN COLUMN 16
AVERAGE MONTHLY: 78.7 TOTAL FOR MONTH: 4.21 1 = FOG OR MIST
DPTR FM NORMAL: 1.3 DPTR FM NORMAL: 1.31 2 = FOG REDUCING VISIBILITY
HIGHEST: 94 ON 28,27 GRTST 24HR 1.53 ON 4- 5 TO 1/4 MILE OR LESS
LOWEST: 61 ON 13 3 = THUNDER
SNOW, ICE PELLETS, HAIL 4 = ICE PELLETS
TOTAL MONTH: M 5 = HAIL
GRTST 24HR M ON M 6 = FREEZING RAIN OR DRIZZLE
GRTST DEPTH: M ON M 7 = DUSTSTORM OR SANDSTORM:
VSBY 1/2 MILE OR LESS
8 = SMOKE OR HAZE
[NO. OF DAYS WITH] [WEATHER - DAYS WITH] 9 = BLOWING SNOW
X = TORNADO
MAX 32 OR BELOW: 0 0.01 INCH OR MORE: 12
MAX 90 OR ABOVE: 15 0.10 INCH OR MORE: 7
MIN 32 OR BELOW: 0 0.50 INCH OR MORE: 3
MIN 0 OR BELOW: 0 1.00 INCH OR MORE: 1
[HDD (BASE 65) ]
TOTAL THIS MO. 0 CLEAR (SCALE 0-3) 21
DPTR FM NORMAL 0 PTCLDY (SCALE 4-7) 10
TOTAL FM JUL 1 0 CLOUDY (SCALE 8-10) 0
DPTR FM NORMAL 0
[CDD (BASE 65) ]
TOTAL THIS MO. 433
DPTR FM NORMAL 47 [PRESSURE DATA]
TOTAL FM JAN 1 1639 HIGHEST SLP 30.18 ON 7
DPTR FM NORMAL 367 LOWEST SLP 29.87 ON 28
[REMARKS]
#FINAL-08-22#