000
CXUS55 KOHX 021612
CF6CKV
PRELIMINARY LOCAL CLIMATOLOGICAL DATA (WS FORM: F-6)
STATION: CLARKSVILLE
MONTH: OCTOBER
YEAR: 2020
LATITUDE: 36 37 N
LONGITUDE: 87 25 W
TEMPERATURE IN F: :PCPN: SNOW: WIND :SUNSHINE: SKY :PK WND
================================================================================
1 2 3 4 5 6A 6B 7 8 9 10 11 12 13 14 15 16 17 18
12Z AVG MX 2MIN
DY MAX MIN AVG DEP HDD CDD WTR SNW DPTH SPD SPD DIR MIN PSBL S-S WX SPD DR
================================================================================
1 73 45 59 -5 6 0 0.00 M M 6.9 21 280 M M 2 29 300
2 66 40 53 -11 12 0 0.00 M M 3.5 14 340 M M 2 1 19 330
3 69 39 54 -9 11 0 0.00 M M 2.2 10 120 M M 2 12 17 160
4 69 41 55 -8 10 0 0.00 M M 6.9 22 340 M M 6 1 29 350
5 67 38 53 -9 12 0 0.00 M M 2.5 13 80 M M 0 12 18 90
6 75 37 56 -6 9 0 0.00 M M 2.8 13 200 M M 2 12 16 210
7 83 43 63 1 2 0 0.00 M M 3.6 14 210 M M 0 1 21 210
8 80 51 66 5 0 1 0.00 M M 0.8 6 160 M M 0 128 11 150
9 75 60 68 7 0 3 T M M 3.3 10 170 M M 4 128 16 180
10 72 64 68 7 0 3 0.27 M M 9.4 17 130 M M 7 1 26 120
11 75 63 69 9 0 4 0.15 M M 6.4 14 40 M M 9 1 20 50
12 81 53 67 7 0 2 0.00 M M 7.4 30 330 M M 7 128 40 320
13 73 44 59 -1 6 0 0.00 M M 2.3 12 120 M M 1 128 17 110
14 81 43 62 3 3 0 0.00 M M 6.0 17 190 M M 1 128 23 210
15 68 49 59 0 6 0 0.14 M M 7.4 17 350 M M 6 1 22 350
16 61 38 50 -9 15 0 0.00 M M 4.4 16 320 M M 0 24 320
17 67 34 51 -7 14 0 0.00 M M 5.1 14 130 M M 1 1 22 180
18 59 50 55 -3 10 0 0.36 M M 4.7 13 160 M M 10 1 19 190
19 69 58 64 6 1 0 1.27 M M 5.7 13 190 M M 9 12 22 170
20 81 60 71 13 0 6 0.00 M M 4.9 14 190 M M 6 1 18 180
21 82 57 70 13 0 5 0.00 M M 3.7 14 200 M M 1 12 18 190
22 85 58 72 15 0 7 0.00 M M 5.9 16 180 M M 1 1 22 180
23 83 49 66 9 0 1 0.15 M M 8.5 24 350 M M 6 138 32 350
24 51 47 49 -7 16 0 0.11 M M 8.7 16 20 M M 10 1 21 350
25 56 49 53 -3 12 0 0.01 M M 3.9 9 70 M M 10 1 12 50
26 55 51 53 -3 12 0 0.00 M M 7.0 15 130 M M 10 18 22 130
27 67 51 59 3 6 0 0.00 M M 5.1 13 340 M M 9 18 15 330
28 64 52 58 3 7 0 2.14 M M 6.4 14 60 M M 10 1 18 70
29 66 47 57 2 8 0 0.30 M M 12.2 22 340 M M 10 12 32 300
30 55 39 47 -7 18 0 0.00 M M 6.9 17 10 M M 3 1 25 350
31 67 35 51 -3 14 0 0.00 M M 4.2 10 210 M M 0 1 16 140
================================================================================
SM 2175 1485 210 32 4.90 M 168.7 M 145
================================================================================
AV 70.2 47.9 5.4 FASTST M M 5 MAX(MPH)
MISC ----> # 30 330 # 40 320
================================================================================
NOTES:
# LAST OF SEVERAL OCCURRENCES
COLUMN 17 PEAK WIND IN M.P.H.
PRELIMINARY LOCAL CLIMATOLOGICAL DATA (WS FORM: F-6) , PAGE 2
STATION: CLARKSVILLE
MONTH: OCTOBER
YEAR: 2020
LATITUDE: 36 37 N
LONGITUDE: 87 25 W
[TEMPERATURE DATA] [PRECIPITATION DATA] SYMBOLS USED IN COLUMN 16
AVERAGE MONTHLY: 59.0 TOTAL FOR MONTH: 4.90 1 = FOG OR MIST
DPTR FM NORMAL: 0.1 DPTR FM NORMAL: 0.99 2 = FOG REDUCING VISIBILITY
HIGHEST: 85 ON 22 GRTST 24HR 2.14 ON 28-28 TO 1/4 MILE OR LESS
LOWEST: 34 ON 17 3 = THUNDER
SNOW, ICE PELLETS, HAIL 4 = ICE PELLETS
TOTAL MONTH: M 5 = HAIL
GRTST 24HR M ON M 6 = FREEZING RAIN OR DRIZZLE
GRTST DEPTH: M ON M 7 = DUSTSTORM OR SANDSTORM:
VSBY 1/2 MILE OR LESS
8 = SMOKE OR HAZE
[NO. OF DAYS WITH] [WEATHER - DAYS WITH] 9 = BLOWING SNOW
X = TORNADO
MAX 32 OR BELOW: 0 0.01 INCH OR MORE: 10
MAX 90 OR ABOVE: 0 0.10 INCH OR MORE: 9
MIN 32 OR BELOW: 0 0.50 INCH OR MORE: 2
MIN 0 OR BELOW: 0 1.00 INCH OR MORE: 2
[HDD (BASE 65) ]
TOTAL THIS MO. 210 CLEAR (SCALE 0-3) 15
DPTR FM NORMAL -10 PTCLDY (SCALE 4-7) 7
TOTAL FM JUL 1 241 CLOUDY (SCALE 8-10) 9
DPTR FM NORMAL -8
[CDD (BASE 65) ]
TOTAL THIS MO. 32
DPTR FM NORMAL 1 [PRESSURE DATA]
TOTAL FM JAN 1 1492 HIGHEST SLP 30.36 ON 31
DPTR FM NORMAL 62 LOWEST SLP 29.49 ON 29
[REMARKS]
#FINAL-10-20#