000
CXUS56 KLOX 011255
CF6CMA
PRELIMINARY LOCAL CLIMATOLOGICAL DATA (WS FORM: F-6)
STATION: CAMARILLO AIRPORT CA
MONTH: FEBRUARY
YEAR: 2022
LATITUDE: 34 12 N
LONGITUDE: 119 6 W
TEMPERATURE IN F: :PCPN: SNOW: WIND :SUNSHINE: SKY :PK WND
================================================================================
1 2 3 4 5 6A 6B 7 8 9 10 11 12 13 14 15 16 17 18
12Z AVG MX 2MIN
DY MAX MIN AVG DEP HDD CDD WTR SNW DPTH SPD SPD DIR MIN PSBL S-S WX SPD DR
================================================================================
1 63 43 53 -4 12 0 0.00 M M 4.1 13 200 M M 0 18 19 220
2 65 39 52 -5 13 0 0.00 M M 15.5 36 70 M M 0 8 53 50
3 70 37 54 -3 11 0 0.00 M M 7.1 18 70 M M 0 25 70
4 71 51 61 4 4 0 0.00 M M 14.3 30 50 M M 0 47 50
5 76 43 60 3 5 0 0.00 M M 11.3 26 80 M M 0 37 70
6 82 40 61 4 4 0 0.00 M M 10.6 21 80 M M 0 28 80
7 81 47 64 7 1 0 0.00 M M 9.8 31 60 M M 0 41 60
8 84 43 64 7 1 0 0.00 M M 6.3 24 60 M M 0 34 60
9 87 48 68 11 0 3 0.00 M M 11.6 30 80 M M 0 40 60
10 87 52 70 14 0 5 0.00 M M 11.7 33 80 M M 0 47 70
11 84 48 66 10 0 1 0.00 M M 4.6 13 250 M M 0 17 230
12 89 48 69 13 0 4 0.00 M M 6.9 22 70 M M 0 30 80
13 83 49 66 10 0 1 0.00 M M 3.9 12 230 M M 0 20 220
14 71 42 57 1 8 0 0.00 M M 3.5 14 270 M M 2 8 17 270
15 64 44 54 -2 11 0 0.00 M M 9.9 36 280 M M 5 8 44 280
16 66 39 53 -3 12 0 0.00 M M 5.2 13 230 M M 0 22 290
17 75 44 60 4 5 0 0.00 M M 11.8 36 70 M M 0 56 50
18 77 39 58 2 7 0 0.00 M M 6.3 20 280 M M 0 26 270
19 66 36 51 -5 14 0 0.00 M M 3.3 13 270 M M 0 17 270
20 63 39 51 -5 14 0 0.00 M M 4.2 14 220 M M 5 12 20 260
21 61 46 54 -2 11 0 T M M 6.4 17 260 M M 4 18 23 260
22 59 42 51 -6 14 0 0.00 M M 11.8 30 260 M M 3 18 38 260
23 60 33 47 -10 18 0 0.00 M M 8.0 24 320 M M 1 34 310
24 61 33 47 -10 18 0 0.00 M M 7.9 17 270 M M 0 23 280
25 66 34 50 -7 15 0 0.00 M M 6.2 20 50 M M 0 25 220
26 73 36 55 -2 10 0 0.00 M M 9.7 25 60 M M 0 35 70
27 78 38 58 1 7 0 0.00 M M 8.3 26 60 M M 0 33 60
28 86 41 64 7 1 0 0.00 M M 7.6 23 70 M M 0 32 80
================================================================================
SM 2048 1174 216 14 T M 227.8 M 20
================================================================================
AV 73.1 41.9 8.1 FASTST M M 1 MAX(MPH)
MISC ----> # 36 70 56 50
================================================================================
NOTES:
# LAST OF SEVERAL OCCURRENCES
COLUMN 17 PEAK WIND IN M.P.H.
PRELIMINARY LOCAL CLIMATOLOGICAL DATA (WS FORM: F-6) , PAGE 2
STATION: CAMARILLO AIRPORT CA
MONTH: FEBRUARY
YEAR: 2022
LATITUDE: 34 12 N
LONGITUDE: 119 6 W
[TEMPERATURE DATA] [PRECIPITATION DATA] SYMBOLS USED IN COLUMN 16
AVERAGE MONTHLY: 57.5 TOTAL FOR MONTH: T 1 = FOG OR MIST
DPTR FM NORMAL: 0.9 DPTR FM NORMAL: -2.90 2 = FOG REDUCING VISIBILITY
HIGHEST: 89 ON 12 GRTST 24HR T ON 21-21 TO 1/4 MILE OR LESS
LOWEST: 33 ON 24,23 3 = THUNDER
SNOW, ICE PELLETS, HAIL 4 = ICE PELLETS
TOTAL MONTH: M 5 = HAIL
GRTST 24HR M ON M 6 = FREEZING RAIN OR DRIZZLE
GRTST DEPTH: M ON M 7 = DUSTSTORM OR SANDSTORM:
VSBY 1/2 MILE OR LESS
8 = SMOKE OR HAZE
[NO. OF DAYS WITH] [WEATHER - DAYS WITH] 9 = BLOWING SNOW
X = TORNADO
MAX 32 OR BELOW: 0 0.01 INCH OR MORE: 0
MAX 90 OR ABOVE: 0 0.10 INCH OR MORE: 0
MIN 32 OR BELOW: 0 0.50 INCH OR MORE: 0
MIN 0 OR BELOW: 0 1.00 INCH OR MORE: 0
[HDD (BASE 65) ]
TOTAL THIS MO. 216 CLEAR (SCALE 0-3) 25
DPTR FM NORMAL -27 PTCLDY (SCALE 4-7) 3
TOTAL FM JUL 1 1056 CLOUDY (SCALE 8-10) 0
DPTR FM NORMAL 14
[CDD (BASE 65) ]
TOTAL THIS MO. 14
DPTR FM NORMAL 6 [PRESSURE DATA]
TOTAL FM JAN 1 22 HIGHEST SLP 30.41 ON 4
DPTR FM NORMAL 11 LOWEST SLP 29.71 ON 15
[REMARKS]
#FINAL-02-22#