000
CXUS53 KARX 011000
CF6CMY
PRELIMINARY LOCAL CLIMATOLOGICAL DATA (WS FORM: F-6)
STATION: SPARTA - FORT MCCOY WI
MONTH: FEBRUARY
YEAR: 2022
LATITUDE: 43 58 N
LONGITUDE: 90 44 W
TEMPERATURE IN F: :PCPN: SNOW: WIND :SUNSHINE: SKY :PK WND
================================================================================
1 2 3 4 5 6A 6B 7 8 9 10 11 12 13 14 15 16 17 18
12Z AVG MX 2MIN
DY MAX MIN AVG DEP HDD CDD WTR SNW DPTH SPD SPD DIR MIN PSBL S-S WX SPD DR
================================================================================
1 37 11 24 M 41 0 M M M 10.5 18 300 M M 2 8 28 290
2 11 3 7 M 58 0 M M M 8.0 10 320 M M 0 17 320
3 12 -15 -1 M 66 0 M M M 2.2 6 20 M M 0 M M
4 11 -18 -3 M 68 0 T M M 2.8 10 290 M M 3 M M
5 22 -15 4 M 61 0 0.00 0.0 M 5.5 13 160 M M 5 24 160
6 34 9 22 M 43 0 T T M 6.7 13 330 M M 6 1 M M
7 23 -2 11 M 54 0 T M M 4.2 8 210 M M 5 M M
8 35 5 20 M 45 0 0.00 M M 3.6 12 230 M M 2 8 M M
9 36 25 31 M 34 0 T M M 10.8 16 290 M M 9 22 320
10 39 19 29 M 36 0 0.05 M M 10.2 15 220 M M 7 1 28 200
11 39 8 24 M 41 0 0.01 M M 11.3 17 330 M M 9 1 30 330
12 10 -3 4 M 61 0 M M M 4.9 10 330 M M 4 M M
13 12 -10 1 M 64 0 T M M 3.2 9 320 M M 3 M M
14 22 6 14 M 51 0 T M M 2.3 9 250 M M 4 M M
15 39 3 21 M 44 0 M M M 7.2 14 120 M M 3 8 24 130
16 43 24 34 M 31 0 M M M 8.1 13 320 M M 2 18 18 190
17 24 -8 8 M 57 0 M M M 8.0 12 330 M M 2 18 330
18 37 -11 13 M 52 0 0.03 M M 12.5 35 290 M M 5 1 46 290
19 20 -2 9 M 56 0 M M M 9.2 15 200 M M 1 23 310
20 48 20 34 M 31 0 0.00 0.0 M 9.4 18 240 M M 1 8 28 230
21 33 17 25 M 40 0 T T M 9.6 14 70 M M 8 27 90
22 19 5 12 M 53 0 T M M 9.0 13 320 M M 1 1 18 310
23 17 -1 8 M 57 0 0.00 0.0 M 4.8 8 320 M M 2 M M
24 23 -1 11 M 54 0 M M M 3.6 10 70 M M 5 1 M M
25 24 -3 11 M 54 0 M M M 3.6 8 300 M M 3 1 M M
26 33 -5 14 M 51 0 M M M 6.2 17 240 M M 0 25 260
27 37 9 23 M 42 0 M M M 3.6 9 320 M M 4 M M
28 45 21 33 M 32 0 0.00 0.0 M 3.6 10 270 M M 3 M M
================================================================================
SM 785 91 1377 0 0.09 T 184.5 M 99
================================================================================
AV 28.0 3.3 6.6 FASTST M M 4 MAX(MPH)
MISC ----> 35 290 46 290
================================================================================
NOTES:
# LAST OF SEVERAL OCCURRENCES
COLUMN 17 PEAK WIND IN M.P.H.
PRELIMINARY LOCAL CLIMATOLOGICAL DATA (WS FORM: F-6) , PAGE 2
STATION: SPARTA - FORT MCCOY WI
MONTH: FEBRUARY
YEAR: 2022
LATITUDE: 43 58 N
LONGITUDE: 90 44 W
[TEMPERATURE DATA] [PRECIPITATION DATA] SYMBOLS USED IN COLUMN 16
AVERAGE MONTHLY: 15.6 TOTAL FOR MONTH: 0.09 1 = FOG OR MIST
DPTR FM NORMAL: 0.0 DPTR FM NORMAL: 0.09 2 = FOG REDUCING VISIBILITY
HIGHEST: 48 ON 20 GRTST 24HR 0.05 ON 10-10 TO 1/4 MILE OR LESS
LOWEST: -18 ON 4 3 = THUNDER
SNOW, ICE PELLETS, HAIL 4 = ICE PELLETS
TOTAL MONTH: T 5 = HAIL
GRTST 24HR T ON 6- 6 6 = FREEZING RAIN OR DRIZZLE
GRTST DEPTH: M ON M 7 = DUSTSTORM OR SANDSTORM:
VSBY 1/2 MILE OR LESS
8 = SMOKE OR HAZE
[NO. OF DAYS WITH] [WEATHER - DAYS WITH] 9 = BLOWING SNOW
X = TORNADO
MAX 32 OR BELOW: 14 0.01 INCH OR MORE: 3
MAX 90 OR ABOVE: 0 0.10 INCH OR MORE: 0
MIN 32 OR BELOW: 28 0.50 INCH OR MORE: 0
MIN 0 OR BELOW: 13 1.00 INCH OR MORE: 0
[HDD (BASE 65) ]
TOTAL THIS MO. 1377 CLEAR (SCALE 0-3) 15
DPTR FM NORMAL M PTCLDY (SCALE 4-7) 11
TOTAL FM JUL 1 5824 CLOUDY (SCALE 8-10) 2
DPTR FM NORMAL M
[CDD (BASE 65) ]
TOTAL THIS MO. 0
DPTR FM NORMAL M [PRESSURE DATA]
TOTAL FM JAN 1 0 HIGHEST SLP M ON M
DPTR FM NORMAL M LOWEST SLP M ON M
[REMARKS]
#FINAL-02-22#