000
CXUS53 KARX 010900
CF6CMY
PRELIMINARY LOCAL CLIMATOLOGICAL DATA (WS FORM: F-6)
STATION: SPARTA - FORT MCCOY WI
MONTH: SEPTEMBER
YEAR: 2021
LATITUDE: 43 58 N
LONGITUDE: 90 44 W
TEMPERATURE IN F: :PCPN: SNOW: WIND :SUNSHINE: SKY :PK WND
================================================================================
1 2 3 4 5 6A 6B 7 8 9 10 11 12 13 14 15 16 17 18
12Z AVG MX 2MIN
DY MAX MIN AVG DEP HDD CDD WTR SNW DPTH SPD SPD DIR MIN PSBL S-S WX SPD DR
================================================================================
1 M M M M M M 0.00 0.0 0 M M M M M M M M
2 M M M M M M 0.00 0.0 0 M M M M M M M M
3 M M M M M M M 0.0 0 4.6 9 110 M M 10 1 M M
4 73 49 61 M 4 0 0.04 0.0 0 3.8 13 310 M M 6 1 M M
5 78 44 61 M 4 0 0.00 0.0 0 4.1 14 270 M M 0 20 270
6 77 45 61 M 4 0 0.00 0.0 0 1.7 8 220 M M 3 12 M M
7 78 51 65 M 0 0 0.00 0.0 0 5.9 16 300 M M 2 24 310
8 72 43 58 M 7 0 0.08 0.0 0 4.7 15 290 M M 3 1 22 310
9 74 43 59 M 6 0 0.00 0.0 0 1.2 7 330 M M 2 1 M M
10 78 43 61 M 4 0 0.00 0.0 0 2.3 9 210 M M 0 12 M M
11 84 50 67 M 0 2 0.00 0.0 0 2.9 10 250 M M 2 1 M M
12 70 51 61 M 4 0 T 0.0 0 3.1 8 30 M M 5 M M
13 72 50 61 M 4 0 0.00 0.0 0 4.3 9 130 M M 6 M M
14 73 46 60 M 5 0 T 0.0 0 7.1 17 180 M M 5 1 25 180
15 76 40 58 M 7 0 0.00 0.0 0 2.2 7 230 M M 2 12 M M
16 81 47 64 M 1 0 0.00 0.0 0 12.4 17 170 M M 0 22 190
17 77 38 58 M 7 0 0.00 0.0 0 5.2 16 180 M M 1 24 190
18 78 35 57 M 8 0 0.00 0.0 0 1.1 8 130 M M 2 12 M M
19 87 53 70 M 0 5 0.00 0.0 0 5.6 16 190 M M 0 22 200
20 81 61 71 M 0 6 1.07 0.0 0 8.9 17 270 M M 5 13 36 280
21 70 51 61 M 4 0 0.00 0.0 0 7.7 16 310 M M 4 23 320
22 67 38 53 M 12 0 0.00 0.0 0 2.5 10 20 M M 2 1 M M
23 71 35 53 M 12 0 0.00 0.0 0 1.8 12 320 M M 3 12 M M
24 72 36 54 M 11 0 0.23 0.0 0 3.1 13 300 M M 2 18 20 300
25 67 33 50 M 15 0 0.00 0.0 0 2.6 15 270 M M 3 1 M M
26 80 35 58 M 7 0 0.00 0.0 0 2.3 12 220 M M 2 18 M M
27 80 44 62 M 3 0 0.00 0.0 0 2.3 9 360 M M 0 M M
28 77 39 58 M 7 0 0.00 0.0 0 1.2 7 160 M M 0 M M
29 83 41 62 M 3 0 0.00 0.0 0 1.9 10 120 M M 0 18 M M
30 86 48 67 M 0 2 0.00 0.0 0 1.2 7 120 M M 0 M M
================================================================================
SM 2062 1189 139 15 1.42 0.0 107.7 M 70
================================================================================
AV 76.4 44.0 3.8 FASTST M M 3 MAX(MPH)
MISC ----> # 17 180 36 280
================================================================================
NOTES:
# LAST OF SEVERAL OCCURRENCES
COLUMN 17 PEAK WIND IN M.P.H.
PRELIMINARY LOCAL CLIMATOLOGICAL DATA (WS FORM: F-6) , PAGE 2
STATION: SPARTA - FORT MCCOY WI
MONTH: SEPTEMBER
YEAR: 2021
LATITUDE: 43 58 N
LONGITUDE: 90 44 W
[TEMPERATURE DATA] [PRECIPITATION DATA] SYMBOLS USED IN COLUMN 16
AVERAGE MONTHLY: 60.2 TOTAL FOR MONTH: 1.42 1 = FOG OR MIST
DPTR FM NORMAL: 0.0 DPTR FM NORMAL: M 2 = FOG REDUCING VISIBILITY
HIGHEST: 87 ON 19 GRTST 24HR 1.07 ON 20-20 TO 1/4 MILE OR LESS
LOWEST: 33 ON 25 3 = THUNDER
SNOW, ICE PELLETS, HAIL 4 = ICE PELLETS
TOTAL MONTH: 0.0 INCH 5 = HAIL
GRTST 24HR 0.0 6 = FREEZING RAIN OR DRIZZLE
GRTST DEPTH: 0 7 = DUSTSTORM OR SANDSTORM:
VSBY 1/2 MILE OR LESS
8 = SMOKE OR HAZE
[NO. OF DAYS WITH] [WEATHER - DAYS WITH] 9 = BLOWING SNOW
X = TORNADO
MAX 32 OR BELOW: 0 0.01 INCH OR MORE: 4
MAX 90 OR ABOVE: 0 0.10 INCH OR MORE: 2
MIN 32 OR BELOW: 0 0.50 INCH OR MORE: 1
MIN 0 OR BELOW: 0 1.00 INCH OR MORE: 1
[HDD (BASE 65) ]
TOTAL THIS MO. 139 CLEAR (SCALE 0-3) 21
DPTR FM NORMAL M PTCLDY (SCALE 4-7) 6
TOTAL FM JUL 1 215 CLOUDY (SCALE 8-10) 3
DPTR FM NORMAL M
[CDD (BASE 65) ]
TOTAL THIS MO. 15
DPTR FM NORMAL M [PRESSURE DATA]
TOTAL FM JAN 1 334 HIGHEST SLP M ON M
DPTR FM NORMAL M LOWEST SLP M ON M
[REMARKS]
#FINAL-09-21#