660
CXUS53 KARX 011654
CF6CMY
PRELIMINARY LOCAL CLIMATOLOGICAL DATA (WS FORM: F-6)
STATION: SPARTA - FORT MCCOY WI
MONTH: DECEMBER
YEAR: 2020
LATITUDE: 43 58 N
LONGITUDE: 90 44 W
TEMPERATURE IN F: :PCPN: SNOW: WIND :SUNSHINE: SKY :PK WND
================================================================================
1 2 3 4 5 6A 6B 7 8 9 10 11 12 13 14 15 16 17 18
12Z AVG MX 2MIN
DY MAX MIN AVG DEP HDD CDD WTR SNW DPTH SPD SPD DIR MIN PSBL S-S WX SPD DR
================================================================================
1 35 5 20 M 45 0 0.00 0.0 0 0.5 5 330 M M 0 M M
2 43 5 24 M 41 0 0.00 0.0 0 2.3 8 260 M M 0 M M
3 42 28 35 M 30 0 0.00 0.0 0 4.7 9 250 M M 0 17 250
4 42 15 29 M 36 0 0.00 0.0 0 2.3 8 350 M M 0 M M
5 37 11 24 M 41 0 0.00 0.0 0 1.3 6 80 M M 0 M M
6 37 18 28 M 37 0 0.00 0.0 0 1.9 7 340 M M 0 M M
7 32 29 31 M 34 0 0.00 0.0 0 2.2 8 20 M M 0 M M
8 35 26 31 M 34 0 0.00 0.0 0 2.6 7 220 M M 0 1 M M
9 51 18 35 M 30 0 0.00 0.0 0 1.3 8 290 M M 0 1 M M
10 54 18 36 M 29 0 0.00 0.0 0 2.1 10 200 M M 0 17 200
11 37 27 32 M 33 0 0.00 0.0 0 6.3 13 30 M M 0 18 30
12 35 18 27 M 38 0 0.00 0.0 0 8.2 14 50 M M 0 20 30
13 28 21 25 M 40 0 T T 0 5.4 12 270 M M 0 16 270
14 27 5 16 M 49 0 0.00 0.0 0 6.3 15 280 M M 0 23 280
15 24 7 16 M 49 0 0.00 0.0 0 1.8 7 100 M M 0 M M
16 31 11 21 M 44 0 0.00 0.0 0 0.4 5 100 M M 0 M M
17 33 9 21 M 44 0 0.00 0.0 0 0.7 7 180 M M 0 M M
18 36 8 22 M 43 0 0.00 0.0 0 4.4 13 160 M M 0 1 17 160
19 34 29 32 M 33 0 0.00 0.0 0 2.0 7 300 M M 0 1 M M
20 32 20 26 M 39 0 0.00 0.0 0 2.4 8 250 M M 0 M M
21 39 29 34 M 31 0 0.02 M 0 8.2 15 300 M M 0 23 290
22 41 23 32 M 33 0 0.00 0.0 0 6.4 17 170 M M 0 23 170
23 51 14 33 M 32 0 M M 0 13.6 23 170 M M 0 35 220
24 14 2 8 M 57 0 M M M 12.3 20 300 M M 0 8 26 300
25 18 -5 7 M 58 0 0.00 0.0 M 3.3 8 250 M M 0 M M
26 25 4 15 M 50 0 0.00 0.0 M 0.6 6 280 M M 0 M M
27 27 12 20 M 45 0 M M M 4.9 10 340 M M 0 17 300
28 25 0 13 M 52 0 0.00 0.0 M 4.1 13 300 M M 0 21 310
29 26 -7 10 M 55 0 M M M 4.0 13 130 M M 0 17 130
30 28 22 25 M 40 0 M M M 7.6 14 270 M M 0 22 270
31 24 6 15 M 50 0 0.00 0.0 M 2.9 7 190 M M 0 9 210
================================================================================
SM 1043 428 1272 0 0.02 T 127.1 M 0
================================================================================
AV 33.6 13.8 4.1 FASTST M M 0 MAX(MPH)
MISC ----> 23 170 35 220
================================================================================
NOTES:
# LAST OF SEVERAL OCCURRENCES
COLUMN 17 PEAK WIND IN M.P.H.
PRELIMINARY LOCAL CLIMATOLOGICAL DATA (WS FORM: F-6) , PAGE 2
STATION: SPARTA - FORT MCCOY WI
MONTH: DECEMBER
YEAR: 2020
LATITUDE: 43 58 N
LONGITUDE: 90 44 W
[TEMPERATURE DATA] [PRECIPITATION DATA] SYMBOLS USED IN COLUMN 16
AVERAGE MONTHLY: 23.7 TOTAL FOR MONTH: 0.02 1 = FOG OR MIST
DPTR FM NORMAL: 0.0 DPTR FM NORMAL: M 2 = FOG REDUCING VISIBILITY
HIGHEST: 54 ON 10 GRTST 24HR 0.02 ON 21-21 TO 1/4 MILE OR LESS
LOWEST: -7 ON 29 3 = THUNDER
SNOW, ICE PELLETS, HAIL 4 = ICE PELLETS
TOTAL MONTH: T 5 = HAIL
GRTST 24HR T ON 13-13 6 = FREEZING RAIN OR DRIZZLE
GRTST DEPTH: 0 7 = DUSTSTORM OR SANDSTORM:
VSBY 1/2 MILE OR LESS
8 = SMOKE OR HAZE
[NO. OF DAYS WITH] [WEATHER - DAYS WITH] 9 = BLOWING SNOW
X = TORNADO
MAX 32 OR BELOW: 14 0.01 INCH OR MORE: 1
MAX 90 OR ABOVE: 0 0.10 INCH OR MORE: 0
MIN 32 OR BELOW: 31 0.50 INCH OR MORE: 0
MIN 0 OR BELOW: 3 1.00 INCH OR MORE: 0
[HDD (BASE 65) ]
TOTAL THIS MO. 1272 CLEAR (SCALE 0-3) 31
DPTR FM NORMAL M PTCLDY (SCALE 4-7) 0
TOTAL FM JUL 1 3190 CLOUDY (SCALE 8-10) 0
DPTR FM NORMAL M
[CDD (BASE 65) ]
TOTAL THIS MO. 0
DPTR FM NORMAL M [PRESSURE DATA]
TOTAL FM JAN 1 382 HIGHEST SLP M ON M
DPTR FM NORMAL M LOWEST SLP M ON M
[REMARKS]
#FINAL-12-20#