000
CXUS53 KTOP 011450
CLMCNK
CLIMATE REPORT
NATIONAL WEATHER SERVICE TOPEKA KS
950 AM CDT TUE AUG 01 2023
...................................
...THE CONCORDIA KS CLIMATE SUMMARY FOR THE MONTH OF JULY 2023...
CLIMATE NORMAL PERIOD 1991 TO 2020
CLIMATE RECORD PERIOD 1885 TO 2023
WEATHER OBSERVED NORMAL DEPART LAST YEAR`S
VALUE DATE(S) VALUE FROM VALUE
NORMAL
..............................................................
TEMPERATURE (F)
RECORD
HIGH 114 07/13/1934
LOW 46 07/09/1895
HIGHEST 109 07/28 91 18 105
LOWEST 59 07/09 66 -7 58
AVG. MAXIMUM 92.1 90.3 1.8 90.6
AVG. MINIMUM 68.0 67.4 0.6 69.2
MEAN 80.1 78.9 1.2 79.9
DAYS MAX >= 90 19 17.5 1.5 16
DAYS MAX <= 32 0 0.0 0.0 0
DAYS MIN <= 32 0 0.0 0.0 0
DAYS MIN <= 0 0 0.0 0.0 0
PRECIPITATION (INCHES)
RECORD
MAXIMUM 16.75 1993
MINIMUM 0.03 1919
TOTALS 2.37 4.15 -1.78 4.05
DAILY AVG. 0.08 0.13 -0.05 0.13
DAYS >= .01 10 9.3 0.7 10
DAYS >= .10 6 6.1 -0.1 9
DAYS >= .50 2 3.0 -1.0 3
DAYS >= 1.00 0 1.2 -1.2 1
GREATEST
24 HR. TOTAL 1.11 06/30 TO 07/01 1.23
SNOWFALL (INCHES)
RECORDS
TOTAL T 1995
TOTALS MM 0.0 MM MM
SINCE 7/1 MM 0.0 MM MM
SNOWDEPTH AVG. MM MM
DAYS >= 1.0 MM 0.0 MM MM
GREATEST
SNOW DEPTH MM MM
24 HR TOTAL MM MM
DEGREE DAYS
HEATING TOTAL 0 0 0 0
SINCE 7/1 0 0 0 MM
COOLING TOTAL 475 430 45 469
SINCE 1/1 988 823 165 MM
..............................................................
WIND (MPH)
AVERAGE WIND SPEED 7.2
HIGHEST WIND SPEED/DIRECTION 47/320 DATE 07/28
HIGHEST GUST SPEED/DIRECTION 69/330 DATE 07/28
SKY COVER
POSSIBLE SUNSHINE (PERCENT) MM
AVERAGE SKY COVER 0.20
NUMBER OF DAYS FAIR 23
NUMBER OF DAYS PC 8
NUMBER OF DAYS CLOUDY 0
AVERAGE RH (PERCENT) 65
WEATHER CONDITIONS. NUMBER OF DAYS WITH
THUNDERSTORM 10 MIXED PRECIP 0
HEAVY RAIN 6 RAIN 4
LIGHT RAIN 13 FREEZING RAIN 0
LT FREEZING RAIN 0 HAIL 0
HEAVY SNOW 0 SNOW 0
LIGHT SNOW 0 SLEET 0
FOG 13 FOG W/VIS <= 1/4 MILE 1
HAZE 2
- INDICATES NEGATIVE NUMBERS.
R INDICATES RECORD WAS SET OR TIED.
MM INDICATES DATA IS MISSING.
T INDICATES TRACE AMOUNT.
$$