000
CXUS54 KMAF 011952
CF6CNM
PRELIMINARY LOCAL CLIMATOLOGICAL DATA (WS FORM: F-6)
STATION: CARLSBAD
MONTH: JULY
YEAR: 2022
LATITUDE: 32 20 N
LONGITUDE: 104 15 W
TEMPERATURE IN F: :PCPN: SNOW: WIND :SUNSHINE: SKY :PK WND
================================================================================
1 2 3 4 5 6A 6B 7 8 9 10 11 12 13 14 15 16 17 18
12Z AVG MX 2MIN
DY MAX MIN AVG DEP HDD CDD WTR SNW DPTH SPD SPD DIR MIN PSBL S-S WX SPD DR
================================================================================
1 98 71 85 3 0 20 0.00 0.0 0 7.4 17 100 M M 0 23 80
2 99 72 86 4 0 21 0.00 0.0 0 6.7 18 100 M M 0 23 140
3 96 70 83 1 0 18 0.00 0.0 0 10.3 25 160 M M 1 32 140
4 96 71 84 2 0 19 0.00 0.0 0 9.7 26 140 M M 1 3 34 140
5 94 70 82 0 0 17 T 0.0 0 6.9 22 150 M M 1 3 27 150
6 99 68 84 2 0 19 0.00 0.0 0 6.5 23 340 M M 0 27 340
7 100 75 88 6 0 23 0.01 0.0 0 7.6 29 270 M M 1 3 34 270
8 96 70 83 1 0 18 0.00 0.0 0 6.3 20 30 M M 1 23 30
9 100 76 88 6 0 23 T 0.0 0 6.7 36 60 M M 2 3 42 70
10 100 72 86 4 0 21 0.00 0.0 0 6.2 16 160 M M 0 21 360
11 103 73 88 6 0 23 0.00 0.0 0 3.8 16 100 M M 0 22 90
12 100 76 88 6 0 23 0.00 0.0 0 10.2 21 30 M M 0 34 60
13 98 74 86 4 0 21 0.00 0.0 0 10.7 36 140 M M 0 8 51 140
14 98 68 83 1 0 18 0.00 0.0 0 7.1 22 140 M M 0 29 120
15 99 72 86 4 0 21 0.00 0.0 0 8.0 16 140 M M 0 22 150
16 97 69 83 1 0 18 0.00 0.0 0 7.7 18 160 M M 0 27 100
17 99 67 83 1 0 18 0.00 0.0 0 7.2 18 90 M M 0 25 100
18 102 70 86 4 0 21 0.00 0.0 0 8.1 17 170 M M 0 23 120
19 106 75 91 9 0 26 0.00 0.0 0 10.5 20 160 M M 0 25 150
20 106 75 91 9 0 26 0.00 0.0 0 8.3 18 130 M M 0 24 140
21 102 79 91 9 0 26 0.00 0.0 0 8.0 30 120 M M 0 38 38 130
22 101 75 88 6 0 23 T 0.0 0 9.9 36 30 M M 1 38 43 30
23 99 70 85 3 0 20 0.00 0.0 0 8.7 16 140 M M 0 22 140
24 99 72 86 4 0 21 0.50 0.0 0 8.6 40 150 M M 2 3 59 160
25 99 75 87 5 0 22 T 0.0 0 8.6 24 100 M M 2 38 33 100
26 98 70 84 2 0 19 0.00 0.0 0 5.9 22 200 M M 0 27 210
27 100 72 86 4 0 21 0.00 0.0 0 6.1 17 190 M M 1 27 150
28 98 72 85 3 0 20 0.00 0.0 0 7.8 18 100 M M 1 24 120
29 98 73 86 4 0 21 0.00 0.0 0 7.6 23 130 M M 0 30 130
30 98 74 86 4 0 21 0.00 0.0 0 5.1 24 350 M M 2 27 350
31 100 72 86 4 0 21 0.00 0.0 0 5.4 15 160 M M 0 19 150
================================================================================
SM 3078 2238 0 649 0.51 0.0 237.6 M 16
================================================================================
AV 99.3 72.2 7.7 FASTST M M 1 MAX(MPH)
MISC ----> 40 150 59 160
================================================================================
NOTES:
# LAST OF SEVERAL OCCURRENCES
COLUMN 17 PEAK WIND IN M.P.H.
PRELIMINARY LOCAL CLIMATOLOGICAL DATA (WS FORM: F-6) , PAGE 2
STATION: CARLSBAD
MONTH: JULY
YEAR: 2022
LATITUDE: 32 20 N
LONGITUDE: 104 15 W
[TEMPERATURE DATA] [PRECIPITATION DATA] SYMBOLS USED IN COLUMN 16
AVERAGE MONTHLY: 85.7 TOTAL FOR MONTH: 0.51 1 = FOG OR MIST
DPTR FM NORMAL: 3.4 DPTR FM NORMAL: -1.25 2 = FOG REDUCING VISIBILITY
HIGHEST: 106 ON 20,19 GRTST 24HR 0.50 ON 24-24 TO 1/4 MILE OR LESS
LOWEST: 67 ON 17 3 = THUNDER
SNOW, ICE PELLETS, HAIL 4 = ICE PELLETS
TOTAL MONTH: 0.0 INCH 5 = HAIL
GRTST 24HR 0.0 6 = FREEZING RAIN OR DRIZZLE
GRTST DEPTH: 0 7 = DUSTSTORM OR SANDSTORM:
VSBY 1/2 MILE OR LESS
8 = SMOKE OR HAZE
[NO. OF DAYS WITH] [WEATHER - DAYS WITH] 9 = BLOWING SNOW
X = TORNADO
MAX 32 OR BELOW: 0 0.01 INCH OR MORE: 2
MAX 90 OR ABOVE: 31 0.10 INCH OR MORE: 1
MIN 32 OR BELOW: 0 0.50 INCH OR MORE: 1
MIN 0 OR BELOW: 0 1.00 INCH OR MORE: 0
[HDD (BASE 65) ]
TOTAL THIS MO. 0 CLEAR (SCALE 0-3) 31
DPTR FM NORMAL 0 PTCLDY (SCALE 4-7) 0
TOTAL FM JUL 1 0 CLOUDY (SCALE 8-10) 0
DPTR FM NORMAL 0
[CDD (BASE 65) ]
TOTAL THIS MO. 649
DPTR FM NORMAL 111 [PRESSURE DATA]
TOTAL FM JAN 1 1655 HIGHEST SLP 30.04 ON 9
DPTR FM NORMAL 300 LOWEST SLP 29.67 ON 21
[REMARKS]
#FINAL-07-22#