000
CXUS53 KICT 010800
CF6CNU
PRELIMINARY LOCAL CLIMATOLOGICAL DATA (WS FORM: F-6)
STATION: CHANUTE KS
MONTH: MAY
YEAR: 2020
LATITUDE: 37 40 N
LONGITUDE: 95 29 W
TEMPERATURE IN F: :PCPN: SNOW: WIND :SUNSHINE: SKY :PK WND
================================================================================
1 2 3 4 5 6A 6B 7 8 9 10 11 12 13 14 15 16 17 18
12Z AVG MX 2MIN
DY MAX MIN AVG DEP HDD CDD WTR SNW DPTH SPD SPD DIR MIN PSBL S-S WX SPD DR
================================================================================
1 84 54 69 7 0 4 0.00 M M 14.1 26 180 M M 0 35 180
2 83 61 72 10 0 7 0.00 M M 7.5 15 180 M M 3 20 190
3 76 59 68 6 0 3 0.69 M M 8.5 37 320 M M 4 13 58 320
4 68 57 63 0 2 0 0.15 M M 10.9 22 30 M M 9 13 31 360
5 74 54 64 1 1 0 0.00 M M 12.0 26 300 M M 0 36 300
6 71 49 60 -3 5 0 T M M 6.7 18 320 M M 3 25 320
7 63 42 53 -10 12 0 0.59 M M 7.5 22 150 M M 6 13 29 170
8 63 41 52 -12 13 0 T M M 11.0 26 360 M M 3 37 10
9 66 37 52 -12 13 0 0.00 M M 3.2 8 220 0 0 0 M M
10 64 42 53 -11 12 0 0.00 M M 9.4 18 350 M M 2 28 350
11 50 42 46 -18 19 0 1.11 M M 4.4 10 80 M M 7 1 14 360
12 51 43 47 -18 18 0 0.34 M M 7.6 13 90 M M 10 1 20 80
13 72 50 61 -4 4 0 0.74 M M 10.2 24 160 M M 9 13 33 160
14 82 69 76 11 0 11 0.00 M M 14.6 25 170 M M 4 3 35 180
15 74 61 68 2 0 3 0.93 M M 8.6 32 310 M M 4 138 56 300
16 73 59 66 0 0 1 T M M 3.9 8 300 M M 3 1 13 80
17 74 55 65 -1 0 0 0.00 M M 10.4 21 320 M M 4 29 340
18 70 52 61 -5 4 0 0.00 M M 7.9 18 330 M M 4 26 290
19 71 48 60 -7 5 0 0.00 M M 5.3 13 40 M M 5 19 40
20 71 50 61 -6 4 0 0.00 M M 6.6 14 60 M M 5 22 80
21 77 60 69 2 0 4 0.34 M M 7.5 22 120 M M 5 13 30 130
22 81 61 71 3 0 6 0.92 M M 9.5 24 100 M M 5 13 36 110
23 84 60 72 4 0 7 0.00 M M 7.4 20 160 M M 2 24 170
24 83 72 78 10 0 13 0.00 M M 11.7 22 190 M M 3 30 190
25 79 66 73 5 0 8 0.31 M M 8.6 21 210 M M 7 13 27 170
26 71 60 66 -3 0 1 0.76 M M 8.3 17 300 M M 8 1 24 290
27 79 58 69 0 0 4 0.92 M M 4.3 12 90 M M 7 13 17 160
28 72 60 66 -3 0 1 0.46 M M 4.0 15 60 M M 8 123 21 50
29 80 57 69 -1 0 4 0.00 M M 4.4 14 340 M M 0 19 330
30 82 55 69 -1 0 4 0.00 M M 5.1 13 150 M M 0 19 170
31 85 63 74 4 0 9 0.00 M M 8.4 14 170 M M 1 19 130
================================================================================
SM 2273 1697 112 90 8.26 M 249.5 0 131
================================================================================
AV 73.3 54.7 8.0 FASTST 0 0 4 MAX(MPH)
MISC ----> # 37 320 # 58 320
================================================================================
NOTES:
# LAST OF SEVERAL OCCURRENCES
COLUMN 17 PEAK WIND IN M.P.H.
PRELIMINARY LOCAL CLIMATOLOGICAL DATA (WS FORM: F-6) , PAGE 2
STATION: CHANUTE KS
MONTH: MAY
YEAR: 2020
LATITUDE: 37 40 N
LONGITUDE: 95 29 W
[TEMPERATURE DATA] [PRECIPITATION DATA] SYMBOLS USED IN COLUMN 16
AVERAGE MONTHLY: 64.0 TOTAL FOR MONTH: 8.26 1 = FOG OR MIST
DPTR FM NORMAL: -1.9 DPTR FM NORMAL: 2.46 2 = FOG REDUCING VISIBILITY
HIGHEST: 85 ON 31 GRTST 24HR 1.11 ON 11-11 TO 1/4 MILE OR LESS
LOWEST: 37 ON 9 3 = THUNDER
SNOW, ICE PELLETS, HAIL 4 = ICE PELLETS
TOTAL MONTH: M 5 = HAIL
GRTST 24HR M ON M 6 = FREEZING RAIN OR DRIZZLE
GRTST DEPTH: M ON M 7 = DUSTSTORM OR SANDSTORM:
VSBY 1/2 MILE OR LESS
8 = SMOKE OR HAZE
[NO. OF DAYS WITH] [WEATHER - DAYS WITH] 9 = BLOWING SNOW
X = TORNADO
MAX 32 OR BELOW: 0 0.01 INCH OR MORE: 13
MAX 90 OR ABOVE: 0 0.10 INCH OR MORE: 13
MIN 32 OR BELOW: 0 0.50 INCH OR MORE: 8
MIN 0 OR BELOW: 0 1.00 INCH OR MORE: 1
[HDD (BASE 65) ]
TOTAL THIS MO. 112 CLEAR (SCALE 0-3) 12
DPTR FM NORMAL 37 PTCLDY (SCALE 4-7) 16
TOTAL FM JUL 1 3995 CLOUDY (SCALE 8-10) 3
DPTR FM NORMAL -482
[CDD (BASE 65) ]
TOTAL THIS MO. 90
DPTR FM NORMAL -12 [PRESSURE DATA]
TOTAL FM JAN 1 122 HIGHEST SLP 0.00 ON 9
DPTR FM NORMAL -11 LOWEST SLP 0.00 ON 9
[REMARKS]
#FINAL-05-20#