000
CXUS55 KGJT 011812
CF6CNY
PRELIMINARY LOCAL CLIMATOLOGICAL DATA (WS FORM: F-6)
STATION: CANYONLANDS AIRPORT UT
MONTH: MARCH
YEAR: 2022
LATITUDE: 38 46 N
LONGITUDE: 109 45 W
TEMPERATURE IN F: :PCPN: SNOW: WIND :SUNSHINE: SKY :PK WND
================================================================================
1 2 3 4 5 6A 6B 7 8 9 10 11 12 13 14 15 16 17 18
12Z AVG MX 2MIN
DY MAX MIN AVG DEP HDD CDD WTR SNW DPTH SPD SPD DIR MIN PSBL S-S WX SPD DR
================================================================================
1 57 23 40 -1 25 0 0.00 M M 3.3 12 40 M M 0 19 50
2 64 26 45 4 20 0 0.00 M M 1.5 9 120 M M 0 13 120
3 65 33 49 7 16 0 0.00 M M 3.1 12 140 M M 0 16 320
4 63 39 51 9 14 0 T M M 8.6 36 210 M M 6 38 46 210
5 53 34 44 2 21 0 0.01 M M 9.0 39 220 M M 8 8 48 220
6 48 28 38 -5 27 0 0.00 M M 10.0 29 270 M M 5 36 260
7 42 18 30 -13 35 0 T M M 5.7 23 40 M M 5 27 20
8 45 14 30 -14 35 0 0.00 M M 3.5 13 240 M M 1 18 240
9 53 24 39 -5 26 0 T M M 8.3 29 310 M M 7 40 260
10 39 21 30 -14 35 0 0.00 M M 9.4 21 30 M M 5 33 50
11 43 10 27 -18 38 0 0.00 M M 3.2 12 320 M M 0 16 300
12 53 18 36 -9 29 0 0.00 M M 4.2 12 130 M M 0 15 140
13 55 19 37 -8 28 0 0.00 M M 6.9 18 310 M M 3 23 300
14 55 26 41 -5 24 0 0.00 M M 4.5 15 90 M M 1 22 80
15 64 23 44 -2 21 0 0.00 M M 3.0 10 330 M M 0 13 290
16 54 36 45 -1 20 0 T M M 7.4 25 300 M M 4 36 310
17 54 29 42 -4 23 0 0.00 M M 6.9 20 60 M M 2 30 60
18 58 29 44 -3 21 0 0.00 M M 4.7 14 80 M M 0 22 300
19 64 25 45 -2 20 0 0.00 M M 6.0 20 170 M M 0 28 210
20 65 40 53 6 12 0 T M M 12.7 36 310 M M 5 45 310
21 55 32 44 -4 21 0 0.16 M M 6.6 20 70 M M 3 1 24 40
22 55 29 42 -6 23 0 0.00 M M 8.5 30 70 M M 2 36 70
23 60 22 41 -7 24 0 0.00 M M 2.6 9 130 M M 0 13 330
24 70 25 48 0 17 0 0.00 M M 2.9 10 290 M M 0 13 220
25 75 35 55 6 10 0 0.00 M M 3.1 9 260 M M 0 14 160
26 80 37 59 10 6 0 0.00 M M 3.1 15 200 M M 0 21 240
27 81 40 61 12 4 0 0.00 M M 6.7 25 210 M M 0 37 230
28 72 46 59 10 6 0 0.08 M M 10.6 29 270 M M 4 1 35 280
29 55 44 50 0 15 0 0.26 M M 6.3 20 280 M M 9 1 33 250
30 61 39 50 0 15 0 0.01 M M 4.0 14 350 M M 3 17 350
31 64 37 51 1 14 0 0.00 M M 7.7 26 210 M M 2 32 200
================================================================================
SM 1822 901 645 0 0.52 M 184.0 M 75
================================================================================
AV 58.8 29.1 5.9 FASTST M M 2 MAX(MPH)
MISC ----> 39 220 48 220
================================================================================
NOTES:
# LAST OF SEVERAL OCCURRENCES
COLUMN 17 PEAK WIND IN M.P.H.
PRELIMINARY LOCAL CLIMATOLOGICAL DATA (WS FORM: F-6) , PAGE 2
STATION: CANYONLANDS AIRPORT UT
MONTH: MARCH
YEAR: 2022
LATITUDE: 38 46 N
LONGITUDE: 109 45 W
[TEMPERATURE DATA] [PRECIPITATION DATA] SYMBOLS USED IN COLUMN 16
AVERAGE MONTHLY: 43.9 TOTAL FOR MONTH: 0.52 1 = FOG OR MIST
DPTR FM NORMAL: -2.0 DPTR FM NORMAL: -0.02 2 = FOG REDUCING VISIBILITY
HIGHEST: 81 ON 27 GRTST 24HR 0.27 ON 29-30 TO 1/4 MILE OR LESS
LOWEST: 10 ON 11 3 = THUNDER
SNOW, ICE PELLETS, HAIL 4 = ICE PELLETS
TOTAL MONTH: M 5 = HAIL
GRTST 24HR M ON M 6 = FREEZING RAIN OR DRIZZLE
GRTST DEPTH: M ON M 7 = DUSTSTORM OR SANDSTORM:
VSBY 1/2 MILE OR LESS
8 = SMOKE OR HAZE
[NO. OF DAYS WITH] [WEATHER - DAYS WITH] 9 = BLOWING SNOW
X = TORNADO
MAX 32 OR BELOW: 0 0.01 INCH OR MORE: 5
MAX 90 OR ABOVE: 0 0.10 INCH OR MORE: 2
MIN 32 OR BELOW: 19 0.50 INCH OR MORE: 0
MIN 0 OR BELOW: 0 1.00 INCH OR MORE: 0
[HDD (BASE 65) ]
TOTAL THIS MO. 645 CLEAR (SCALE 0-3) 21
DPTR FM NORMAL 53 PTCLDY (SCALE 4-7) 9
TOTAL FM JUL 1 4695 CLOUDY (SCALE 8-10) 1
DPTR FM NORMAL -170
[CDD (BASE 65) ]
TOTAL THIS MO. 0
DPTR FM NORMAL 0 [PRESSURE DATA]
TOTAL FM JAN 1 0 HIGHEST SLP 30.47 ON 12
DPTR FM NORMAL 0 LOWEST SLP 29.54 ON 20
[REMARKS]
#FINAL-03-22#