000
CXUS55 KGJT 021809
CF6CNY
PRELIMINARY LOCAL CLIMATOLOGICAL DATA (WS FORM: F-6)
STATION: CANYONLANDS AIRPORT UT
MONTH: OCTOBER
YEAR: 2020
LATITUDE: 38 46 N
LONGITUDE: 109 45 W
TEMPERATURE IN F: :PCPN: SNOW: WIND :SUNSHINE: SKY :PK WND
================================================================================
1 2 3 4 5 6A 6B 7 8 9 10 11 12 13 14 15 16 17 18
12Z AVG MX 2MIN
DY MAX MIN AVG DEP HDD CDD WTR SNW DPTH SPD SPD DIR MIN PSBL S-S WX SPD DR
================================================================================
1 85 43 64 4 1 0 0.00 M M 3.8 13 310 M M 0 8 20 290
2 82 42 62 2 3 0 0.00 M M 3.0 9 140 M M 0 8 12 140
3 83 42 63 3 2 0 0.00 M M 2.9 10 60 M M 0 8 14 310
4 85 46 66 7 0 1 0.00 M M 2.5 12 250 M M 0 16 240
5 85 41 63 4 2 0 0.00 M M 1.8 8 320 M M 0 12 40
6 83 41 62 4 3 0 0.00 M M 3.0 8 250 M M 0 8 12 320
7 84 42 63 5 2 0 0.00 M M 2.2 7 330 M M 0 10 120
8 84 43 64 7 1 0 0.00 M M 3.0 14 130 M M 0 8 18 120
9 84 44 64 7 1 0 0.00 M M 3.4 10 340 M M 0 8 14 340
10 85 51 68 12 0 3 0.00 M M 8.9 25 230 M M 0 33 230
11 74 45 60 4 5 0 0.00 M M 13.9 36 320 M M 0 49 310
12 75 33 54 -1 11 0 0.00 M M 2.6 8 270 M M 0 13 310
13 81 38 60 5 5 0 0.00 M M 2.8 12 130 M M 0 8 13 130
14 83 42 63 9 2 0 0.00 M M 5.7 20 270 M M 0 29 270
15 71 45 58 4 7 0 0.00 M M 10.9 26 300 M M 0 35 300
16 70 32 51 -3 14 0 0.00 M M 4.9 10 20 M M 0 8 15 300
17 81 34 58 5 7 0 0.00 M M 5.3 20 250 M M 0 8 30 230
18 80 45 63 10 2 0 0.00 M M 4.3 15 290 M M 0 8 24 290
19 78 40 59 7 6 0 0.00 M M 3.7 14 280 M M 0 8 16 270
20 78 38 58 6 7 0 0.00 M M 2.8 13 260 M M 0 17 270
21 81 40 61 10 4 0 0.00 M M 5.5 18 210 M M 0 24 220
22 80 41 61 10 4 0 0.00 M M 8.1 25 260 M M 0 33 280
23 62 40 51 1 14 0 0.00 M M 5.6 16 70 M M 0 8 20 70
24 75 31 53 3 12 0 0.00 M M 8.0 23 210 M M 0 8 31 240
25 64 24 44 -5 21 0 0.40 M M 8.8 30 310 M M 6 1 37 320
26 32 19 26 -23 39 0 0.00 M M 11.8 20 70 M M 2 24 40
27 43 18 31 -17 34 0 0.00 M M 5.1 16 60 M M 0 21 60
28 55 24 40 -8 25 0 0.00 M M 3.3 12 320 M M 0 15 320
29 61 27 44 -3 21 0 0.00 M M 2.8 13 90 M M 0 8 16 90
30 63 31 47 0 18 0 0.00 M M 1.3 8 150 M M 0 10 350
31 67 29 48 2 17 0 0.00 M M 1.8 7 240 M M 0 8 170
================================================================================
SM 2294 1151 290 4 0.40 M 153.5 M 8
================================================================================
AV 74.0 37.1 5.0 FASTST M M 0 MAX(MPH)
MISC ----> # 36 320 # 49 310
================================================================================
NOTES:
# LAST OF SEVERAL OCCURRENCES
COLUMN 17 PEAK WIND IN M.P.H.
PRELIMINARY LOCAL CLIMATOLOGICAL DATA (WS FORM: F-6) , PAGE 2
STATION: CANYONLANDS AIRPORT UT
MONTH: OCTOBER
YEAR: 2020
LATITUDE: 38 46 N
LONGITUDE: 109 45 W
[TEMPERATURE DATA] [PRECIPITATION DATA] SYMBOLS USED IN COLUMN 16
AVERAGE MONTHLY: 55.6 TOTAL FOR MONTH: 0.40 1 = FOG OR MIST
DPTR FM NORMAL: 2.1 DPTR FM NORMAL: -0.77 2 = FOG REDUCING VISIBILITY
HIGHEST: 85 ON 10, 5 GRTST 24HR 0.40 ON 25-25 TO 1/4 MILE OR LESS
LOWEST: 18 ON 27 3 = THUNDER
SNOW, ICE PELLETS, HAIL 4 = ICE PELLETS
TOTAL MONTH: M 5 = HAIL
GRTST 24HR M ON M 6 = FREEZING RAIN OR DRIZZLE
GRTST DEPTH: M ON M 7 = DUSTSTORM OR SANDSTORM:
VSBY 1/2 MILE OR LESS
8 = SMOKE OR HAZE
[NO. OF DAYS WITH] [WEATHER - DAYS WITH] 9 = BLOWING SNOW
X = TORNADO
MAX 32 OR BELOW: 1 0.01 INCH OR MORE: 1
MAX 90 OR ABOVE: 0 0.10 INCH OR MORE: 1
MIN 32 OR BELOW: 9 0.50 INCH OR MORE: 0
MIN 0 OR BELOW: 0 1.00 INCH OR MORE: 0
[HDD (BASE 65) ]
TOTAL THIS MO. 290 CLEAR (SCALE 0-3) 30
DPTR FM NORMAL -71 PTCLDY (SCALE 4-7) 1
TOTAL FM JUL 1 345 CLOUDY (SCALE 8-10) 0
DPTR FM NORMAL -74
[CDD (BASE 65) ]
TOTAL THIS MO. 4
DPTR FM NORMAL -1 [PRESSURE DATA]
TOTAL FM JAN 1 1654 HIGHEST SLP 30.56 ON 27
DPTR FM NORMAL 365 LOWEST SLP 29.51 ON 25
[REMARKS]
#FINAL-10-20#