000
CXUS55 KRIW 011010
CF6CPR
PRELIMINARY LOCAL CLIMATOLOGICAL DATA (WS FORM: F-6)
STATION: CASPER WY
MONTH: OCTOBER
YEAR: 2021
LATITUDE: 42 55 N
LONGITUDE: 106 28 W
TEMPERATURE IN F: :PCPN: SNOW: WIND :SUNSHINE: SKY :PK WND
================================================================================
1 2 3 4 5 6A 6B 7 8 9 10 11 12 13 14 15 16 17 18
12Z AVG MX 2MIN
DY MAX MIN AVG DEP HDD CDD WTR SNW DPTH SPD SPD DIR MIN PSBL S-S WX SPD DR
================================================================================
1 69 36 53 1 12 0 0.00 0.0 0 7.8 15 240 M M 0 20 230
2 70 34 52 1 13 0 0.00 0.0 0 4.9 9 240 M M 0 12 200
3 75 39 57 6 8 0 0.00 0.0 0 8.6 18 260 M M 0 24 250
4 78 31 55 5 10 0 0.00 0.0 0 10.3 23 210 M M 0 32 200
5 80 42 61 11 4 0 0.00 0.0 0 5.9 17 210 M M 0 21 210
6 71 44 58 9 7 0 0.00 0.0 0 13.7 33 210 M M 1 44 210
7 72 50 61 12 4 0 T 0.0 0 11.6 25 250 M M 3 3 45 240
8 65 44 55 7 10 0 0.07 0.0 0 13.2 26 200 M M 5 34 200
9 57 42 50 2 15 0 0.03 0.0 0 12.9 30 290 M M 9 40 300
10 62 38 50 2 15 0 0.00 0.0 0 10.4 22 260 M M 5 30 210
11 50 29 40 -7 25 0 0.12 0.4 T 13.1 26 30 M M 9 1 34 30
12 34 27 31 -16 34 0 0.76 8.2 1 18.8 30 10 M M 10 1236 41 10
13 38 28 33 -13 32 0 0.22 4.1 6 12.1 25 270 M M 10 2 33 260
14 41 25 33 -13 32 0 0.00 0.0 3 8.6 20 200 M M 7 24 200
15 47 27 37 -8 28 0 0.00 0.0 1 11.7 22 250 M M 2 32 250
16 59 38 49 4 16 0 0.00 0.0 1 14.5 25 210 M M 0 33 210
17 69 38 54 9 11 0 0.00 0.0 0 16.1 32 210 M M 0 43 230
18 68 45 57 13 8 0 0.04 0.0 0 10.4 22 220 M M 1 28 210
19 46 32 39 -5 26 0 1.21 4.7 0 8.7 28 20 M M 10 12 39 20
20 51 30 41 -3 24 0 T 0.3 2 11.4 21 230 M M 3 1 26 220
21 63 38 51 8 14 0 0.00 0.0 0 12.1 23 190 M M 0 30 200
22 65 37 51 8 14 0 0.00 0.0 0 12.2 24 210 M M 0 33 210
23 56 42 49 7 16 0 0.01 0.0 0 13.1 25 210 M M 6 37 230
24 56 31 44 2 21 0 0.00 0.0 0 11.3 23 230 M M 3 30 230
25 68 46 57 15 8 0 T 0.0 0 21.0 41 210 M M 0 53 210
26 62 33 48 7 17 0 0.14 0.0 0 10.4 24 10 M M 7 1 32 10
27 53 32 43 2 22 0 0.00 0.0 0 13.1 28 270 M M 2 37 290
28 57 27 42 1 23 0 0.00 0.0 0 7.7 21 260 M M 3 29 260
29 64 41 53 13 12 0 0.00 0.0 0 15.7 32 220 M M 0 39 210
30 50 31 41 1 24 0 0.00 0.0 0 12.9 21 30 M M 7 1 26 30
31 32 28 30 -10 35 0 0.09 0.5 0 11.4 16 60 M M 10 1 21 60
================================================================================
SM 1828 1105 540 0 2.69 18.2 365.6 M 113
================================================================================
AV 59.0 35.6 11.8 FASTST M M 4 MAX(MPH)
MISC ----> 41 210 53 210
================================================================================
NOTES:
# LAST OF SEVERAL OCCURRENCES
COLUMN 17 PEAK WIND IN M.P.H.
PRELIMINARY LOCAL CLIMATOLOGICAL DATA (WS FORM: F-6) , PAGE 2
STATION: CASPER WY
MONTH: OCTOBER
YEAR: 2021
LATITUDE: 42 55 N
LONGITUDE: 106 28 W
[TEMPERATURE DATA] [PRECIPITATION DATA] SYMBOLS USED IN COLUMN 16
AVERAGE MONTHLY: 47.3 TOTAL FOR MONTH: 2.69 1 = FOG OR MIST
DPTR FM NORMAL: 2.0 DPTR FM NORMAL: 1.50 2 = FOG REDUCING VISIBILITY
HIGHEST: 80 ON 5 GRTST 24HR 1.22 ON 18-19 TO 1/4 MILE OR LESS
LOWEST: 25 ON 14 3 = THUNDER
SNOW, ICE PELLETS, HAIL 4 = ICE PELLETS
TOTAL MONTH: 18.2 INCHES 5 = HAIL
GRTST 24HR 8.2 ON 12-12 6 = FREEZING RAIN OR DRIZZLE
GRTST DEPTH: 6 ON 13 7 = DUSTSTORM OR SANDSTORM:
VSBY 1/2 MILE OR LESS
8 = SMOKE OR HAZE
[NO. OF DAYS WITH] [WEATHER - DAYS WITH] 9 = BLOWING SNOW
X = TORNADO
MAX 32 OR BELOW: 1 0.01 INCH OR MORE: 10
MAX 90 OR ABOVE: 0 0.10 INCH OR MORE: 5
MIN 32 OR BELOW: 13 0.50 INCH OR MORE: 2
MIN 0 OR BELOW: 0 1.00 INCH OR MORE: 1
[HDD (BASE 65) ]
TOTAL THIS MO. 540 CLEAR (SCALE 0-3) 18
DPTR FM NORMAL -71 PTCLDY (SCALE 4-7) 7
TOTAL FM JUL 1 687 CLOUDY (SCALE 8-10) 6
DPTR FM NORMAL -185
[CDD (BASE 65) ]
TOTAL THIS MO. 0
DPTR FM NORMAL -1 [PRESSURE DATA]
TOTAL FM JAN 1 554 HIGHEST SLP 30.35 ON 31
DPTR FM NORMAL 111 LOWEST SLP 29.27 ON 26
[REMARKS]
#FINAL-10-21#