000
CXUS52 KILM 011000
CF6CRE
PRELIMINARY LOCAL CLIMATOLOGICAL DATA (WS FORM: F-6)
STATION: N.MYRTLE BEACH SOUTH CAROLINA
MONTH: MARCH
YEAR: 2020
LATITUDE: 33 49 N
LONGITUDE: 78 43 W
TEMPERATURE IN F: :PCPN: SNOW: WIND :SUNSHINE: SKY :PK WND
================================================================================
1 2 3 4 5 6A 6B 7 8 9 10 11 12 13 14 15 16 17 18
12Z AVG MX 2MIN
DY MAX MIN AVG DEP HDD CDD WTR SNW DPTH SPD SPD DIR MIN PSBL S-S WX SPD DR
================================================================================
1 53 29 41 -10 24 0 0.00 M M 4.6 13 200 M M 0 16 190
2 69 37 53 2 12 0 T M M 7.7 22 200 M M 2 1 28 200
3 71 58 65 14 0 0 0.69 M M 10.8 23 220 M M 7 1 29 220
4 66 53 60 9 5 0 0.35 M M 3.8 13 50 M M 9 1 15 30
5 54 49 52 0 13 0 1.11 M M 6.8 16 10 M M 10 1 21 20
6 63 47 55 3 10 0 0.04 M M 9.6 21 290 M M 7 1 30 280
7 57 38 48 -4 17 0 0.00 M M 8.4 22 360 M M 0 31 360
8 57 34 46 -6 19 0 0.00 M M 4.8 12 200 M M 0 15 140
9 68 37 53 0 12 0 0.00 M M 4.3 10 200 M M 0 1 14 170
10 72 57 65 12 0 0 0.00 M M 10.5 20 220 M M 3 24 220
11 74 55 65 12 0 0 0.00 M M 8.2 17 200 M M 2 23 210
12 72 54 63 10 2 0 0.00 M M 8.0 16 210 M M 0 1 22 210
13 71 60 66 12 0 1 T M M 10.7 22 220 M M 1 25 220
14 69 61 65 11 0 0 0.00 M M 8.8 20 50 M M 6 1 25 40
15 62 54 58 4 7 0 T M M 9.5 20 40 M M 9 26 40
16 68 50 59 5 6 0 0.00 M M 6.1 18 50 M M 8 22 50
17 62 51 57 3 8 0 0.85 M M 2.0 13 160 M M 7 123 36 220
18 70 54 62 7 3 0 0.00 M M 7.0 15 110 M M 4 128 M 30
19 76 61 69 14 0 4 T M M 9.7 23 210 M M 2 1 30 220
20 77 64 71 16 0 6 T M M 15.4 26 210 M M 0 38 210
21 84 62 73 18 0 8 0.00 M M 8.5 20 90 M M 3 28 110
22 62 50 56 0 9 0 0.04 M M 12.2 22 40 M M 10 1 28 30
23 67 49 58 2 7 0 T M M 5.4 13 200 M M 9 1 16 340
24 64 58 61 5 4 0 0.90 M M 7.6 17 50 M M 9 13 21 60
25 73 52 63 7 2 0 0.22 M M 9.8 16 40 M M 6 1 25 350
26 61 49 55 -1 10 0 0.00 M M 7.9 15 40 M M 2 17 40
27 75 60 68 11 0 3 0.00 M M 12.4 24 210 M M 3 12 30 220
28 77 63 70 13 0 5 0.00 M M 13.8 26 220 M M 2 1 35 220
29 80 67 74 17 0 9 0.00 M M 13.8 24 220 M M 1 1 29 220
30 80 61 71 14 0 6 0.00 M M 5.8 15 210 M M 0 1 18 270
31 67 51 59 1 6 0 0.55 M M 10.4 23 60 M M 6 1 37 80
================================================================================
SM 2121 1625 176 42 4.75 M 264.3 M 128
================================================================================
AV 68.4 52.4 8.5 FASTST M M 4 MAX(MPH)
MISC ----> # 26 210 # 38 210
================================================================================
NOTES:
# LAST OF SEVERAL OCCURRENCES
COLUMN 17 PEAK WIND IN M.P.H.
PRELIMINARY LOCAL CLIMATOLOGICAL DATA (WS FORM: F-6) , PAGE 2
STATION: N.MYRTLE BEACH SOUTH CAROLINA
MONTH: MARCH
YEAR: 2020
LATITUDE: 33 49 N
LONGITUDE: 78 43 W
[TEMPERATURE DATA] [PRECIPITATION DATA] SYMBOLS USED IN COLUMN 16
AVERAGE MONTHLY: 60.4 TOTAL FOR MONTH: 4.75 1 = FOG OR MIST
DPTR FM NORMAL: 6.2 DPTR FM NORMAL: 0.83 2 = FOG REDUCING VISIBILITY
HIGHEST: 84 ON 21 GRTST 24HR 1.11 ON 5- 5 TO 1/4 MILE OR LESS
LOWEST: 29 ON 1 3 = THUNDER
SNOW, ICE PELLETS, HAIL 4 = ICE PELLETS
TOTAL MONTH: M 5 = HAIL
GRTST 24HR M ON M 6 = FREEZING RAIN OR DRIZZLE
GRTST DEPTH: M ON M 7 = DUSTSTORM OR SANDSTORM:
VSBY 1/2 MILE OR LESS
8 = SMOKE OR HAZE
[NO. OF DAYS WITH] [WEATHER - DAYS WITH] 9 = BLOWING SNOW
X = TORNADO
MAX 32 OR BELOW: 0 0.01 INCH OR MORE: 9
MAX 90 OR ABOVE: 0 0.10 INCH OR MORE: 7
MIN 32 OR BELOW: 1 0.50 INCH OR MORE: 5
MIN 0 OR BELOW: 0 1.00 INCH OR MORE: 1
[HDD (BASE 65) ]
TOTAL THIS MO. 176 CLEAR (SCALE 0-3) 15
DPTR FM NORMAL -162 PTCLDY (SCALE 4-7) 10
TOTAL FM JUL 1 1614 CLOUDY (SCALE 8-10) 6
DPTR FM NORMAL -668
[CDD (BASE 65) ]
TOTAL THIS MO. 42
DPTR FM NORMAL 39 [PRESSURE DATA]
TOTAL FM JAN 1 57 HIGHEST SLP 30.65 ON 8
DPTR FM NORMAL 54 LOWEST SLP 29.50 ON 31
[REMARKS]
#FINAL-03-20#