000
CXUS52 KILM 011000
CF6CRE
PRELIMINARY LOCAL CLIMATOLOGICAL DATA (WS FORM: F-6)
STATION: N.MYRTLE BEACH SOUTH CAROLINA
MONTH: JULY
YEAR: 2023
LATITUDE: 33 49 N
LONGITUDE: 78 43 W
TEMPERATURE IN F: :PCPN: SNOW: WIND :SUNSHINE: SKY :PK WND
================================================================================
1 2 3 4 5 6A 6B 7 8 9 10 11 12 13 14 15 16 17 18
12Z AVG MX 2MIN
DY MAX MIN AVG DEP HDD CDD WTR SNW DPTH SPD SPD DIR MIN PSBL S-S WX SPD DR
================================================================================
1 86 74 80 0 0 15 T M M 5.1 14 350 M M 1 1 18 350
2 88 73 81 1 0 16 0.00 M M 9.1 20 210 M M 0 1 26 210
3 88 76 82 2 0 17 0.01 M M 12.0 21 200 M M 1 3 24 210
4 90 73 82 2 0 17 0.06 M M 10.0 21 330 M M 3 13 32 330
5 88 72 80 -1 0 15 0.69 M M 4.9 16 280 M M 3 13 23 320
6 89 76 83 2 0 18 T M M 8.0 18 230 M M 5 23 220
7 90 74 82 1 0 17 0.04 M M 6.5 15 220 M M 2 13 19 220
8 87 73 80 -1 0 15 T M M 4.0 14 200 M M 1 3 25 260
9 92 74 83 2 0 18 0.15 M M 4.9 21 360 M M 3 123 33 360
10 80 72 76 -5 0 11 0.49 M M 3.1 10 290 M M 5 1 15 310
11 89 71 80 -1 0 15 0.00 M M 7.5 17 230 M M 3 1 21 210
12 87 75 81 0 0 16 0.21 M M 7.1 16 180 M M 3 20 200
13 88 80 84 3 0 19 0.00 M M 12.9 21 190 M M 2 25 190
14 88 80 84 3 0 19 0.01 M M 12.1 22 220 M M 2 3 27 210
15 87 77 82 1 0 17 T M M 11.5 23 200 M M 3 3 32 210
16 90 77 84 3 0 19 0.45 M M 10.6 32 230 M M 2 13 43 220
17 91 74 83 2 0 18 0.00 M M 3.8 12 190 M M 1 1 14 120
18 92 75 84 3 0 19 0.00 M M 7.0 17 200 M M 0 1 22 200
19 90 81 86 5 0 21 0.00 M M 13.7 24 210 M M 1 18 30 210
20 92 74 83 2 0 18 0.81 M M 8.7 28 220 M M 2 138 37 230
21 93 75 84 3 0 19 0.00 M M 7.9 23 230 M M 1 26 240
22 92 75 84 3 0 19 0.00 M M 7.5 18 40 M M 2 23 40
23 86 72 79 -2 0 14 0.37 M M 5.5 22 220 M M 3 123 29 220
24 87 72 80 -1 0 15 0.08 M M 5.7 15 210 M M 4 19 240
25 89 76 83 2 0 18 0.00 M M 6.4 15 210 M M 1 19 190
26 88 75 82 1 0 17 0.00 M M 4.3 13 180 M M 0 1 17 190
27 87 75 81 1 0 16 0.00 M M 6.3 13 190 M M 1 17 190
28 88 77 83 3 0 18 0.03 M M 6.5 15 200 M M 1 3 19 190
29 87 76 82 2 0 17 0.22 M M 8.4 24 220 M M 2 13 29 220
30 93 75 84 4 0 19 0.12 M M 5.8 17 290 M M 4 13 25 290
31 85 68 77 -3 0 12 0.62 M M 5.4 18 330 M M 5 13 29 350
================================================================================
SM 2747 2317 0 524 4.36 M 232.2 M 67
================================================================================
AV 88.6 74.7 7.5 FASTST M M 2 MAX(MPH)
MISC ----> 32 230 43 220
================================================================================
NOTES:
# LAST OF SEVERAL OCCURRENCES
COLUMN 17 PEAK WIND IN M.P.H.
PRELIMINARY LOCAL CLIMATOLOGICAL DATA (WS FORM: F-6) , PAGE 2
STATION: N.MYRTLE BEACH SOUTH CAROLINA
MONTH: JULY
YEAR: 2023
LATITUDE: 33 49 N
LONGITUDE: 78 43 W
[TEMPERATURE DATA] [PRECIPITATION DATA] SYMBOLS USED IN COLUMN 16
AVERAGE MONTHLY: 81.7 TOTAL FOR MONTH: 4.36 1 = FOG OR MIST
DPTR FM NORMAL: 1.1 DPTR FM NORMAL: -1.04 2 = FOG REDUCING VISIBILITY
HIGHEST: 93 ON 30,21 GRTST 24HR 0.81 ON 20-20 TO 1/4 MILE OR LESS
LOWEST: 68 ON 31 3 = THUNDER
SNOW, ICE PELLETS, HAIL 4 = ICE PELLETS
TOTAL MONTH: M 5 = HAIL
GRTST 24HR M ON M 6 = FREEZING RAIN OR DRIZZLE
GRTST DEPTH: M ON M 7 = DUSTSTORM OR SANDSTORM:
VSBY 1/2 MILE OR LESS
8 = SMOKE OR HAZE
[NO. OF DAYS WITH] [WEATHER - DAYS WITH] 9 = BLOWING SNOW
X = TORNADO
MAX 32 OR BELOW: 0 0.01 INCH OR MORE: 16
MAX 90 OR ABOVE: 11 0.10 INCH OR MORE: 10
MIN 32 OR BELOW: 0 0.50 INCH OR MORE: 3
MIN 0 OR BELOW: 0 1.00 INCH OR MORE: 0
[HDD (BASE 65) ]
TOTAL THIS MO. 0 CLEAR (SCALE 0-3) 24
DPTR FM NORMAL 0 PTCLDY (SCALE 4-7) 7
TOTAL FM JUL 1 0 CLOUDY (SCALE 8-10) 0
DPTR FM NORMAL 0
[CDD (BASE 65) ]
TOTAL THIS MO. 524
DPTR FM NORMAL 39 [PRESSURE DATA]
TOTAL FM JAN 1 1069 HIGHEST SLP 30.16 ON 28
DPTR FM NORMAL -41 LOWEST SLP 29.74 ON 9
[REMARKS]
#FINAL-07-23#