000
CXUS52 KJAX 010800
CF6CRG
PRELIMINARY LOCAL CLIMATOLOGICAL DATA (WS FORM: F-6)
STATION: CRAIG EXEC ARPT
MONTH: MAY
YEAR: 2023
LATITUDE: 30 19 N
LONGITUDE: 81 31 W
TEMPERATURE IN F: :PCPN: SNOW: WIND :SUNSHINE: SKY :PK WND
================================================================================
1 2 3 4 5 6A 6B 7 8 9 10 11 12 13 14 15 16 17 18
12Z AVG MX 2MIN
DY MAX MIN AVG DEP HDD CDD WTR SNW DPTH SPD SPD DIR MIN PSBL S-S WX SPD DR
================================================================================
1 86 55 71 0 0 6 0.00 0.0 0 13.9 31 250 M M 1 45 280
2 85 65 75 3 0 10 0.00 0.0 0 11.6 25 250 M M 0 36 260
3 82 58 70 -2 0 5 0.00 0.0 0 10.3 23 310 M M 0 33 300
4 83 51 67 -5 0 2 0.00 0.0 0 3.2 13 90 M M 0 18 70
5 82 55 69 -3 0 4 0.00 0.0 0 4.5 15 50 M M 1 21 50
6 73 62 68 -4 0 3 0.10 0.0 0 5.5 16 90 M M 8 1 24 90
7 82 59 71 -2 0 6 0.00 0.0 0 7.4 18 140 M M 1 1 25 140
8 90 61 76 3 0 11 0.00 0.0 0 6.6 14 160 M M 1 18 150
9 89 67 78 5 0 13 0.00 0.0 0 5.3 13 230 M M 0 22 230
10 89 73 81 8 0 16 0.00 0.0 0 9.2 17 30 M M 4 1 25 70
11 86 73 80 7 0 15 0.00 0.0 0 7.6 16 80 M M 4 1 23 70
12 86 69 78 4 0 13 0.02 0.0 0 6.7 21 140 M M 4 1 28 110
13 84 65 75 1 0 10 0.05 0.0 0 5.1 14 130 M M 4 1 22 90
14 88 68 78 4 0 13 0.00 0.0 0 5.1 14 160 M M 2 22 140
15 85 68 77 3 0 12 0.00 0.0 0 5.5 14 50 M M 5 22 50
16 88 66 77 3 0 12 0.02 0.0 0 4.8 15 230 M M 3 13 21 150
17 90 69 80 5 0 15 0.16 0.0 0 7.0 26 330 M M 2 3 37 350
18 88 65 77 2 0 12 0.26 0.0 0 3.1 13 90 M M 4 13 16 80
19 86 71 79 4 0 14 0.00 0.0 0 7.0 16 60 M M 5 22 70
20 85 66 76 1 0 11 0.00 0.0 0 4.7 14 70 M M 2 1 22 50
21 88 67 78 3 0 13 1.10 0.0 0 4.3 20 20 M M 3 13 26 10
22 83 72 78 2 0 13 0.29 0.0 0 7.3 16 60 M M 7 13 23 80
23 81 70 76 0 0 11 0.19 0.0 0 9.1 20 80 M M 8 13 28 70
24 78 69 74 -2 0 9 0.93 0.0 0 9.9 22 60 M M 6 13 31 30
25 81 72 77 1 0 12 T 0.0 0 11.5 21 40 M M 3 33 30
26 74 66 70 -6 0 5 0.01 0.0 0 16.6 24 10 M M 10 1 38 20
27 76 62 69 -8 0 4 0.00 0.0 0 15.1 23 330 M M 10 32 340
28 80 61 71 -6 0 6 0.00 0.0 0 7.0 16 300 M M 7 24 310
29 88 60 74 -3 0 9 0.00 0.0 0 5.6 14 150 M M 2 20 350
30 89 69 79 2 0 14 0.06 0.0 0 6.8 18 360 M M 5 28 10
31 84 69 77 0 0 12 T 0.0 0 7.7 18 70 M M 6 25 70
================================================================================
SM 2609 2023 0 311 3.19 0.0 235.0 M 118
================================================================================
AV 84.2 65.3 7.6 FASTST M M 4 MAX(MPH)
MISC ----> 31 250 45 280
================================================================================
NOTES:
# LAST OF SEVERAL OCCURRENCES
COLUMN 17 PEAK WIND IN M.P.H.
PRELIMINARY LOCAL CLIMATOLOGICAL DATA (WS FORM: F-6) , PAGE 2
STATION: CRAIG EXEC ARPT
MONTH: MAY
YEAR: 2023
LATITUDE: 30 19 N
LONGITUDE: 81 31 W
[TEMPERATURE DATA] [PRECIPITATION DATA] SYMBOLS USED IN COLUMN 16
AVERAGE MONTHLY: 74.7 TOTAL FOR MONTH: 3.19 1 = FOG OR MIST
DPTR FM NORMAL: 0.3 DPTR FM NORMAL: 0.15 2 = FOG REDUCING VISIBILITY
HIGHEST: 90 ON 17, 8 GRTST 24HR 1.29 ON 21-22 TO 1/4 MILE OR LESS
LOWEST: 51 ON 4 3 = THUNDER
SNOW, ICE PELLETS, HAIL 4 = ICE PELLETS
TOTAL MONTH: 0.0 INCH 5 = HAIL
GRTST 24HR 0.0 6 = FREEZING RAIN OR DRIZZLE
GRTST DEPTH: 0 7 = DUSTSTORM OR SANDSTORM:
VSBY 1/2 MILE OR LESS
8 = SMOKE OR HAZE
[NO. OF DAYS WITH] [WEATHER - DAYS WITH] 9 = BLOWING SNOW
X = TORNADO
MAX 32 OR BELOW: 0 0.01 INCH OR MORE: 12
MAX 90 OR ABOVE: 2 0.10 INCH OR MORE: 7
MIN 32 OR BELOW: 0 0.50 INCH OR MORE: 2
MIN 0 OR BELOW: 0 1.00 INCH OR MORE: 1
[HDD (BASE 65) ]
TOTAL THIS MO. 0 CLEAR (SCALE 0-3) 15
DPTR FM NORMAL -2 PTCLDY (SCALE 4-7) 13
TOTAL FM JUL 1 683 CLOUDY (SCALE 8-10) 3
DPTR FM NORMAL -427
[CDD (BASE 65) ]
TOTAL THIS MO. 311
DPTR FM NORMAL 19 [PRESSURE DATA]
TOTAL FM JAN 1 830 HIGHEST SLP 30.23 ON 6
DPTR FM NORMAL 303 LOWEST SLP 29.70 ON 1
[REMARKS]
#FINAL-05-23#