000
CXUS54 KCRP 011300
CF6CRP
PRELIMINARY LOCAL CLIMATOLOGICAL DATA (WS FORM: F-6)
STATION: CORPUS CHRISTI
MONTH: APRIL
YEAR: 2020
LATITUDE: 27 46 N
LONGITUDE: 97 30 W
TEMPERATURE IN F: :PCPN: SNOW: WIND :SUNSHINE: SKY :PK WND
================================================================================
1 2 3 4 5 6A 6B 7 8 9 10 11 12 13 14 15 16 17 18
12Z AVG MX 2MIN
DY MAX MIN AVG DEP HDD CDD WTR SNW DPTH SPD SPD DIR MIN PSBL S-S WX SPD DR
================================================================================
1 79 61 70 1 0 5 0.00 0.0 0 13.6 21 90 M M 7 27 120
2 79 63 71 1 0 6 T 0.0 0 16.2 29 130 M M 9 34 130
3 86 73 80 10 0 15 0.02 0.0 0 17.4 28 140 M M 10 138 34 90
4 73 56 65 -5 0 0 0.72 0.0 0 17.2 25 50 M M 7 13 32 20
5 72 55 64 -6 1 0 0.00 0.0 0 11.5 22 20 M M 9 18 26 30
6 79 68 74 4 0 9 T 0.0 0 7.6 13 50 M M 10 12 15 50
7 85 71 78 7 0 13 T 0.0 0 7.1 17 140 M M 9 128 19 140
8 91 73 82 11 0 17 0.00 0.0 0 8.1 17 140 M M 9 18 19 140
9 88 70 79 8 0 14 T 0.0 0 8.1 28 30 M M 10 128 33 40
10 76 69 73 2 0 8 0.05 0.0 0 12.3 25 90 M M 10 138 30 120
11 83 72 78 7 0 13 T 0.0 0 13.6 24 140 M M 9 18 28 130
12 97 65 81 9 0 16 0.00 0.0 0 17.3 33 330 M M 4 18 45 310
13 78 56 67 -5 0 2 0.00 0.0 0 13.5 26 10 M M 1 33 10
14 78 57 68 -4 0 3 0.00 0.0 0 16.6 25 350 M M 7 32 360
15 71 51 61 -11 4 0 0.00 0.0 0 12.7 24 20 M M 4 29 20
16 77 54 66 -6 0 1 0.00 0.0 0 10.8 21 140 M M 6 25 120
17 80 71 76 3 0 11 T 0.0 0 10.3 20 150 M M 10 18 23 140
18 75 59 67 -6 0 2 0.09 0.0 0 9.7 22 30 M M 10 12 25 20
19 92 67 80 7 0 15 0.05 0.0 0 8.8 21 280 M M 9 138 27 280
20 96 62 79 6 0 14 0.00 0.0 0 8.2 22 140 M M 7 18 29 150
21 88 70 79 5 0 14 0.00 0.0 0 14.2 24 120 M M 8 1 31 110
22 92 77 85 11 0 20 0.00 0.0 0 17.3 28 160 M M 10 18 35 170
23 97 71 84 10 0 19 T 0.0 0 10.3 20 100 M M 5 138 26 110
24 97 61 79 5 0 14 0.00 0.0 0 11.0 23 150 M M 2 18 27 140
25 91 71 81 7 0 16 0.00 0.0 0 14.5 24 50 M M 3 1 29 40
26 83 67 75 1 0 10 0.00 0.0 0 12.3 20 100 M M 4 25 70
27 86 64 75 0 0 10 T 0.0 0 15.8 26 140 M M 7 34 140
28 93 76 85 10 0 20 0.00 0.0 0 17.8 29 150 M M 8 18 35 160
29 88 61 75 0 0 10 0.02 0.0 0 12.3 45 40 M M 7 13 56 40
30 87 54 71 -4 0 6 0.00 0.0 0 7.7 17 140 M M 2 21 150
================================================================================
SM 2537 1945 5 303 0.95 0.0 373.8 M 213
================================================================================
AV 84.6 64.8 12.5 FASTST M M 7 MAX(MPH)
MISC ----> # 45 40 # 56 40
================================================================================
NOTES:
# LAST OF SEVERAL OCCURRENCES
COLUMN 17 PEAK WIND IN M.P.H.
PRELIMINARY LOCAL CLIMATOLOGICAL DATA (WS FORM: F-6) , PAGE 2
STATION: CORPUS CHRISTI
MONTH: APRIL
YEAR: 2020
LATITUDE: 27 46 N
LONGITUDE: 97 30 W
[TEMPERATURE DATA] [PRECIPITATION DATA] SYMBOLS USED IN COLUMN 16
AVERAGE MONTHLY: 74.7 TOTAL FOR MONTH: 0.95 1 = FOG OR MIST
DPTR FM NORMAL: 2.3 DPTR FM NORMAL: -0.89 2 = FOG REDUCING VISIBILITY
HIGHEST: 97 ON 24,23 GRTST 24HR 0.72 ON 4- 4 TO 1/4 MILE OR LESS
LOWEST: 51 ON 15 3 = THUNDER
SNOW, ICE PELLETS, HAIL 4 = ICE PELLETS
TOTAL MONTH: 0.0 INCH 5 = HAIL
GRTST 24HR 0.0 6 = FREEZING RAIN OR DRIZZLE
GRTST DEPTH: 0 7 = DUSTSTORM OR SANDSTORM:
VSBY 1/2 MILE OR LESS
8 = SMOKE OR HAZE
[NO. OF DAYS WITH] [WEATHER - DAYS WITH] 9 = BLOWING SNOW
X = TORNADO
MAX 32 OR BELOW: 0 0.01 INCH OR MORE: 6
MAX 90 OR ABOVE: 9 0.10 INCH OR MORE: 1
MIN 32 OR BELOW: 0 0.50 INCH OR MORE: 1
MIN 0 OR BELOW: 0 1.00 INCH OR MORE: 0
[HDD (BASE 65) ]
TOTAL THIS MO. 5 CLEAR (SCALE 0-3) 3
DPTR FM NORMAL -12 PTCLDY (SCALE 4-7) 13
TOTAL FM JUL 1 667 CLOUDY (SCALE 8-10) 14
DPTR FM NORMAL -231
[CDD (BASE 65) ]
TOTAL THIS MO. 303
DPTR FM NORMAL 66 [PRESSURE DATA]
TOTAL FM JAN 1 739 HIGHEST SLP 30.20 ON 15
DPTR FM NORMAL 311 LOWEST SLP 29.49 ON 12
[REMARKS]
#FINAL-04-20#