000
CXUS56 KSGX 011145
CF6CRQ
PRELIMINARY LOCAL CLIMATOLOGICAL DATA (WS FORM: F-6)
STATION: CARLSBAD PALOMAR AIRPORT CA
MONTH: DECEMBER
YEAR: 2022
LATITUDE: 33 7 N
LONGITUDE: 117 17 W
TEMPERATURE IN F: :PCPN: SNOW: WIND :SUNSHINE: SKY :PK WND
================================================================================
1 2 3 4 5 6A 6B 7 8 9 10 11 12 13 14 15 16 17 18
12Z AVG MX 2MIN
DY MAX MIN AVG DEP HDD CDD WTR SNW DPTH SPD SPD DIR MIN PSBL S-S WX SPD DR
================================================================================
1 60 54 57 0 8 0 0.00 M M 4.2 12 220 M M 8 15 240
2 65 53 59 2 6 0 0.00 M M 3.3 9 280 M M 5 13 280
3 66 50 58 1 7 0 0.00 M M 1.2 10 260 M M 1 1 12 250
4 62 48 55 -2 10 0 0.00 M M 2.2 9 260 M M 4 18 13 240
5 61 52 57 0 8 0 0.01 M M 3.4 14 260 M M 6 1 18 260
6 60 51 56 0 9 0 0.02 M M 4.4 12 260 M M 5 1 13 240
7 62 48 55 -1 10 0 0.00 M M 3.5 10 250 M M 2 14 260
8 60 44 52 -4 13 0 0.00 M M 3.5 13 270 M M 0 19 250
9 59 44 52 -4 13 0 0.00 M M 3.3 12 250 M M 0 15 250
10 61 43 52 -4 13 0 0.00 M M 3.1 9 260 M M 1 13 270
11 56 47 52 -4 13 0 0.68 M M 5.4 26 210 M M 8 1 33 220
12 48 45 47 -9 18 0 0.24 M M 4.1 9 120 M M 7 1 M M
13 M M M M M M 0.00 M M M M M M M M M M
14 M M M M M M 0.00 M M M M M M M M M M
15 59 44 52 -4 13 0 0.00 M M 2.2 9 250 M M M 12 260
16 68 47 58 2 7 0 0.00 M M M 10 26 M M M 13 260
17 62 41 52 -4 13 0 0.00 M M M 8 250 M M M 9 260
18 62 45 54 -2 11 0 0.00 M M 3.2 9 240 M M M 13 250
19 M M M M M M 0.00 M M M M M M M M M M
20 64 43 54 -2 11 0 0.00 M M M 9 260 M M M 12 240
21 M M M M M M 0.00 M M M M M M M M M M
22 68 46 57 1 8 0 0.00 M M 1.8 12 250 M M 0 18 13 260
23 63 46 55 -1 10 0 0.00 M M 1.5 10 250 M M 3 12 13 250
24 68 45 57 1 8 0 0.00 M M 1.5 8 80 M M M 12 10 240
25 79 51 65 9 0 0 0.00 M M 1.8 9 90 M M M 10 90
26 77 53 65 9 0 0 0.00 M M 2.1 8 260 M M M 11 280
27 66 52 59 3 6 0 0.32 M M 3.3 9 260 M M M 11 260
28 62 54 58 2 7 0 0.38 M M 3.3 12 240 M M M 13 240
29 59 54 57 1 8 0 T M M 4.9 13 220 M M 9 1 15 220
30 61 54 58 2 7 0 0.00 M M 2.7 9 260 M M 10 1 13 250
31 60 56 58 2 7 0 0.29 M M 5.7 17 170 M M 10 1 27 190
================================================================================
SM 1698 1310 244 0 1.94 M 75.6 M 79
================================================================================
AV 62.9 48.5 3.2 FASTST M M 5 MAX(MPH)
MISC ----> 26 210 33 220
================================================================================
NOTES:
# LAST OF SEVERAL OCCURRENCES
COLUMN 17 PEAK WIND IN M.P.H.
PRELIMINARY LOCAL CLIMATOLOGICAL DATA (WS FORM: F-6) , PAGE 2
STATION: CARLSBAD PALOMAR AIRPORT CA
MONTH: DECEMBER
YEAR: 2022
LATITUDE: 33 7 N
LONGITUDE: 117 17 W
[TEMPERATURE DATA] [PRECIPITATION DATA] SYMBOLS USED IN COLUMN 16
AVERAGE MONTHLY: 55.7 TOTAL FOR MONTH: 1.94 1 = FOG OR MIST
DPTR FM NORMAL: -0.3 DPTR FM NORMAL: 0.22 2 = FOG REDUCING VISIBILITY
HIGHEST: 79 ON 25 GRTST 24HR 0.68 ON 11-11 TO 1/4 MILE OR LESS
LOWEST: 41 ON 17 3 = THUNDER
SNOW, ICE PELLETS, HAIL 4 = ICE PELLETS
TOTAL MONTH: M 5 = HAIL
GRTST 24HR M ON M 6 = FREEZING RAIN OR DRIZZLE
GRTST DEPTH: M ON M 7 = DUSTSTORM OR SANDSTORM:
VSBY 1/2 MILE OR LESS
8 = SMOKE OR HAZE
[NO. OF DAYS WITH] [WEATHER - DAYS WITH] 9 = BLOWING SNOW
X = TORNADO
MAX 32 OR BELOW: 0 0.01 INCH OR MORE: 7
MAX 90 OR ABOVE: 0 0.10 INCH OR MORE: 5
MIN 32 OR BELOW: 0 0.50 INCH OR MORE: 1
MIN 0 OR BELOW: 0 1.00 INCH OR MORE: 0
[HDD (BASE 65) ]
TOTAL THIS MO. 244 CLEAR (SCALE 0-3) 7
DPTR FM NORMAL -38 PTCLDY (SCALE 4-7) 5
TOTAL FM JUL 1 441 CLOUDY (SCALE 8-10) 19
DPTR FM NORMAL -33
[CDD (BASE 65) ]
TOTAL THIS MO. 0
DPTR FM NORMAL -2 [PRESSURE DATA]
TOTAL FM JAN 1 837 HIGHEST SLP 30.29 ON 8
DPTR FM NORMAL 230 LOWEST SLP 29.79 ON 31
[REMARKS]
#FINAL-12-22#