000
CXUS56 KSGX 011145
CF6CRQ
PRELIMINARY LOCAL CLIMATOLOGICAL DATA (WS FORM: F-6)
STATION: CARLSBAD PALOMAR AIRPORT CA
MONTH: FEBRUARY
YEAR: 2024
LATITUDE: 33 7 N
LONGITUDE: 117 17 W
TEMPERATURE IN F: :PCPN: SNOW: WIND :SUNSHINE: SKY :PK WND
================================================================================
1 2 3 4 5 6A 6B 7 8 9 10 11 12 13 14 15 16 17 18
12Z AVG MX 2MIN
DY MAX MIN AVG DEP HDD CDD WTR SNW DPTH SPD SPD DIR MIN PSBL S-S WX SPD DR
================================================================================
1 58 50 54 -2 11 0 1.19 M M 8.5 25 130 M M 7 1 35 140
2 59 49 54 -2 11 0 0.12 M M 6.8 18 250 M M 5 1 23 260
3 59 46 53 -3 12 0 T M M 2.9 13 240 M M 3 17 270
4 63 48 56 0 9 0 0.01 M M 9.5 21 180 M M 4 27 190
5 60 53 57 1 8 0 2.01 M M 5.4 15 130 M M 10 1 19 130
6 57 50 54 -2 11 0 0.86 M M 7.6 17 150 M M 9 1 23 160
7 58 48 53 -3 12 0 0.54 M M 9.8 28 240 M M 8 1 37 240
8 56 49 53 -3 12 0 0.31 M M 7.1 18 260 M M 8 18 26 250
9 56 47 52 -4 13 0 0.21 M M 4.9 15 240 M M 7 18 20 240
10 60 46 53 -3 12 0 0.00 M M 4.2 12 260 M M 1 17 280
11 61 43 52 -4 13 0 0.00 M M 3.4 13 230 M M 0 15 240
12 63 42 53 -3 12 0 0.00 M M 3.2 13 260 M M 0 18 260
13 61 44 53 -3 12 0 0.00 M M 4.2 13 260 M M 2 16 250
14 60 48 54 -2 11 0 0.00 M M 3.7 13 250 M M 2 19 230
15 62 47 55 -1 10 0 0.00 M M 4.6 13 260 M M 2 16 260
16 61 53 57 1 8 0 0.00 M M 2.3 12 260 M M 7 1 15 280
17 59 51 55 -1 10 0 0.00 M M 1.5 10 250 M M 8 18 13 240
18 63 50 57 1 8 0 0.00 M M 2.6 12 250 M M 5 15 250
19 64 53 59 3 6 0 0.01 M M 5.8 17 220 M M 9 1 21 220
20 60 54 57 1 8 0 0.66 M M 4.4 13 150 M M 10 1 14 150
21 61 53 57 1 8 0 0.15 M M 4.3 14 240 M M 6 1 18 270
22 62 50 56 0 9 0 0.00 M M 3.9 12 260 M M 3 17 280
23 73 50 62 6 3 0 0.00 M M 2.7 10 260 M M 0 13 260
24 71 54 63 7 2 0 0.00 M M 1.5 9 270 M M 0 15 260
25 62 52 57 1 8 0 0.00 M M 1.7 10 250 M M 1 14 240
26 61 54 58 2 7 0 T M M 2.6 9 270 M M 7 12 280
27 64 53 59 2 6 0 0.00 M M 3.5 13 240 M M 5 16 260
28 63 50 57 0 8 0 0.00 M M 4.1 13 250 M M 4 1 19 260
29 62 56 59 2 6 0 0.00 M M 4.6 10 200 M M 9 15 260
================================================================================
SM 1779 1443 266 0 6.07 M 131.3 M 142
================================================================================
AV 61.3 49.8 4.5 FASTST M M 5 MAX(MPH)
MISC ----> 28 240 37 240
================================================================================
NOTES:
# LAST OF SEVERAL OCCURRENCES
COLUMN 17 PEAK WIND IN M.P.H.
PRELIMINARY LOCAL CLIMATOLOGICAL DATA (WS FORM: F-6) , PAGE 2
STATION: CARLSBAD PALOMAR AIRPORT CA
MONTH: FEBRUARY
YEAR: 2024
LATITUDE: 33 7 N
LONGITUDE: 117 17 W
[TEMPERATURE DATA] [PRECIPITATION DATA] SYMBOLS USED IN COLUMN 16
AVERAGE MONTHLY: 55.6 TOTAL FOR MONTH: 6.07 1 = FOG OR MIST
DPTR FM NORMAL: -0.7 DPTR FM NORMAL: 3.43 2 = FOG REDUCING VISIBILITY
HIGHEST: 73 ON 23 GRTST 24HR 2.33 ON 5- 6 TO 1/4 MILE OR LESS
LOWEST: 42 ON 12 3 = THUNDER
SNOW, ICE PELLETS, HAIL 4 = ICE PELLETS
TOTAL MONTH: M 5 = HAIL
GRTST 24HR M ON M 6 = FREEZING RAIN OR DRIZZLE
GRTST DEPTH: M ON M 7 = DUSTSTORM OR SANDSTORM:
VSBY 1/2 MILE OR LESS
8 = SMOKE OR HAZE
[NO. OF DAYS WITH] [WEATHER - DAYS WITH] 9 = BLOWING SNOW
X = TORNADO
MAX 32 OR BELOW: 0 0.01 INCH OR MORE: 11
MAX 90 OR ABOVE: 0 0.10 INCH OR MORE: 9
MIN 32 OR BELOW: 0 0.50 INCH OR MORE: 5
MIN 0 OR BELOW: 0 1.00 INCH OR MORE: 2
[HDD (BASE 65) ]
TOTAL THIS MO. 266 CLEAR (SCALE 0-3) 11
DPTR FM NORMAL 17 PTCLDY (SCALE 4-7) 11
TOTAL FM JUL 1 625 CLOUDY (SCALE 8-10) 7
DPTR FM NORMAL -385
[CDD (BASE 65) ]
TOTAL THIS MO. 0
DPTR FM NORMAL -4 [PRESSURE DATA]
TOTAL FM JAN 1 0 HIGHEST SLP 30.22 ON 22
DPTR FM NORMAL -8 LOWEST SLP 29.65 ON 6
[REMARKS]
#FINAL-02-24#