269
CXUS51 KRLX 021210
CF6CRW
PRELIMINARY LOCAL CLIMATOLOGICAL DATA (WS FORM: F-6)
STATION: CHARLESTON WV
MONTH: SEPTEMBER
YEAR: 2020
LATITUDE: 38 22 N
LONGITUDE: 81 36 W
TEMPERATURE IN F: :PCPN: SNOW: WIND :SUNSHINE: SKY :PK WND
================================================================================
1 2 3 4 5 6A 6B 7 8 9 10 11 12 13 14 15 16 17 18
12Z AVG MX 2MIN
DY MAX MIN AVG DEP HDD CDD WTR SNW DPTH SPD SPD DIR MIN PSBL S-S WX SPD DR
================================================================================
1 87 70 79 7 0 14 0.01 0.0 0 1.6 10 140 M M 7 12 14 180
2 86 73 80 8 0 15 0.02 0.0 0 7.2 21 220 M M 7 28 210
3 81 73 77 5 0 12 0.57 0.0 0 6.4 20 220 M M 8 1 26 240
4 81 60 71 0 0 6 0.42 0.0 0 5.3 14 310 M M 6 18 20 310
5 80 58 69 -2 0 4 0.00 0.0 0 1.2 8 360 M M 4 1 12 20
6 82 54 68 -3 0 3 0.00 0.0 0 2.6 12 200 M M 2 1 14 200
7 85 58 72 2 0 7 0.00 0.0 0 3.7 14 200 M M 2 18 200
8 87 60 74 4 0 9 0.00 0.0 0 1.5 8 90 M M 2 1 10 100
9 88 62 75 5 0 10 0.09 0.0 0 2.8 10 160 M M 5 1 13 150
10 88 67 78 8 0 13 0.00 0.0 0 1.5 8 340 M M 7 1 11 330
11 85 68 77 8 0 12 0.00 0.0 0 3.8 10 10 M M 6 18 17 30
12 83 65 74 5 0 9 0.00 0.0 0 4.2 15 180 M M 6 1 20 150
13 80 69 75 7 0 10 0.14 0.0 0 1.8 10 190 M M 9 1 13 180
14 79 59 69 1 0 4 0.00 0.0 0 4.3 13 10 M M 6 1 18 40
15 76 51 64 -4 1 0 0.00 0.0 0 3.4 7 30 M M 3 12 11 40
16 80 53 67 0 0 2 0.00 0.0 0 2.3 9 180 M M 5 12 12 160
17 73 58 66 -1 0 1 0.00 0.0 0 3.1 8 30 M M 9 1 12 30
18 70 54 62 -5 3 0 T 0.0 0 5.7 14 330 M M 8 8 19 330
19 70 45 58 -8 7 0 0.00 0.0 0 3.6 12 70 M M 1 16 50
20 71 43 57 -9 8 0 0.00 0.0 0 3.2 14 40 M M 2 1 17 40
21 73 41 57 -8 8 0 0.00 0.0 0 2.8 12 90 M M 0 12 17 90
22 74 42 58 -7 7 0 0.00 0.0 0 1.5 9 330 M M 1 1 13 250
23 73 46 60 -5 5 0 0.00 0.0 0 1.1 7 160 M M 5 1 9 200
24 73 56 65 1 0 0 0.00 0.0 0 1.9 9 170 M M 7 1 12 180
25 73 57 65 1 0 0 0.00 0.0 0 2.3 10 150 M M 7 1 13 160
26 76 59 68 5 0 3 0.00 0.0 0 1.8 7 190 M M 8 10 150
27 78 56 67 4 0 2 0.00 0.0 0 3.0 15 190 M M 6 1 22 170
28 82 58 70 7 0 5 0.11 0.0 0 5.7 20 170 M M 7 32 300
29 58 54 56 -6 9 0 0.57 0.0 0 3.3 13 240 M M 10 1 16 230
30 70 48 59 -3 6 0 0.00 0.0 0 10.2 20 200 M M 3 1 27 220
================================================================================
SM 2342 1717 54 141 1.93 0.0 102.8 M 159
================================================================================
AV 78.1 57.2 3.4 FASTST M M 5 MAX(MPH)
MISC ----> 21 220 32 300
================================================================================
NOTES:
# LAST OF SEVERAL OCCURRENCES
COLUMN 17 PEAK WIND IN M.P.H.
PRELIMINARY LOCAL CLIMATOLOGICAL DATA (WS FORM: F-6) , PAGE 2
STATION: CHARLESTON WV
MONTH: SEPTEMBER
YEAR: 2020
LATITUDE: 38 22 N
LONGITUDE: 81 36 W
[TEMPERATURE DATA] [PRECIPITATION DATA] SYMBOLS USED IN COLUMN 16
AVERAGE MONTHLY: 67.7 TOTAL FOR MONTH: 1.93 1 = FOG OR MIST
DPTR FM NORMAL: 0.3 DPTR FM NORMAL: -1.32 2 = FOG REDUCING VISIBILITY
HIGHEST: 88 ON 10, 9 GRTST 24HR 0.68 ON 3- 4 TO 1/4 MILE OR LESS
LOWEST: 41 ON 21 3 = THUNDER
SNOW, ICE PELLETS, HAIL 4 = ICE PELLETS
TOTAL MONTH: 0.0 INCH 5 = HAIL
GRTST 24HR 0.0 6 = FREEZING RAIN OR DRIZZLE
GRTST DEPTH: 0 7 = DUSTSTORM OR SANDSTORM:
VSBY 1/2 MILE OR LESS
8 = SMOKE OR HAZE
[NO. OF DAYS WITH] [WEATHER - DAYS WITH] 9 = BLOWING SNOW
X = TORNADO
MAX 32 OR BELOW: 0 0.01 INCH OR MORE: 8
MAX 90 OR ABOVE: 0 0.10 INCH OR MORE: 5
MIN 32 OR BELOW: 0 0.50 INCH OR MORE: 2
MIN 0 OR BELOW: 0 1.00 INCH OR MORE: 0
[HDD (BASE 65) ]
TOTAL THIS MO. 54 CLEAR (SCALE 0-3) 8
DPTR FM NORMAL -2 PTCLDY (SCALE 4-7) 19
TOTAL FM JUL 1 54 CLOUDY (SCALE 8-10) 3
DPTR FM NORMAL -3
[CDD (BASE 65) ]
TOTAL THIS MO. 141
DPTR FM NORMAL 14 [PRESSURE DATA]
TOTAL FM JAN 1 1297 HIGHEST SLP 30.48 ON 21
DPTR FM NORMAL 224 LOWEST SLP 29.70 ON 28
[REMARKS]
#FINAL-09-20#