000
CXUS51 KRLX 020534
CLSCRW
CLIMATE REPORT
NATIONAL WEATHER SERVICE CHARLESTON WV
134 AM EDT FRI SEP 02 2022
...................................
...THE CHARLESTON WV CLIMATE SUMMARY FOR THE SEASON, FROM
6/1/2022 TO 8/31/2022...
CLIMATE NORMAL PERIOD: 1991 TO 2020
CLIMATE RECORD PERIOD: 1901 TO 2022
WEATHER OBSERVED NORMAL DEPART LAST YEAR`S
VALUE DATE(S) VALUE FROM VALUE
NORMAL
..............................................................
TEMPERATURE (F)
RECORD
HIGH 108 07/03/1931
08/06/1918
LOW 33 06/11/1972
HIGHEST 95 06/15 94
LOWEST 46 06/19 47
AVG. MAXIMUM 84.6 84.8 -0.2 85.5
AVG. MINIMUM 64.2 63.7 0.5 64.5
MEAN 74.4 74.2 0.2 75.0
DAYS MAX >= 90 16 18.7 -2.7 21
DAYS MAX <= 32 0 0.0 0.0 0
DAYS MAX >= 80 80 80
DAYS MAX >= 100 0 0
DAYS MIN <= 32 0 0.0 0.0 0
DAYS MIN <= 0 0 0.0 0.0 0
DAYS MIN <= 10 0 0
PRECIPITATION (INCHES)
RECORD
MAXIMUM 23.13 1958
MINIMUM 5.57 1944
TOTALS 24.43R 13.85 10.58 13.09
DAILY AVG. 0.26 0.15 0.11 0.14
DAYS >= .01 43 35.9 7.1 44
DAYS >= .10 35 23.5 11.5 27
DAYS >= .50 20 10.0 10.0 9
DAYS >= 1.00 5 3.5 1.5 3
GREATEST
24 HR. TOTAL 4.44 1.52
SNOWFALL (INCHES)
RECORDS
TOTAL MM MM
24 HR TOTAL MM
TOTALS 0.0 0.0 0.0 0.0
SINCE 7/1 0.0 0.0 0.0 MM
DAYS >= TRACE 0 0.0 0.0 0
DAYS >= 1.0 0 0.0 0.0 0
DAYS >= 3.0 0 0
GREATEST
SNOW DEPTH 0 0
24 HR TOTAL 0.0 0.0
DEGREE DAYS
HEATING TOTAL 4 12 -8 6
SINCE 7/1 0 0 0 MM
COOLING TOTAL 896 863 33 951
SINCE 1/1 1029 991 38 MM
..............................................................
WIND (MPH)
AVERAGE WIND SPEED 3.2
HIGHEST WIND SPEED/DIRECTION 41/150 DATE 08/05
HIGHEST GUST SPEED/DIRECTION 65/160 DATE 08/05
SKY COVER
POSSIBLE SUNSHINE (PERCENT) MM
AVERAGE SKY COVER 0.55
NUMBER OF DAYS FAIR 17
NUMBER OF DAYS PC 59
NUMBER OF DAYS CLOUDY 16
AVERAGE RH (PERCENT) 77
WEATHER CONDITIONS. NUMBER OF DAYS WITH
THUNDERSTORM 33 MIXED PRECIP 0
HEAVY RAIN 15 RAIN 22
LIGHT RAIN 49 FREEZING RAIN 0
LT FREEZING RAIN 0 HAIL 0
HEAVY SNOW 0 SNOW 0
LIGHT SNOW 0 SLEET 0
FOG 80 FOG W/VIS <= 1/4 MILE 15
HAZE 4
- INDICATES NEGATIVE NUMBERS.
R INDICATES RECORD WAS SET OR TIED.
MM INDICATES DATA IS MISSING.
T INDICATES TRACE AMOUNT.
$$