000
CXUS52 KFFC 011110
CF6CSG
PRELIMINARY LOCAL CLIMATOLOGICAL DATA (WS FORM: F-6)
STATION: COLUMBUS
MONTH: JANUARY
YEAR: 2023
LATITUDE: 32 31 N
LONGITUDE: 84 56 W
TEMPERATURE IN F: :PCPN: SNOW: WIND :SUNSHINE: SKY :PK WND
================================================================================
1 2 3 4 5 6A 6B 7 8 9 10 11 12 13 14 15 16 17 18
12Z AVG MX 2MIN
DY MAX MIN AVG DEP HDD CDD WTR SNW DPTH SPD SPD DIR MIN PSBL S-S WX SPD DR
================================================================================
1 71 51 61 13 4 0 0.00 0.0 M 1.4 8 230 M M 5 12 11 200
2 76 50 63 15 2 0 0.00 0.0 M 3.1 9 170 M M 6 12 12 160
3 75 62 69 21 0 4 1.91 0.0 M 7.0 16 200 M M 9 13 23 180
4 73 50 62 14 3 0 1.22 M M 6.9 24 320 M M 6 13 32 310
5 65 43 54 6 11 0 0.00 0.0 M 5.6 18 280 M M 0 26 270
6 62 36 49 1 16 0 0.00 0.0 M 4.3 14 300 M M 0 22 330
7 68 35 52 4 13 0 0.00 0.0 M 1.2 8 230 M M 0 18 11 270
8 64 38 51 3 14 0 0.11 M M 3.1 10 230 M M 3 1 16 210
9 60 43 52 4 13 0 0.00 0.0 M 5.6 13 300 M M 1 19 340
10 64 33 49 1 16 0 0.00 0.0 M 2.0 12 230 M M 0 15 230
11 73 39 56 8 9 0 0.00 0.0 M 3.7 18 230 M M 5 24 230
12 71 53 62 14 3 0 0.71 0.0 M 9.4 32 300 M M 7 13 43 290
13 53 40 47 -1 18 0 0.00 0.0 M 14.2 24 320 M M 10 33 310
14 48 36 42 -6 23 0 0.00 0.0 M 12.7 23 330 M M 5 34 330
15 58 28 43 -5 22 0 0.00 0.0 M 1.9 8 300 M M 0 10 30
16 63 30 47 -1 18 0 0.00 0.0 M 2.6 10 160 M M 0 13 150
17 70 41 56 8 9 0 0.04 M M 3.8 23 240 M M 7 12 31 240
18 72 54 63 15 2 0 T 0.0 M 4.0 13 200 M M 9 12 18 180
19 74 54 64 16 1 0 0.05 0.0 M 8.7 21 300 M M 4 1 29 310
20 62 43 53 5 12 0 0.00 0.0 M 7.0 15 320 M M 0 21 310
21 53 45 49 1 16 0 0.23 M M 5.8 14 100 M M 8 17 90
22 50 44 47 -1 18 0 1.16 0.0 M 6.8 15 100 M M 10 138 19 90
23 55 39 47 -2 18 0 0.00 0.0 M 6.9 20 320 M M 1 26 340
24 59 28 44 -5 21 0 0.00 0.0 M 5.8 15 170 M M 1 22 110
25 67 44 56 7 9 0 1.05 0.0 M 11.5 23 320 M M 8 1 34 310
26 53 36 45 -4 20 0 0.00 0.0 M 9.5 21 310 M M 2 27 300
27 54 29 42 -7 23 0 0.00 0.0 M 3.0 12 280 M M 0 15 270
28 61 28 45 -4 20 0 0.00 0.0 M 2.7 12 160 M M 0 15 190
29 66 39 53 4 12 0 0.63 M M 4.3 13 90 M M 6 1 18 80
30 63 53 58 9 7 0 0.76 0.0 M 4.9 17 310 M M 10 1 21 320
31 65 57 61 11 4 0 0.01 0.0 M 1.6 7 150 M M 9 12 8 230
================================================================================
SM 1968 1301 377 4 7.88 0.0 171.0 M 132
================================================================================
AV 63.5 42.0 5.5 FASTST M M 4 MAX(MPH)
MISC ----> 32 300 43 290
================================================================================
NOTES:
# LAST OF SEVERAL OCCURRENCES
COLUMN 17 PEAK WIND IN M.P.H.
PRELIMINARY LOCAL CLIMATOLOGICAL DATA (WS FORM: F-6) , PAGE 2
STATION: COLUMBUS
MONTH: JANUARY
YEAR: 2023
LATITUDE: 32 31 N
LONGITUDE: 84 56 W
[TEMPERATURE DATA] [PRECIPITATION DATA] SYMBOLS USED IN COLUMN 16
AVERAGE MONTHLY: 52.7 TOTAL FOR MONTH: 7.88 1 = FOG OR MIST
DPTR FM NORMAL: 4.2 DPTR FM NORMAL: 3.64 2 = FOG REDUCING VISIBILITY
HIGHEST: 76 ON 2 GRTST 24HR 4.25 ON 3- 4 TO 1/4 MILE OR LESS
LOWEST: 28 ON 28,24 3 = THUNDER
SNOW, ICE PELLETS, HAIL 4 = ICE PELLETS
TOTAL MONTH: 0.0 INCH 5 = HAIL
GRTST 24HR 0.0 6 = FREEZING RAIN OR DRIZZLE
GRTST DEPTH: M ON M 7 = DUSTSTORM OR SANDSTORM:
VSBY 1/2 MILE OR LESS
8 = SMOKE OR HAZE
[NO. OF DAYS WITH] [WEATHER - DAYS WITH] 9 = BLOWING SNOW
X = TORNADO
MAX 32 OR BELOW: 0 0.01 INCH OR MORE: 12
MAX 90 OR ABOVE: 0 0.10 INCH OR MORE: 9
MIN 32 OR BELOW: 5 0.50 INCH OR MORE: 7
MIN 0 OR BELOW: 0 1.00 INCH OR MORE: 4
[HDD (BASE 65) ]
TOTAL THIS MO. 377 CLEAR (SCALE 0-3) 13
DPTR FM NORMAL -138 PTCLDY (SCALE 4-7) 10
TOTAL FM JUL 1 1113 CLOUDY (SCALE 8-10) 8
DPTR FM NORMAL -172
[CDD (BASE 65) ]
TOTAL THIS MO. 4
DPTR FM NORMAL 2 [PRESSURE DATA]
TOTAL FM JAN 1 4 HIGHEST SLP 30.46 ON 28
DPTR FM NORMAL 2 LOWEST SLP 29.73 ON 25
[REMARKS]
#FINAL-01-23#