000
CXUS55 KOHX 011110
CF6CSV
PRELIMINARY LOCAL CLIMATOLOGICAL DATA (WS FORM: F-6)
STATION: CROSSVILLE
MONTH: JULY
YEAR: 2021
LATITUDE: 35 57 N
LONGITUDE: 85 5 W
TEMPERATURE IN F: :PCPN: SNOW: WIND :SUNSHINE: SKY :PK WND
================================================================================
1 2 3 4 5 6A 6B 7 8 9 10 11 12 13 14 15 16 17 18
12Z AVG MX 2MIN
DY MAX MIN AVG DEP HDD CDD WTR SNW DPTH SPD SPD DIR MIN PSBL S-S WX SPD DR
================================================================================
1 77 68 73 0 0 8 1.48 M M 3.7 14 270 M M 6 123 28 250
2 78 60 69 -4 0 4 0.02 M M 6.7 15 330 M M 6 1 21 330
3 75 52 64 -9 1 0 0.00 M M 4.5 14 30 M M 1 1 20 50
4 81 54 68 -5 0 3 0.00 M M 1.5 8 20 M M 0 1 13 20
5 84 62 73 -1 0 8 0.00 M M 1.6 9 80 M M 2 128 16 130
6 84 63 74 0 0 9 0.00 M M 2.3 9 110 M M 2 1 17 140
7 74 68 71 -3 0 6 0.02 M M 2.9 12 170 M M 8 1 20 170
8 83 66 75 1 0 10 0.00 M M 5.0 14 260 M M 5 19 280
9 82 68 75 1 0 10 0.20 M M 5.7 13 290 M M 5 138 20 260
10 82 69 76 2 0 11 0.12 M M 5.0 14 210 M M 6 138 26 190
11 77 67 72 -2 0 7 1.46 M M 5.7 15 270 M M 8 123 24 190
12 79 67 73 -1 0 8 0.24 M M 6.7 14 180 M M 6 138 28 180
13 78 67 73 -1 0 8 0.02 M M 5.8 13 180 M M 7 26 190
14 78 63 71 -3 0 6 0.70 M M 2.0 9 170 M M 4 18 16 200
15 84 65 75 1 0 10 0.00 M M 2.8 15 280 M M 4 1 19 280
16 80 66 73 -1 0 8 0.26 M M 3.5 15 210 M M 2 138 25 200
17 76 67 72 -2 0 7 0.62 M M 3.4 13 260 M M 5 1238 17 260
18 81 67 74 0 0 9 2.75 M M 2.7 20 50 M M 8 123 26 120
19 78 66 72 -2 0 7 0.30 M M 2.3 18 50 M M 7 1238 23 60
20 81 64 73 -1 0 8 0.00 M M 4.0 13 40 M M 3 1 17 60
21 84 60 72 -2 0 7 0.00 M M 2.0 9 340 M M 3 128 13 360
22 83 62 73 -1 0 8 0.00 M M 2.7 9 30 M M 2 128 13 50
23 84 62 73 -1 0 8 0.00 M M 1.4 8 30 M M 2 18 12 330
24 84 63 74 0 0 9 0.00 M M 2.8 13 270 M M 1 18 16 260
25 88 67 78 4 0 13 T M M 3.1 14 20 M M 3 138 17 20
26 87 67 77 3 0 12 0.00 M M 2.7 22 30 M M 3 13 31 20
27 88 66 77 3 0 12 0.00 M M 2.3 12 30 M M 2 12 17 10
28 88 66 77 3 0 12 0.00 M M 3.2 12 50 M M 0 18 16 50
29 86 63 75 1 0 10 0.00 M M 3.2 13 280 M M 0 18 18 250
30 87 68 78 4 0 13 T M M 5.8 18 40 M M 3 13 26 40
31 83 65 74 0 0 9 T M M 4.0 14 280 M M 2 1238 19 310
================================================================================
SM 2534 1998 1 260 8.19 M 111.0 M 116
================================================================================
AV 81.7 64.5 3.6 FASTST M M 4 MAX(MPH)
MISC ----> 22 30 31 20
================================================================================
NOTES:
# LAST OF SEVERAL OCCURRENCES
COLUMN 17 PEAK WIND IN M.P.H.
PRELIMINARY LOCAL CLIMATOLOGICAL DATA (WS FORM: F-6) , PAGE 2
STATION: CROSSVILLE
MONTH: JULY
YEAR: 2021
LATITUDE: 35 57 N
LONGITUDE: 85 5 W
[TEMPERATURE DATA] [PRECIPITATION DATA] SYMBOLS USED IN COLUMN 16
AVERAGE MONTHLY: 73.1 TOTAL FOR MONTH: 8.19 1 = FOG OR MIST
DPTR FM NORMAL: -0.7 DPTR FM NORMAL: 2.73 2 = FOG REDUCING VISIBILITY
HIGHEST: 88 ON 28,27 GRTST 24HR 2.85 ON 18-19 TO 1/4 MILE OR LESS
LOWEST: 52 ON 3 3 = THUNDER
SNOW, ICE PELLETS, HAIL 4 = ICE PELLETS
TOTAL MONTH: M 5 = HAIL
GRTST 24HR M ON M 6 = FREEZING RAIN OR DRIZZLE
GRTST DEPTH: M ON M 7 = DUSTSTORM OR SANDSTORM:
VSBY 1/2 MILE OR LESS
8 = SMOKE OR HAZE
[NO. OF DAYS WITH] [WEATHER - DAYS WITH] 9 = BLOWING SNOW
X = TORNADO
MAX 32 OR BELOW: 0 0.01 INCH OR MORE: 13
MAX 90 OR ABOVE: 0 0.10 INCH OR MORE: 10
MIN 32 OR BELOW: 0 0.50 INCH OR MORE: 5
MIN 0 OR BELOW: 0 1.00 INCH OR MORE: 3
[HDD (BASE 65) ]
TOTAL THIS MO. 1 CLEAR (SCALE 0-3) 17
DPTR FM NORMAL 0 PTCLDY (SCALE 4-7) 14
TOTAL FM JUL 1 1 CLOUDY (SCALE 8-10) 0
DPTR FM NORMAL 1
[CDD (BASE 65) ]
TOTAL THIS MO. 260
DPTR FM NORMAL -14 [PRESSURE DATA]
TOTAL FM JAN 1 503 HIGHEST SLP 30.28 ON 14
DPTR FM NORMAL -16 LOWEST SLP 29.88 ON 2
[REMARKS]
#FINAL-07-21#