000
CXUS54 KOHX 012024
CF6CSV
PRELIMINARY LOCAL CLIMATOLOGICAL DATA (WS FORM: F-6)
STATION: CROSSVILLE
MONTH: APRIL
YEAR: 2020
LATITUDE: 35 57 N
LONGITUDE: 85 5 W
TEMPERATURE IN F: :PCPN: SNOW: WIND :SUNSHINE: SKY :PK WND
================================================================================
1 2 3 4 5 6A 6B 7 8 9 10 11 12 13 14 15 16 17 18
12Z AVG MX 2MIN
DY MAX MIN AVG DEP HDD CDD WTR SNW DPTH SPD SPD DIR MIN PSBL S-S WX SPD DR
================================================================================
1 47 34 41 -11 24 0 0.00 M M 6.5 15 350 M M 8 22 330
2 60 30 45 -7 20 0 0.00 M M 3.9 10 10 M M 0 12 17 10
3 70 35 53 1 12 0 0.00 M M 2.8 10 30 M M 2 16 340
4 72 51 62 9 3 0 T M M 3.7 10 50 M M 4 17 40
5 75 48 62 9 3 0 0.00 M M 4.3 15 340 M M 2 21 260
6 76 46 61 8 4 0 0.00 M M 3.8 15 270 M M 2 22 260
7 74 54 64 10 1 0 0.00 M M 6.9 21 270 M M 2 29 270
8 75 56 66 12 0 1 0.56 M M 7.6 22 290 M M 6 13 32 310
9 60 46 53 -1 12 0 0.05 M M 11.5 24 320 M M 2 13 34 280
10 51 33 42 -12 23 0 0.00 M M 8.3 21 310 M M 0 28 320
11 64 29 47 -8 18 0 0.00 M M 3.9 13 140 M M 0 20 190
12 61 48 55 0 10 0 4.17 M M 7.1 21 310 M M 9 13 28 160
13 60 35 48 -7 17 0 0.09 M M 9.7 32 260 M M 7 18 46 240
14 49 31 40 -16 25 0 0.00 M M 8.3 17 350 M M 3 25 10
15 53 30 42 -14 23 0 0.00 M M 6.0 16 330 M M 0 28 10
16 59 33 46 -10 19 0 0.00 M M 4.9 14 40 M M 0 18 20
17 70 37 54 -2 11 0 0.09 M M 8.3 20 240 M M 2 1 35 190
18 56 36 46 -11 19 0 0.19 M M 6.3 18 320 M M 4 1 25 330
19 65 34 50 -7 15 0 0.35 M M 3.9 14 60 M M 6 1 22 190
20 64 44 54 -3 11 0 0.22 M M 8.0 17 280 M M 2 1 26 10
21 65 45 55 -2 10 0 0.03 M M 11.5 24 270 M M 2 37 310
22 65 35 50 -8 15 0 0.11 M M 4.5 13 190 M M 3 1 22 190
23 61 49 55 -3 10 0 1.10 M M 9.2 23 180 M M 10 138 45 170
24 64 47 56 -2 9 0 0.08 M M 6.1 16 330 M M 7 18 22 330
25 65 45 55 -3 10 0 0.45 M M 7.6 23 260 M M 7 138 36 260
26 49 41 45 -14 20 0 0.13 M M 11.8 26 260 M M 9 1 38 260
27 64 34 49 -10 16 0 0.00 M M 3.1 14 310 M M 1 12 19 330
28 73 45 59 0 6 0 0.08 M M 6.0 15 190 M M 6 1 27 200
29 65 48 57 -3 8 0 0.97 M M 9.0 26 160 M M 6 13 49 160
30 56 46 51 -9 14 0 0.00 M M 9.8 18 300 M M 10 27 300
================================================================================
SM 1888 1225 388 1 8.67 M 204.3 M 122
================================================================================
AV 62.9 40.8 6.8 FASTST M M 4 MAX(MPH)
MISC ----> # 32 260 # 49 160
================================================================================
NOTES:
# LAST OF SEVERAL OCCURRENCES
COLUMN 17 PEAK WIND IN M.P.H.
PRELIMINARY LOCAL CLIMATOLOGICAL DATA (WS FORM: F-6) , PAGE 2
STATION: CROSSVILLE
MONTH: APRIL
YEAR: 2020
LATITUDE: 35 57 N
LONGITUDE: 85 5 W
[TEMPERATURE DATA] [PRECIPITATION DATA] SYMBOLS USED IN COLUMN 16
AVERAGE MONTHLY: 51.9 TOTAL FOR MONTH: 8.67 1 = FOG OR MIST
DPTR FM NORMAL: -3.9 DPTR FM NORMAL: 3.85 2 = FOG REDUCING VISIBILITY
HIGHEST: 76 ON 6 GRTST 24HR 4.17 ON 12-12 TO 1/4 MILE OR LESS
LOWEST: 29 ON 11 3 = THUNDER
SNOW, ICE PELLETS, HAIL 4 = ICE PELLETS
TOTAL MONTH: M 5 = HAIL
GRTST 24HR M ON M 6 = FREEZING RAIN OR DRIZZLE
GRTST DEPTH: M ON M 7 = DUSTSTORM OR SANDSTORM:
VSBY 1/2 MILE OR LESS
8 = SMOKE OR HAZE
[NO. OF DAYS WITH] [WEATHER - DAYS WITH] 9 = BLOWING SNOW
X = TORNADO
MAX 32 OR BELOW: 0 0.01 INCH OR MORE: 16
MAX 90 OR ABOVE: 0 0.10 INCH OR MORE: 10
MIN 32 OR BELOW: 4 0.50 INCH OR MORE: 4
MIN 0 OR BELOW: 0 1.00 INCH OR MORE: 2
[HDD (BASE 65) ]
TOTAL THIS MO. 388 CLEAR (SCALE 0-3) 16
DPTR FM NORMAL 98 PTCLDY (SCALE 4-7) 10
TOTAL FM JUL 1 3724 CLOUDY (SCALE 8-10) 4
DPTR FM NORMAL -418
[CDD (BASE 65) ]
TOTAL THIS MO. 1
DPTR FM NORMAL -14 [PRESSURE DATA]
TOTAL FM JAN 1 12 HIGHEST SLP 30.36 ON 16
DPTR FM NORMAL -5 LOWEST SLP 29.44 ON 13
[REMARKS]
#FINAL-04-20#